051
CXCA52 TJSJ 010427
CLMIST


CLIMATE REPORT
NATIONAL WEATHER SERVICE SAN JUAN, PR
1227 AM AST FRI APR 1 2016

...................................

...THE CYRIL E. KING AP/ST THOMAS  CLIMATE SUMMARY FOR THE MONTH OF MARCH 2016...

CLIMATE NORMAL PERIOD 1981 TO 2010
CLIMATE RECORD PERIOD 1953 TO 2016

WEATHER         OBSERVED          NORMAL  DEPART  LAST YEAR`S
                 VALUE   DATE(S)  VALUE   FROM    VALUE  DATE(S)
                                          NORMAL
................................................................
TEMPERATURE (F)
RECORD
 HIGH              94   03/27/1994
                        03/26/1994
                        03/21/1994
 LOW               60   03/30/1972
                        03/01/1972
HIGHEST            89   03/26        86       3       87  03/10
                        03/02                             03/06
LOWEST             72   03/17        73      -1       69  03/17
AVG. MAXIMUM     86.0              85.9     0.1     84.3
AVG. MINIMUM     75.4              72.8     2.6     72.6
MEAN             80.7              79.4     1.3     78.4
DAYS MAX >= 90      0               3.0    -3.0        0
DAYS MAX <= 32      0               0.0     0.0        0
DAYS MIN <= 32      0               0.0     0.0        0
DAYS MIN <= 0       0               0.0     0.0        0

PRECIPITATION (INCHES)
RECORD
 MAXIMUM         6.23   2004
 MINIMUM         0.01   2008
TOTALS           2.43              1.42    1.01     1.68
DAILY AVG.       0.08              0.05    0.03     0.05
DAYS >= .01        14               9.1     4.9       16
DAYS >= .10         7               3.5     3.5        4
DAYS >= .50         0               0.7    -0.7        1
DAYS >= 1.00        0               0.2    -0.2        0
GREATEST
 24 HR. TOTAL    0.45   03/07 TO 03/07
                        03/06 TO 03/07
                        03/07 TO 03/07

SNOWFALL (INCHES)
TOTALS            0.0               0.0     0.0      0.0

DEGREE_DAYS
HEATING TOTAL       0                 0       0        0
COOLING TOTAL     493               445      48      423
.................................................................

WIND (MPH)
AVERAGE WIND SPEED              11.8
HIGHEST WIND SPEED/DIRECTION    26/040    DATE  03/09
HIGHEST GUST SPEED/DIRECTION    41/050    DATE  03/08

SKY COVER
AVERAGE SKY COVER           0.40

AVERAGE RH (PERCENT)     68

WEATHER CONDITIONS. NUMBER OF DAYS WITH
THUNDERSTORM              0     MIXED PRECIP               0
HEAVY RAIN                7     RAIN                       4
LIGHT RAIN               15     FREEZING RAIN              0
LT FREEZING RAIN          0     HAIL                       0
HEAVY SNOW                0     SNOW                       0
LIGHT SNOW                0     SLEET                      0
FOG                       7     FOG W/VIS <= 1/4 MILE      0
HAZE                      4

-  INDICATES NEGATIVE NUMBERS.
R  INDICATES RECORD WAS SET OR TIED.
MM INDICATES DATA IS MISSING.
T  INDICATES TRACE AMOUNT.

$$
