000
CXHW53 PHFO 071847
CLMITO


CLIMATE REPORT
NATIONAL WEATHER SERVICE HONOLULU HI
847 AM HST FRI NOV 7 2014

...................................

...THE HILO HI CLIMATE SUMMARY FOR THE MONTH OF OCTOBER 2014...

CLIMATE NORMAL PERIOD 1981 TO 2010
CLIMATE RECORD PERIOD 1946 TO 2014

WEATHER         OBSERVED          NORMAL  DEPART  LAST YEAR`S
                 VALUE   DATE(S)  VALUE   FROM    VALUE  DATE(S)
                                          NORMAL
................................................................
TEMPERATURE (F)
RECORD
 HIGH              91   10/08/1979
                        10/02/1976
                        10/13/1972
 LOW               62   10/31/1985
                        10/24/1980
                        10/29/1970
HIGHEST            88   10/21        83       5       87  10/26
                        10/07                             10/18
                        10/06                             10/11
LOWEST             66   10/13        69      -3       67  10/30
                                                          10/29
AVG. MAXIMUM     85.1              82.6     2.5     84.5
AVG. MINIMUM     70.5              68.5     2.0     69.4
MEAN             77.8              75.6     2.2     76.9
DAYS MAX >= 90      0               0.0     0.0        0
DAYS MAX <= 32      0               0.0     0.0        0
DAYS MIN <= 32      0               0.0     0.0        0
DAYS MIN <= 0       0               0.0     0.0        0

PRECIPITATION (INCHES)
RECORD
 MAXIMUM        26.10   1951
 MINIMUM         2.40   1962
TOTALS          14.96              9.77    5.19     6.80
DAILY AVG.       0.48              0.32    0.16     0.22
DAYS >= .01        23              23.6    -0.6       20
DAYS >= .10        17              17.0     0.0       13
DAYS >= .50         6               5.9     0.1        7
DAYS >= 1.00        4               2.3     1.7        0
GREATEST
 24 HR. TOTAL    5.07   10/17 TO 10/18              1.69

SNOWFALL (INCHES)
RECORDS
 TOTAL             MM   5
TOTALS            0.0               0.0     0.0      0.0
SINCE 7/1         0.0               0.0     0.0      0.0
SNOWDEPTH AVG.      0                MM      MM        0
DAYS >= 1.0         0               0.0     0.0        0
GREATEST
 SNOW DEPTH         0   MM                             0  MM
 24 HR TOTAL      0.0   10/31 TO 10/31               0.0

DEGREE_DAYS
HEATING TOTAL       0                 0       0        0
 SINCE 7/1          0                 0       0        0
COOLING TOTAL     405               327      78      376
 SINCE 1/1       3126              2735     391     2972
.................................................................

WIND (MPH)
AVERAGE WIND SPEED              6.2
HIGHEST WIND SPEED/DIRECTION    28/070    DATE  10/13
HIGHEST GUST SPEED/DIRECTION    33/070    DATE  10/13

SKY COVER
POSSIBLE SUNSHINE (PERCENT)   MM
AVERAGE SKY COVER           0.70
NUMBER OF DAYS FAIR            4
NUMBER OF DAYS PC             13
NUMBER OF DAYS CLOUDY         14

AVERAGE RH (PERCENT)     78

WEATHER CONDITIONS. NUMBER OF DAYS WITH
THUNDERSTORM              0     MIXED PRECIP               0
HEAVY RAIN               11     RAIN                      11
LIGHT RAIN               27     FREEZING RAIN              0
LT FREEZING RAIN          0     HAIL                       0
HEAVY SNOW                0     SNOW                       0
LIGHT SNOW                0     SLEET                      0
FOG                      25     FOG W/VIS <= 1/4 MILE      0
HAZE                      3

-  INDICATES NEGATIVE NUMBERS.
R  INDICATES RECORD WAS SET OR TIED.
MM INDICATES DATA IS MISSING.
T  INDICATES TRACE AMOUNT.

$$
