000
CXUS53 KGLD 021416 RRA
CLMITR

CLIMATE REPORT
NATIONAL WEATHER SERVICE GOODLAND
811 AM MDT SUN APR 2 2017

...................................

...THE BURLINGTON CLIMATE SUMMARY FOR THE MONTH OF MARCH 2017...

CLIMATE NORMAL PERIOD 1981 TO 2010
CLIMATE RECORD PERIOD 1896 TO 2017

WEATHER         OBSERVED          NORMAL  DEPART  LAST YEAR`S
                 VALUE   DATE(S)  VALUE   FROM    VALUE  DATE(S)
                                          NORMAL
................................................................
TEMPERATURE (F)
RECORD
 HIGH              93   03/19/1921
 LOW              -22   03/03/1960
HIGHEST            86   03/19        78       8       79  03/22
LOWEST             10   03/02        10       0       13  03/20
AVG. MAXIMUM     63.1              54.3     8.8     60.7
AVG. MINIMUM     29.0              25.1     3.9     27.4
MEAN             46.1              39.7     6.4     44.0
DAYS MAX >= 90      0               0.0     0.0        0
DAYS MAX <= 32      0               1.8    -1.8        0
DAYS MIN <= 32     18              25.5    -7.5       23
DAYS MIN <= 0       0               0.3    -0.3        0

PRECIPITATION (INCHES)
RECORD
 MAXIMUM         4.90   1981
 MINIMUM         0.00   1997
TOTALS           2.93              0.89    2.04     1.07
DAILY AVG.       0.09              0.03    0.06     0.03
DAYS >= .01         4                MM      MM        4
DAYS >= .10         4                MM      MM        1
DAYS >= .50         1                MM      MM        1
DAYS >= 1.00        1                MM      MM        0
GREATEST
 24 HR. TOTAL    2.25   03/24 TO 03/24              0.89


.................................................................



-  INDICATES NEGATIVE NUMBERS.
R  INDICATES RECORD WAS SET OR TIED.
MM INDICATES DATA IS MISSING.
T  INDICATES TRACE AMOUNT.

$$
