297
CXUS54 KJAN 011916
CLMJAN


CLIMATE REPORT
NATIONAL WEATHER SERVICE JACKSON MS
213 PM CDT SUN MAY 1 2016

...................................

...THE JACKSON CLIMATE SUMMARY FOR THE MONTH OF APRIL 2016...

CLIMATE NORMAL PERIOD 1981 TO 2010
CLIMATE RECORD PERIOD 1896 TO 2016

WEATHER         OBSERVED          NORMAL  DEPART  LAST YEAR`S
                 VALUE   DATE(S)  VALUE   FROM    VALUE  DATE(S)
                                          NORMAL
................................................................
TEMPERATURE (F)
RECORD
 HIGH              94   04/21/1987
                        04/29/1899
 LOW               27   04/04/1987
HIGHEST            88   04/28        87       1       88  04/26
                                                          04/03
LOWEST             41   04/09        35       6       46  04/05
                        04/03
AVG. MAXIMUM     77.0              75.9     1.1     77.9
AVG. MINIMUM     55.8              52.2     3.6     58.8
MEAN             66.4              64.1     2.3     68.3
DAYS MAX >= 90      0               0.1    -0.1        0
DAYS MAX <= 32      0               0.0     0.0        0
DAYS MIN <= 32      0               0.2    -0.2        0
DAYS MIN <= 0       0               0.0     0.0        0

PRECIPITATION (INCHES)
RECORD
 MAXIMUM        15.95   1991
 MINIMUM         0.55   1903
TOTALS           7.25              4.96    2.29     3.75
DAILY AVG.       0.24              0.17    0.07     0.12
DAYS >= .01        10               7.9     2.1       14
DAYS >= .10         8               5.5     2.5        9
DAYS >= .50         2               2.9    -0.9        1
DAYS >= 1.00        2               1.7     0.3        0
GREATEST
 24 HR. TOTAL    4.97   04/11 TO 04/12              1.24

SNOWFALL (INCHES)
RECORDS
 TOTAL            1.1   1987
TOTALS            0.0                 T     0.0      0.0
SINCE 7/1           T               0.8    -0.8      0.3
DAYS >= TRACE       0
DAYS >= 1.0         0               0.0     0.0        0
GREATEST
 24 HR TOTAL      0.0   04/30 TO 04/30

DEGREE_DAYS
HEATING TOTAL      45               109     -64       30
 SINCE 7/1       1580              2379    -799     2351
COOLING TOTAL      98                81      17      139
 SINCE 1/1        159               118      41      176
.................................................................

WIND (MPH)
AVERAGE WIND SPEED              6.9
HIGHEST WIND SPEED/DIRECTION    41/350    DATE  04/11
HIGHEST GUST SPEED/DIRECTION    49/130    DATE  04/30

SKY COVER
POSSIBLE SUNSHINE (PERCENT)   MM
AVERAGE SKY COVER           0.40
NUMBER OF DAYS FAIR           14
NUMBER OF DAYS PC             10
NUMBER OF DAYS CLOUDY          6

AVERAGE RH (PERCENT)     69

WEATHER CONDITIONS. NUMBER OF DAYS WITH
THUNDERSTORM              5     MIXED PRECIP               0
HEAVY RAIN                4     RAIN                       6
LIGHT RAIN               10     FREEZING RAIN              0
LT FREEZING RAIN          0     HAIL                       0
HEAVY SNOW                0     SNOW                       0
LIGHT SNOW                0     SLEET                      0
FOG                      13     FOG W/VIS <= 1/4 MILE      0
HAZE                      0

-  INDICATES NEGATIVE NUMBERS.
R  INDICATES RECORD WAS SET OR TIED.
MM INDICATES DATA IS MISSING.
T  INDICATES TRACE AMOUNT.

$$
