000
CXUS52 KJAX 011316
CLMJAX

CLIMATE REPORT
NATIONAL WEATHER SERVICE JACKSONVILLE FL
904 AM EDT FRI SEP 1 2017

...................................

...THE JACKSONVILLE CLIMATE SUMMARY FOR THE MONTH OF AUGUST 2017...

CLIMATE NORMAL PERIOD 1981 TO 2010
CLIMATE RECORD PERIOD 1871 TO 2017

WEATHER         OBSERVED          NORMAL  DEPART  LAST YEAR`S
                 VALUE   DATE(S)  VALUE   FROM    VALUE  DATE(S)
                                          NORMAL
................................................................
TEMPERATURE (F)
RECORD
 HIGH             102   08/01/1999
 LOW               63   08/09/2002
                        08/29/1984
HIGHEST            96   08/16        89       7       97  08/22
                                                          08/21
                                                          08/20
LOWEST             68   08/01        72      -4       66  08/27
AVG. MAXIMUM     90.6              90.9    -0.3     92.5
AVG. MINIMUM     74.3              72.7     1.6     73.3
MEAN             82.4              81.8     0.6     82.9
DAYS MAX >= 90     21              19.3     1.7       27
DAYS MAX <= 32      0               0.0     0.0        0
DAYS MIN <= 32      0               0.0     0.0        0
DAYS MIN <= 0       0               0.0     0.0        0

PRECIPITATION (INCHES)
RECORD
 MAXIMUM        16.83   2008
 MINIMUM         0.76   1930
TOTALS           9.09              6.80    2.29     2.65
DAILY AVG.       0.29              0.22    0.07     0.09
DAYS >= .01        18              15.0     3.0       12
DAYS >= .10        12               9.8     2.2        9
DAYS >= .50         6               4.1     1.9        1
DAYS >= 1.00        3               1.9     1.1        0
GREATEST
 24 HR. TOTAL    2.96

SNOWFALL (INCHES)
RECORDS
 TOTAL             MM   MM
TOTALS            0.0               0.0     0.0      0.0
SINCE 7/1         0.0               0.0     0.0      0.0
SNOWDEPTH AVG.      0                MM      MM        0
DAYS >= 1.0         0               0.0     0.0        0
GREATEST
 SNOW DEPTH         0   MM                             0  MM
 24 HR TOTAL      0.0

DEGREE_DAYS
HEATING TOTAL       0                 0       0        0
 SINCE 7/1          0                 0       0        0
COOLING TOTAL     549               521      28      564
 SINCE 1/1       2201              1990     211     2236
.................................................................

WIND (MPH)
AVERAGE WIND SPEED              5.5
HIGHEST WIND SPEED/DIRECTION    28/270    DATE  08/14
HIGHEST GUST SPEED/DIRECTION    39/280    DATE  08/14

SKY COVER
POSSIBLE SUNSHINE (PERCENT)   MM
AVERAGE SKY COVER           0.60
NUMBER OF DAYS FAIR            1
NUMBER OF DAYS PC             20
NUMBER OF DAYS CLOUDY         10

AVERAGE RH (PERCENT)     80

WEATHER CONDITIONS. NUMBER OF DAYS WITH
THUNDERSTORM              0     MIXED PRECIP               0
HEAVY RAIN                5     RAIN                      11
LIGHT RAIN               17     FREEZING RAIN              0
LT FREEZING RAIN          0     HAIL                       0
HEAVY SNOW                0     SNOW                       0
LIGHT SNOW                0     SLEET                      0
FOG                      15     FOG W/VIS <= 1/4 MILE      2
HAZE                      7

-  INDICATES NEGATIVE NUMBERS.
R  INDICATES RECORD WAS SET OR TIED.
MM INDICATES DATA IS MISSING.
T  INDICATES TRACE AMOUNT.

$$
