000
CXUS52 KJAX 012110
CLMJAX

CLIMATE REPORT
NATIONAL WEATHER SERVICE JACKSONVILLE FL
509 PM EDT MON SEP 1 2014

...................................

...THE JACKSONVILLE CLIMATE SUMMARY FOR THE MONTH OF JULY 2014...

CLIMATE NORMAL PERIOD 1981 TO 2010
CLIMATE RECORD PERIOD 1871 TO 2014

WEATHER         OBSERVED          NORMAL  DEPART  LAST YEAR`S
                 VALUE   DATE(S)  VALUE   FROM    VALUE  DATE(S)
                                          NORMAL
................................................................
TEMPERATURE (F)
RECORD
 HIGH             104   07/11/1879
                        07/28/1872
 LOW               61   07/08/1972
HIGHEST            96   07/28        91       5       93  07/30
                        07/03
LOWEST             69   07/31        72      -3       70  07/14
                        07/17                             07/10
AVG. MAXIMUM     90.9              92.0    -1.1     89.0
AVG. MINIMUM     72.2              72.6    -0.4     72.2
MEAN             81.5              82.3    -0.8     80.6
DAYS MAX >= 90     20              22.1    -2.1       12
DAYS MAX <= 32      0               0.0     0.0        0
DAYS MIN <= 32      0               0.0     0.0        0
DAYS MIN <= 0       0               0.0     0.0        0

PRECIPITATION (INCHES)
RECORD
 MAXIMUM        16.21   1960
 MINIMUM         0.14   1875
TOTALS           2.75              6.55   -3.80     8.65
DAILY AVG.       0.09              0.21   -0.12     0.28
DAYS >= .01         9              13.8    -4.8       17
DAYS >= .10         6               9.8    -3.8       14
DAYS >= .50         2               4.2    -2.2        5
DAYS >= 1.00        0               2.2    -2.2        3
GREATEST
 24 HR. TOTAL    0.71

SNOWFALL (INCHES)
RECORDS
 TOTAL             MM   MM
TOTALS            0.0               0.0     0.0      0.0
SINCE 7/1         0.0               0.0     0.0      0.0
SNOWDEPTH AVG.      0                MM      MM        0
DAYS >= 1.0         0               0.0     0.0        0
GREATEST
 SNOW DEPTH         0   MM                             0  MM
 24 HR TOTAL      0.0

DEGREE_DAYS
HEATING TOTAL       0                 0       0        0
 SINCE 7/1          0                 0       0        0
COOLING TOTAL     523               536     -13      490
 SINCE 1/1       1452              1469     -17     1399
.................................................................

WIND (MPH)
AVERAGE WIND SPEED              5.6
HIGHEST WIND SPEED/DIRECTION    29/210    DATE  07/03
HIGHEST GUST SPEED/DIRECTION    37/210    DATE  07/03

SKY COVER
POSSIBLE SUNSHINE (PERCENT)   MM
AVERAGE SKY COVER           0.60
NUMBER OF DAYS FAIR            1
NUMBER OF DAYS PC             24
NUMBER OF DAYS CLOUDY          6

AVERAGE RH (PERCENT)     76

WEATHER CONDITIONS. NUMBER OF DAYS WITH
THUNDERSTORM              0     MIXED PRECIP               0
HEAVY RAIN                6     RAIN                       5
LIGHT RAIN               11     FREEZING RAIN              0
LT FREEZING RAIN          0     HAIL                       0
HEAVY SNOW                0     SNOW                       0
LIGHT SNOW                0     SLEET                      0
FOG                      21     FOG W/VIS <= 1/4 MILE      2
HAZE                      1

-  INDICATES NEGATIVE NUMBERS.
R  INDICATES RECORD WAS SET OR TIED.
MM INDICATES DATA IS MISSING.
T  INDICATES TRACE AMOUNT.

$$
