000
CXUS51 KOKX 011745
CLMJFK

CLIMATE REPORT
NATIONAL WEATHER SERVICE NEW YORK NY
144 PM EDT FRI JUL 1 2016

...................................

...THE KENNEDY NY CLIMATE SUMMARY FOR THE MONTH OF JUNE 2016...

CLIMATE NORMAL PERIOD 1981 TO 2010
CLIMATE RECORD PERIOD 1948 TO 2016

WEATHER         OBSERVED          NORMAL  DEPART  LAST YEAR`S
                 VALUE   DATE(S)  VALUE   FROM    VALUE  DATE(S)
                                          NORMAL
................................................................
TEMPERATURE (F)
RECORD
 HIGH              99   06/26/1949
 LOW               45   06/02/1967
                        06/01/1967
HIGHEST            92   06/22        MM      MM       90  06/21
LOWEST             54   06/08        MM      MM       51  06/02
AVG. MAXIMUM     80.2              78.0     2.2     78.5
AVG. MINIMUM     63.6              62.8     0.8     63.9
MEAN             71.9              70.4     1.5     71.2
DAYS MAX >= 90      1               1.8    -0.8        1
DAYS MAX <= 32      0               0.0     0.0        0
DAYS MIN <= 32      0               0.0     0.0        0
DAYS MIN <= 0       0               0.0     0.0        0

PRECIPITATION (INCHES)
RECORD
 MAXIMUM         9.23   2003
 MINIMUM            T   1949
TOTALS           1.61              3.86   -2.25     4.99
DAILY AVG.       0.05              0.13   -0.08     0.17
DAYS >= .01         6              10.7    -4.7       12
DAYS >= .10         3               6.2    -3.2        9
DAYS >= .50         2               2.5    -0.5        4
DAYS >= 1.00        0               1.1    -1.1        2
GREATEST
 24 HR. TOTAL    0.67   06/05 TO 06/05           06/27 TO 06/28
                                                          06/30 TO 06/30
                                                          06/30 TO 06/30
 STORM TOTAL       MM                                 MM
 (MM/DD(HH))            MM                    06/28(00) TO 06/28(00)
                                                 06/30(00) TO 06/30(00)0
                                                 06/30(00) TO 06/30(00)0

SNOWFALL (INCHES)
RECORDS
 TOTAL             MM   5
 24 HR TOTAL       MM
TOTALS            0.0               0.0     0.0      0.0
 LIQUID EQUIV    0.00              0.00    0.00     0.00
SINCE 7/1        41.4              23.8    17.6
 LIQUID 7/1      4.14              2.40             4.42
DAYS >= TRACE       0               0.0     0.0        0
DAYS >= 1.0         0               0.0     0.0        0
GREATEST
 SNOW DEPTH         0   MM                             0  MM
 24 HR TOTAL      0.0   06/30 TO 06/30           06/30 TO 06/30
                                                          06/30 TO 06/30
                                                          06/30 TO 06/30
 STORM TOTAL       MM                                 MM
 (MM/DD(HH))            MM                    06/30(00) TO 06/30(00)
                                                 06/30(00) TO 06/30(00)0
                                                 06/30(00) TO 06/30(00)0

DEGREE_DAYS
HEATING TOTAL       3                21     -18       29
 SINCE 7/1       3893              4839    -946     5000
COOLING TOTAL     218               183      35      225
 SINCE 1/1        269               218      51      285
.................................................

WIND (MPH)
AVERAGE WIND SPEED              10.7
HIGHEST WIND SPEED/DIRECTION    33/320    DATE  06/12
HIGHEST GUST SPEED/DIRECTION    45/340    DATE  06/12

SKY COVER
POSSIBLE SUNSHINE (PERCENT)   MM
AVERAGE SKY COVER           0.60
NUMBER OF DAYS FAIR            6
NUMBER OF DAYS PC             18
NUMBER OF DAYS CLOUDY          6

AVERAGE RH (PERCENT)     62

WEATHER CONDITIONS. NUMBER OF DAYS WITH
THUNDERSTORM              0     MIXED PRECIP               0
HEAVY RAIN                1     RAIN                       3
LIGHT RAIN                8     FREEZING RAIN              0
LT FREEZING RAIN          0     HAIL                       0
HEAVY SNOW                0     SNOW                       0
LIGHT SNOW                0     SLEET                      0
FOG                       9     FOG W/VIS <= 1/4 MILE      3
HAZE                      3

-  INDICATES NEGATIVE NUMBERS.
R  INDICATES RECORD WAS SET OR TIED.
MM INDICATES DATA IS MISSING.
T  INDICATES TRACE AMOUNT.

$$
