000
CXUS51 KCTP 011521 RRA
CLMJST

CLIMATE REPORT
NATIONAL WEATHER SERVICE STATE COLLEGE PA
1007 AM EST SUN FEB 1 2015

...................................

...THE JOHNSTOWN CLIMATE SUMMARY FOR THE MONTH OF JANUARY 2015...

CLIMATE NORMAL PERIOD 1981 TO 2010
CLIMATE RECORD PERIOD 2000 TO 2015

WEATHER         OBSERVED          NORMAL  DEPART  LAST YEAR`S
                 VALUE   DATE(S)  VALUE   FROM    VALUE  DATE(S)
                                          NORMAL
................................................................
TEMPERATURE (F)
RECORD
 HIGH              80   01/26/1950
 LOW              -20   01/30/1977
HIGHEST            58   01/04                         54  01/13
LOWEST             -3   01/10                        -14  01/07
                        01/08
AVG. MAXIMUM     29.3              32.1    -2.8     27.8
AVG. MINIMUM     15.5              18.4    -2.9      9.8
MEAN             22.4              25.2    -2.8     18.8
DAYS MAX >= 90      0                MM      MM        0
DAYS MAX <= 32     20                MM      MM       17
DAYS MIN <= 32     31                MM      MM       29
DAYS MIN <= 0       3                MM      MM       10

PRECIPITATION (INCHES)
RECORD
 MAXIMUM         9.69   1937
 MINIMUM         0.66   1896
TOTALS           1.92              2.88   -0.96     0.88
DAILY AVG.       0.06              0.09   -0.03     0.03
DAYS >= .01        16                MM      MM       14
DAYS >= .10         8                MM      MM        1
DAYS >= .50         0                MM      MM        0
DAYS >= 1.00        0                MM      MM        0
GREATEST
 24 HR. TOTAL    0.53   01/03 TO 01/04


DEGREE_DAYS
HEATING TOTAL    1313              1232      81     1425
 SINCE 7/1       3830              3817      13     4119
COOLING TOTAL       0                 0       0        0
 SINCE 1/1          0                 0       0        0
..................................................

WIND (MPH)
AVERAGE WIND SPEED              12.1
HIGHEST WIND SPEED/DIRECTION    37/250    DATE  01/09
HIGHEST GUST SPEED/DIRECTION    54/250    DATE  01/09

SKY COVER
POSSIBLE SUNSHINE (PERCENT)   MM
AVERAGE SKY COVER           0.70
NUMBER OF DAYS FAIR            5
NUMBER OF DAYS PC             10
NUMBER OF DAYS CLOUDY         16

AVERAGE RH (PERCENT)     73

WEATHER CONDITIONS. NUMBER OF DAYS WITH
THUNDERSTORM              0     MIXED PRECIP               0
HEAVY RAIN                1     RAIN                       3
LIGHT RAIN                5     FREEZING RAIN              1
LT FREEZING RAIN          7     HAIL                       0
HEAVY SNOW                4     SNOW                      10
LIGHT SNOW               27     SLEET                      1
FOG                      23     FOG W/VIS <= 1/4 MILE      9
HAZE                     10

-  INDICATES NEGATIVE NUMBERS.
R  INDICATES RECORD WAS SET OR TIED.
MM INDICATES DATA IS MISSING.
T  INDICATES TRACE AMOUNT.

$$

EVANEGO
