000
CXUS53 KIND 011515
CLMLAF


CLIMATE REPORT
NATIONAL WEATHER SERVICE INDIANAPOLIS IN
1110 AM EDT THU JUN 1 2017

...................................

...THE LAFAYETTE IN CLIMATE SUMMARY FOR THE MONTH OF MAY 2017...

CLIMATE NORMAL PERIOD 1981 TO 2010
CLIMATE RECORD PERIOD 9999 TO 9999

WEATHER         OBSERVED          NORMAL  DEPART  LAST YEAR`S
                 VALUE   DATE(S)  VALUE   FROM    VALUE  DATE(S)
                                          NORMAL
................................................................
TEMPERATURE (F)
HIGHEST            87   05/18                         88  05/31
LOWEST             31   05/08                         34  05/15
AVG. MAXIMUM     69.9              73.1    -3.2     71.1
AVG. MINIMUM     48.8              50.7    -1.9     49.2
MEAN             59.4              61.9    -2.5     60.2
DAYS MAX >= 90      0               0.7    -0.7        0
DAYS MAX <= 32      0               0.0     0.0        0
DAYS MIN <= 32      2               0.3     1.7        0
DAYS MIN <= 0       0               0.0     0.0        0

PRECIPITATION (INCHES)
TOTALS           7.24              4.19    3.05     1.95
DAILY AVG.       0.23              0.14    0.09     0.06
DAYS >= .01        15              11.9     3.1       11
DAYS >= .10        10               8.0     2.0        6
DAYS >= .50         4               2.9     1.1        0
DAYS >= 1.00        3               1.1     1.9        0
GREATEST
 24 HR. TOTAL    2.04   05/09 TO 05/09

DEGREE_DAYS
HEATING TOTAL     211               160      51      208
 SINCE 7/1       4904              5650    -746     5019
COOLING TOTAL      43                64     -21       66
 SINCE 1/1         57                77     -20       68
.................................................................

WIND (MPH)
AVERAGE WIND SPEED              8.4
HIGHEST WIND SPEED/DIRECTION    28/340    DATE  05/06
HIGHEST GUST SPEED/DIRECTION    38/270    DATE  05/02

SKY COVER
POSSIBLE SUNSHINE (PERCENT)   MM
AVERAGE SKY COVER           0.40
NUMBER OF DAYS FAIR           14
NUMBER OF DAYS PC              9
NUMBER OF DAYS CLOUDY          8

AVERAGE RH (PERCENT)     74

WEATHER CONDITIONS. NUMBER OF DAYS WITH
THUNDERSTORM              9     MIXED PRECIP               0
HEAVY RAIN                7     RAIN                       7
LIGHT RAIN               17     FREEZING RAIN              0
LT FREEZING RAIN          0     HAIL                       0
HEAVY SNOW                0     SNOW                       0
LIGHT SNOW                0     SLEET                      0
FOG                      20     FOG W/VIS <= 1/4 MILE      4
HAZE                      6

-  INDICATES NEGATIVE NUMBERS.
R  INDICATES RECORD WAS SET OR TIED.
MM INDICATES DATA IS MISSING.
T  INDICATES TRACE AMOUNT.

$$
