000
CXUS53 KIND 011510
CLMLAF


CLIMATE REPORT
NATIONAL WEATHER SERVICE INDIANAPOLIS IN
1110 AM EDT MON MAY 1 2017

...................................

...THE LAFAYETTE IN CLIMATE SUMMARY FOR THE MONTH OF APRIL 2017...

CLIMATE NORMAL PERIOD 1981 TO 2010
CLIMATE RECORD PERIOD 9999 TO 9999

WEATHER         OBSERVED          NORMAL  DEPART  LAST YEAR`S
                 VALUE   DATE(S)  VALUE   FROM    VALUE  DATE(S)
                                          NORMAL
................................................................
TEMPERATURE (F)
HIGHEST            82   04/26                         82  04/18
LOWEST             30   04/08                         24  04/09
                                                          04/05
                                                          04/03
AVG. MAXIMUM     66.5              62.9     3.6     61.5
AVG. MINIMUM     45.2              40.9     4.3     39.3
MEAN             55.9              51.9     4.0     50.4
DAYS MAX >= 90      0               0.0     0.0        0
DAYS MAX <= 32      0               0.1    -0.1        0
DAYS MIN <= 32      1               5.2    -4.2       10
DAYS MIN <= 0       0               0.0     0.0        0

PRECIPITATION (INCHES)
TOTALS           4.60              3.54    1.06     3.14
DAILY AVG.       0.16              0.12    0.04     0.10
DAYS >= .01        11              11.4    -0.4       13
DAYS >= .10         8               7.1     0.9        8
DAYS >= .50         3               2.2     0.8        3
DAYS >= 1.00        2               0.8     1.2        0
GREATEST
 24 HR. TOTAL    1.54   04/05 TO 04/06

DEGREE_DAYS
HEATING TOTAL     281               405    -124      431
 SINCE 7/1       4693              5490    -797     4811
COOLING TOTAL      13                12       1        2
 SINCE 1/1         14                13       1        2
.................................................................

WIND (MPH)
AVERAGE WIND SPEED              8.9
HIGHEST WIND SPEED/DIRECTION    37/340    DATE  04/06
HIGHEST GUST SPEED/DIRECTION    49/340    DATE  04/06

SKY COVER
POSSIBLE SUNSHINE (PERCENT)   MM
AVERAGE SKY COVER           0.40
NUMBER OF DAYS FAIR           16
NUMBER OF DAYS PC              8
NUMBER OF DAYS CLOUDY          6

AVERAGE RH (PERCENT)     72

WEATHER CONDITIONS. NUMBER OF DAYS WITH
THUNDERSTORM             10     MIXED PRECIP               0
HEAVY RAIN                8     RAIN                       5
LIGHT RAIN               13     FREEZING RAIN              0
LT FREEZING RAIN          0     HAIL                       0
HEAVY SNOW                0     SNOW                       0
LIGHT SNOW                0     SLEET                      0
FOG                      13     FOG W/VIS <= 1/4 MILE      0
HAZE                      1

-  INDICATES NEGATIVE NUMBERS.
R  INDICATES RECORD WAS SET OR TIED.
MM INDICATES DATA IS MISSING.
T  INDICATES TRACE AMOUNT.

$$
