000
CXUS55 KCYS 081700
CLMLAR


CLIMATE REPORT
NATIONAL WEATHER SERVICE CHEYENNE WY
1100 AM MDT TUE APR 8 2014

...................................

...THE LARAMIE WY AIRPORT CLIMATE SUMMARY FOR THE MONTH OF MARCH 2014...

CLIMATE NORMAL PERIOD 1981 TO 2010
CLIMATE RECORD PERIOD 1948 TO 2014

WEATHER         OBSERVED          NORMAL  DEPART  LAST YEAR`S
                 VALUE   DATE(S)  VALUE   FROM    VALUE
                                          NORMAL
.............................................................
TEMPERATURE (F)
RECORD
 HIGH              71   03/31/2012
                        03/23/2012
 LOW              -25   03/02/2002
HIGHEST            58   03/30        MM      MM       60
                        03/10
LOWEST              2   03/12        MM      MM       -1
AVG. MAXIMUM     44.7              43.0     1.7     43.6
AVG. MINIMUM     20.5              18.7     1.8     17.4
MEAN             32.6              30.9     1.7     30.5
DAYS MAX >= 90      0               0.0                0
DAYS MAX <= 32      2               5.5                5
DAYS MIN <= 32     30              29.4               29
DAYS MIN <= 0       0               1.5                1

PRECIPITATION (INCHES)
RECORD
 MAXIMUM         2.43   1983
 MINIMUM            T   2012
                        2004
TOTALS           0.54              0.58   -0.04     0.34
DAYS >= .01         9               6.0     3.0        5
DAYS >= .10         1               2.0    -1.0        1
DAYS >= .50         0               0.1    -0.1        0
DAYS >= 1.00        0               0.0     0.0        0
GREATEST
 24 HR. TOTAL    0.23   03/18 TO 03/18

DEGREE_DAYS
HEATING TOTAL     997              1059     -62     1061
 SINCE 7/1       7041              7235    -194     6965
COOLING TOTAL       0                 0       0        0
 SINCE 1/1          0                 0       0        0
..............................................................

WIND (MPH)
AVERAGE WIND SPEED              15.2
HIGHEST WIND SPEED/DIRECTION    45/220    DATE  03/30
HIGHEST GUST SPEED/DIRECTION    57/210    DATE  03/30

SKY COVER
POSSIBLE SUNSHINE (PERCENT)   MM
AVERAGE SKY COVER           0.30
NUMBER OF DAYS FAIR           19
NUMBER OF DAYS PC             12
NUMBER OF DAYS CLOUDY          0

AVERAGE RH (PERCENT)     59

WEATHER CONDITIONS. NUMBER OF DAYS WITH
THUNDERSTORM              0     MIXED PRECIP               0
HEAVY RAIN                0     RAIN                       0
LIGHT RAIN                2     FREEZING RAIN              0
LT FREEZING RAIN          1     HAIL                       0
HEAVY SNOW                3     SNOW                       8
LIGHT SNOW               13     SLEET                      0
FOG                      12     FOG W/VIS <= 1/4 MILE      7
HAZE                      7

-  INDICATES NEGATIVE NUMBERS.
R  INDICATES RECORD WAS SET OR TIED.
MM INDICATES DATA IS MISSING.
T  INDICATES TRACE AMOUNT.

$$
