881
CXUS53 KLBF 011114
CLMLBF


CLIMATE REPORT
NATIONAL WEATHER SERVICE NORTH PLATTE
511 AM CST MON JAN 1 2018

...................................

...THE NORTH PLATTE NE CLIMATE SUMMARY FOR THE MONTH OF DECEMBER 2017...

CLIMATE NORMAL PERIOD 1981 TO 2010
CLIMATE RECORD PERIOD 1874 TO 2017

WEATHER         OBSERVED          NORMAL  DEPART  LAST YEAR`S
                 VALUE   DATE(S)  VALUE   FROM    VALUE  DATE(S)
                                          NORMAL
................................................................
TEMPERATURE (F)
RECORD
 HIGH              76   12/06/1939
 LOW              -34   12/22/1989
                        12/22/1983
HIGHEST            65   12/10        62       3       63  12/30
LOWEST             -9   12/27        -8      -1      -17  12/17
                        12/26
AVG. MAXIMUM     40.1              39.1     1.0     40.5
AVG. MINIMUM     10.6              11.6    -1.0      9.9
MEAN             25.3              25.4    -0.1     25.2
DAYS MAX >= 90      0               0.0     0.0        0
DAYS MAX <= 32      9               9.1    -0.1       10
DAYS MIN <= 32     31              30.9     0.1       31
DAYS MIN <= 0       9               3.8     5.2        5

PRECIPITATION (INCHES)
RECORD
 MAXIMUM         3.86   1877
 MINIMUM            T   2002
                        1988
                        1905
TOTALS           0.55              0.41    0.14     0.62
DAILY AVG.       0.02              0.01    0.01     0.02
DAYS >= .01         5               3.6     1.4        4
DAYS >= .10         2               1.2     0.8        1
DAYS >= .50         0               0.1    -0.1        1
DAYS >= 1.00        0               0.0     0.0        0
GREATEST
 24 HR. TOTAL    0.33   12/23 TO 12/23           12/25 TO 12/25
                                                          12/17 TO 12/17
                                                          12/17 TO 12/17

SNOWFALL (INCHES)
RECORDS
 TOTAL           16.8   1924
TOTALS            7.5               4.6     2.9      0.8
SINCE 7/1         8.5              10.8    -2.3      5.8
SNOWDEPTH AVG.      1                 2      -1        0
DAYS >= 1.0         2               1.3     0.7        0
GREATEST
 SNOW DEPTH         5   12/27                         -1  12/07
                        12/26                             12/08
                        12/23                             12/17
 24 HR TOTAL      4.5   12/23 TO 12/23

DEGREE_DAYS
HEATING TOTAL    1221              1229      -8     1226
 SINCE 7/1       2512              2780    -268     2267
COOLING TOTAL       0                 0       0        0
 SINCE 1/1        954               768     186      911
........................................................

WIND (MPH)
AVERAGE WIND SPEED              8.5
HIGHEST WIND SPEED/DIRECTION    41/330    DATE  12/04
HIGHEST GUST SPEED/DIRECTION    53/320    DATE  12/04

SKY COVER
POSSIBLE SUNSHINE (PERCENT)   MM
AVERAGE SKY COVER           0.30
NUMBER OF DAYS FAIR           19
NUMBER OF DAYS PC              6
NUMBER OF DAYS CLOUDY          6

AVERAGE RH (PERCENT)     66

WEATHER CONDITIONS. NUMBER OF DAYS WITH
THUNDERSTORM              0     MIXED PRECIP               0
HEAVY RAIN                0     RAIN                       0
LIGHT RAIN                0     FREEZING RAIN              0
LT FREEZING RAIN          1     HAIL                       0
HEAVY SNOW                0     SNOW                       2
LIGHT SNOW                8     SLEET                      0
FOG                      10     FOG W/VIS <= 1/4 MILE      2
HAZE                      7

-  INDICATES NEGATIVE NUMBERS.
R  INDICATES RECORD WAS SET OR TIED.
MM INDICATES DATA IS MISSING.
T  INDICATES TRACE AMOUNT.

$$
