000
CXHW51 PHFO 011615
CLMLIH


CLIMATE REPORT
NATIONAL WEATHER SERVICE HONOLULU HI
606 AM HST FRI DEC 1 2017

...................................

...THE LIHUE HI CLIMATE SUMMARY FOR THE MONTH OF NOVEMBER 2017...

CLIMATE NORMAL PERIOD 1981 TO 2010
CLIMATE RECORD PERIOD 1946 TO 2017

WEATHER         OBSERVED          NORMAL  DEPART  LAST YEAR`S
                 VALUE   DATE(S)  VALUE   FROM    VALUE  DATE(S)
                                          NORMAL
................................................................
TEMPERATURE (F)
RECORD
 HIGH              87   11/17/1997
                        11/30/1980
 LOW               57   11/25/1958
HIGHEST            84   11/04        81       3       84  11/17
                        11/03                             11/16
                        11/02                             11/15
LOWEST             61   11/20        71     -10       65  11/07
AVG. MAXIMUM     79.6              80.8    -1.2     82.0
AVG. MINIMUM     70.1              70.8    -0.7     71.4
MEAN             74.8              75.8    -1.0     76.7
DAYS MAX >= 90      0               0.0     0.0        0
DAYS MAX <= 32      0               0.0     0.0        0
DAYS MIN <= 32      0               0.0     0.0        0
DAYS MIN <= 0       0               0.0     0.0        0

PRECIPITATION (INCHES)
RECORD
 MAXIMUM        18.45   1955
 MINIMUM         0.40   2016
TOTALS           1.13              4.46   -3.33     0.40
DAILY AVG.       0.04              0.15   -0.11     0.01
DAYS >= .01        19              17.6     1.4       13
DAYS >= .10         3               7.2    -4.2        1
DAYS >= .50         0               2.3    -2.3        0
DAYS >= 1.00        0               1.1    -1.1        0
GREATEST
 24 HR. TOTAL    0.62   10/31 TO 11/01              0.15
                        11/01 TO 11/02
                        11/02 TO 11/03

SNOWFALL (INCHES)
RECORDS
 TOTAL             MM   5
TOTALS            0.0               0.0     0.0      0.0
SINCE 7/1         0.0               0.0     0.0      0.0
SNOWDEPTH AVG.     MM                MM      MM        0
DAYS >= 1.0         0               0.0     0.0        0
GREATEST
 SNOW DEPTH        MM                                  0  MM
 24 HR TOTAL      0.0   11/30 TO 11/30               0.0

DEGREE_DAYS
HEATING TOTAL       0                 0       0        0
 SINCE 7/1          0                 0       0        0
COOLING TOTAL     302               324     -22      358
 SINCE 1/1       4081              3691     390     3960
.................................................................

WIND (MPH)
AVERAGE WIND SPEED              14.4
HIGHEST WIND SPEED/DIRECTION    36/040    DATE  11/24
HIGHEST GUST SPEED/DIRECTION    41/040    DATE  11/24

SKY COVER
POSSIBLE SUNSHINE (PERCENT)   MM
AVERAGE SKY COVER             MM
NUMBER OF DAYS FAIR            0
NUMBER OF DAYS PC              0
NUMBER OF DAYS CLOUDY          0

AVERAGE RH (PERCENT)     MM

WEATHER CONDITIONS. NUMBER OF DAYS WITH
THUNDERSTORM              0     MIXED PRECIP               0
HEAVY RAIN                0     RAIN                       0
LIGHT RAIN                0     FREEZING RAIN              0
LT FREEZING RAIN          0     HAIL                       0
HEAVY SNOW                0     SNOW                       0
LIGHT SNOW                0     SLEET                      0
FOG                      17     FOG W/VIS <= 1/4 MILE      0
HAZE                      8

-  INDICATES NEGATIVE NUMBERS.
R  INDICATES RECORD WAS SET OR TIED.
MM INDICATES DATA IS MISSING.
T  INDICATES TRACE AMOUNT.

$$
