000
CXUS54 KLZK 042220
CLMLIT


CLIMATE REPORT
NATIONAL WEATHER SERVICE LITTLE ROCK AR
514 PM CDT SAT NOV 4 2017

...................................

...THE LITTLE ROCK ADAMS FIELD CLIMATE SUMMARY FOR THE MONTH OF OCTOBER 2017...

CLIMATE NORMAL PERIOD 1981 TO 2010
CLIMATE RECORD PERIOD 1874 TO 2017

WEATHER         OBSERVED          NORMAL  DEPART  LAST YEAR`S
                 VALUE   DATE(S)  VALUE   FROM    VALUE  DATE(S)
                                          NORMAL
................................................................
TEMPERATURE (F)
RECORD
 HIGH              98   10/15/2015
 LOW               27   10/30/1917
HIGHEST            91   10/09        75      16       90  10/05
LOWEST             28   10/29        52     -24       43  10/22
AVG. MAXIMUM     76.5              74.8     1.7     79.8
AVG. MINIMUM     51.5              52.6    -1.1     55.8
MEAN             64.0              63.7     0.3     67.8
DAYS MAX >= 90      3               0.5     2.5        1
DAYS MAX <= 32      0               0.0     0.0        0
DAYS MIN <= 32      2               0.1     1.9        0
DAYS MIN <= 0       0               0.0     0.0        0

PRECIPITATION (INCHES)
RECORD
 MAXIMUM        16.56   2009
 MINIMUM         0.01   1944
TOTALS           1.37              4.91   -3.54     1.91
DAILY AVG.       0.04              0.16   -0.12     0.06
DAYS >= .01         7               8.2    -1.2        3
DAYS >= .10         5                                  3
DAYS >= .50         0                                  2
DAYS >= 1.00        0               1.6    -1.6        1
GREATEST
 24 HR. TOTAL    0.49   10/22 TO 10/22

SNOWFALL (INCHES)
RECORDS
 TOTAL              T   1993
                        1925
 24 HR TOTAL        T   10/29/1993 TO 10/30/1993
                        10/30/1925 TO 10/30/1925
                        10/28/1925 TO 10/28/1925
 SNOW DEPTH         T   10/30/1993
TOTALS              TR              0.0     0.0      0.0
 LIQUID EQUIV       T              0.00    0.00     0.00
SINCE 7/1           T               0.0     0.0      0.0
 LIQUID 7/1         T              0.00      MM     0.00
SNOWDEPTH AVG.      0
DAYS >= TRACE       1               0.0     1.0        0
DAYS >= 1.0         0                                  0
GREATEST
 24 HR TOTAL        TR  10/27 TO 10/27

DEGREE_DAYS
HEATING TOTAL     144               121      23       33
 SINCE 7/1        145               132      13       33
COOLING TOTAL     122                81      41      130
 SINCE 1/1       1994              2194    -200     2634

FREEZE DATES
RECORD
 EARLIEST     10/20/1989
 LATEST       04/19/1983
EARLIEST      10/28             11/13
LATEST                          03/19
..................................................

WIND (MPH)
AVERAGE WIND SPEED              6.7
HIGHEST WIND SPEED/DIRECTION    31/280    DATE  10/22
HIGHEST GUST SPEED/DIRECTION    41/280    DATE  10/22

SKY COVER
POSSIBLE SUNSHINE (PERCENT)   MM
AVERAGE SKY COVER           0.40
NUMBER OF DAYS FAIR           15
NUMBER OF DAYS PC             10
NUMBER OF DAYS CLOUDY          6

AVERAGE RH (PERCENT)     70

WEATHER CONDITIONS. NUMBER OF DAYS WITH
THUNDERSTORM              0     MIXED PRECIP               0
HEAVY RAIN                2     RAIN                       4
LIGHT RAIN                7     FREEZING RAIN              0
LT FREEZING RAIN          0     HAIL                       0
HEAVY SNOW                0     SNOW                       0
LIGHT SNOW                0     SLEET                      1
FOG                       9     FOG W/VIS <= 1/4 MILE      1
HAZE                      0

-  INDICATES NEGATIVE NUMBERS.
R  INDICATES RECORD WAS SET OR TIED.
MM INDICATES DATA IS MISSING.
T  INDICATES TRACE AMOUNT.

&&

...Data for Little Rock Adams Field for October 2017...

.Summary...
October 2017 was definitely an interesting month at Little Rock.
Though the monthly departure from normal was above average for the
first time since April, it was not above by much.

Daily readings ranged from 5 to near 15 degrees above average during
much of the first half of the month, with temperatures really crashing
the last two weeks, ranging from around 5 to near 20 degrees below
average.

There were 90-degree high temperatures during the first and second
weeks of the month. By the fourth week, we were seeing freezing
temperatures, which had not happened in the month of October in 24
years.

Rainfall was below average again this month, though we failed to
crack the top ten driest Octobers.

For the first time in 24 years, snowfall occurred in October.

.Monthly Temperatures...
The average high temperature was the coolest since 2013. The average
low temperature was the coolest since 2012. The average monthly
temperature was the coolest since 2013.

.Daily Temperatures...
Daily temperatures were above average on 17 days, below average on
13 days and average on one day.

.Daily Record Temperatures Tied or Broken During the Month...
Date  Record Type               New Record          Previous Record
28th  Low Temperature           31 in 2017          31 in 1957
29th  Low Temperature           28 in 2017          31 in 1910

On the 28th...

The low temperature of 31 degrees most recently tied the 8th
coldest on record for the month. This was also the earliest freeze
at Little Rock since 1989, and was the 8th earliest freeze on
record.

The daily average temperature of 41.0 was the coldest during the
month since 1993, and most recently tied October 29, 1913 for the
7th coldest on record.

On the 29th...

The low temperature of 28 degrees marked the coldest temperature in
the month of October at Little Rock since 1917, and the 2nd coldest
on record during the month. Only October 30, 1917 was colder (low of
27).

On the 31st...

The high temperature of 49 degrees marked the coldest daily high
temperature at Little Rock during the month of October since 1993,
and most recently tied October 22, 1937 for the 10th coldest on
record.

.Monthly Rainfall...
Rainfall was significantly below average for the second month in a
row. It was the driest October since 2011.

.Daily Rainfall Records Tied or Broken During the Month...
None.

.Monthly Snowfall...
For the first time since 1993, snowfall occurred during the month of
October in the form of brief, light sleet.

The sleet fell on the evening of the 27th, and this marked the
earliest snowfall ever recorded at Little Rock, beating the previous
record of a Trace on October 28, 1925. Since precipitation records
began in 1874, this is only one of five days of recorded snowfall
during the month of October.

Even though the snowfall was not measurable, this October is tied
with 1993 and 1925 for the snowiest October on record.

.Daily Snowfall Records Tied or Broken During the Month...
Date     Record Type        New Record          Previous Record
27th    Daily Snowfall     Trace in 2017     NONE-Record established

The sleet on the 27th ties with October 30, 1993, October 29, 1993,
October 30, 1925, and October 28, 1925 for what is technically the
snowiest calendar day on record during the month, as well as the
snowiest 24-hour period on record during the month.

$$

57
