000
CXUS54 KLZK 011633
CLMLIT

CLIMATE REPORT
NATIONAL WEATHER SERVICE LITTLE ROCK AR
1033 AM CDT SAT AUG 1 2015

...................................

...THE LITTLE ROCK ADAMS FIELD CLIMATE SUMMARY FOR THE MONTH OF JULY 2015...

CLIMATE NORMAL PERIOD 1981 TO 2010
CLIMATE RECORD PERIOD 1874 TO 2015

WEATHER         OBSERVED          NORMAL  DEPART  LAST YEAR`S
                 VALUE   DATE(S)  VALUE   FROM    VALUE  DATE(S)
                                          NORMAL
................................................................
TEMPERATURE (F)
RECORD
 HIGH             112   07/31/1986
 LOW               54   07/07/1972
HIGHEST           101   07/29        93       8       96  07/14
LOWEST             69   07/06        72      -3       62  07/18
                                                          07/17
AVG. MAXIMUM     93.9              92.5     1.4     86.5
AVG. MINIMUM     75.4              73.2     2.2     68.6
MEAN             84.6              82.8     1.8     77.5
DAYS MAX >= 90     28              21.7     6.3       10
DAYS MAX <= 32      0               0.0     0.0        0
DAYS MIN <= 32      0               0.0     0.0        0
DAYS MIN <= 0       0               0.0     0.0        0

PRECIPITATION (INCHES)
RECORD
 MAXIMUM        11.65   2009
 MINIMUM         0.01   1930
TOTALS           4.76              3.27    1.49     7.24
DAILY AVG.       0.15              0.11    0.04     0.23
DAYS >= .01         6               8.2    -2.2       10
DAYS >= .10         4                                  8
DAYS >= .50         2                                  4
DAYS >= 1.00        2               0.8     1.2        4
GREATEST
 24 HR. TOTAL    2.70   07/03 TO 07/04
 STORM TOTAL       MM
 (MM/DD(HH))            MM

SNOWFALL (INCHES)
RECORDS
 TOTAL             MM   MM
 24 HR TOTAL       MM
 SNOW DEPTH        MM   MM
TOTALS            0.0               0.0     0.0      0.0
 LIQUID EQUIV    0.00              0.00    0.00     0.00
SINCE 7/1         0.0               0.0     0.0      0.0
 LIQUID 7/1      0.00              0.00    0.00     0.00
SNOWDEPTH AVG.      0
DAYS >= TRACE       0               0.0     0.0        0
DAYS >= 1.0         0                                  0
GREATEST
 SNOW DEPTH         0   MM
 24 HR TOTAL      0.0   07/31 TO 07/31           07/31 TO 07/31
                                                          07/10 TO 07/10
                                                          07/10 TO 07/10

DEGREE_DAYS
HEATING TOTAL       0                 0       0        0
 SINCE 7/1          0                 0       0        0
COOLING TOTAL     616               553      63      396
 SINCE 1/1       1434              1259     175     1093

FREEZE DATES
RECORD
 EARLIEST     10/20/1989
 LATEST       04/19/1983
EARLIEST                        11/13
LATEST                          03/19
.................................................

WIND (MPH)
AVERAGE WIND SPEED              6.4
HIGHEST WIND SPEED/DIRECTION    29/120    DATE  07/15
HIGHEST GUST SPEED/DIRECTION    35/260    DATE  07/03

SKY COVER
POSSIBLE SUNSHINE (PERCENT)   MM
AVERAGE SKY COVER           0.50
NUMBER OF DAYS FAIR            8
NUMBER OF DAYS PC             21
NUMBER OF DAYS CLOUDY          2

AVERAGE RH (PERCENT)     67

WEATHER CONDITIONS. NUMBER OF DAYS WITH
THUNDERSTORM              0     MIXED PRECIP               0
HEAVY RAIN                4     RAIN                       3
LIGHT RAIN                7     FREEZING RAIN              0
LT FREEZING RAIN          0     HAIL                       0
HEAVY SNOW                0     SNOW                       0
LIGHT SNOW                0     SLEET                      0
FOG                       6     FOG W/VIS <= 1/4 MILE      0
HAZE                      1

-  INDICATES NEGATIVE NUMBERS.
R  INDICATES RECORD WAS SET OR TIED.
MM INDICATES DATA IS MISSING.
T  INDICATES TRACE AMOUNT.

$$

...DATA FOR THE LITTLE ROCK ADAMS FIELD FOR JULY 2015...

.SUMMARY...

JULY WAS A RATHER WARM MONTH DESPITE LITTLE ROCK ONLY REACHING THE
CENTURY MARK ONCE THIS MONTH ON THE 29TH WITH A HIGH OF 101 DEGREES.
IT WAS THE HIGH HUMIDITY VALUES THAT CAUSED LOW TEMPERATURES TO
REMAIN ELEVATED...ALLOWING FOR AN ABOVE NORMAL AVERAGE MONTHLY
TEMPERATURE. GENERALLY SPEAKING...HIGH AND LOW TEMPERATURES RAN
ABOVE NORMAL THROUGH MOST OF JULY. TEMPERATURES RETURNED TO NEAR
NORMAL VALUES THE LAST TWO DAYS OF THE MONTH AS COOLER AIR MOVED
INTO THE STATE BEHIND A COLD FRONT.

ALTHOUGH THE TOTAL RAINFALL FOR THE MONTH WAS ABOVE NORMAL...MOST OF
THE PRECIPITATION FELL DURING THE FIRST 15 DAYS. THE ONLY MEASURABLE
RAINFALL AFTER JULY 15TH WAS AN AMOUNT OF 0.20" THAT FELL ON JULY
23RD.

.MONTHLY TEMPERATURES...

THE AVERAGE HIGH...THE AVERAGE LOW...AND THE AVERAGE MONTHLY
TEMPERATURES WERE THE WARMEST SINCE JULY 2012.

.TEMPERATURE RECORDS TIED OR BROKEN DURING THE MONTH...

THE AVERAGE MONTHLY LOW TEMPERATURE FOR JULY 2015 WAS THE 8TH
WARMEST FOR ANY MONTH ON RECORD...AND THE 6TH WARMEST FOR ANY JULY
ON RECORD.

A WARMEST LOW TEMPERATURE WAS SET ON THE 25TH WITH A LOW OF 80
DEGREES. THIS TIES THE OLD RECORD SET IN 1934 AND 1997.

.DAILY RAINFALL RECORDS TIED OR BROKEN...

A RECORD RAINFALL AMOUNT OF 1.75" FELL ON THE 15TH...WHICH BROKE THE
OLD RECORD OF 1.51" SET IN 1992.

$$

224
