000
CXUS55 KRIW 020907 AAA
CLMLND

CLIMATE REPORT...UPDATED
NATIONAL WEATHER SERVICE RIVERTON WY
308 AM MDT TUE AUG 2 2016

...PRELIMINARY MONTHLY CLIMATE SUMMARY FOR THE HUNT FIELD IN LANDER
FOR THE MONTH OF JULY 2016...

...OFFICIAL CLIMATE DATA FOR THE MONTH OF JULY 2016 WILL BE
AVAILABLE APPROXIMATELY IN SEPTEMBER 2016 FROM THE NATIONAL CENTER
FOR ENVIRONMENTAL INFORMATION (HTTP://WWW.NCEI.NOAA.GOV/OL/
CLIMATEDATA.HTML). UNOFFICIAL ASOS DAILY SUMMARIES ARE AVAILABLE ON
THE INTERNET AT HTTP://WWW.WEATHER.GOV/CLIMATE/INDEX.PHP?WFO=RIW

...LANDER WAS WARMER THAN NORMAL AND RECORD DRY IN JULY...

THE AVERAGE TEMPERATURE FOR LANDER IN JULY WAS 72.5 DEGREES...WHICH
WAS 1.3 DEGREES ABOVE NORMAL. THE WARMEST READING OF THE MONTH WAS
97 DEGREES ON THE 21ST...AND THE COOLEST READING WAS 46 DEGREES ON
THE 12TH.

TOTAL PRECIPITATION FOR THE MONTH WAS ONLY A TRACE...WHICH WAS 0
PERCENT OF NORMAL...MAKING LAST MONTH THE DRIEST JULY ON RECORD
(TYING WITH 1901 AND 1917) SINCE RECORDS BEGAN IN 1891. NO
PRECIPITATION RECORDS WERE SET DURING THE MONTH. THE HIGHEST WIND
GUST WAS 72 MPH ON THE 22ND.

...THE LANDER WY CLIMATE SUMMARY FOR THE MONTH OF JULY 2016...

CLIMATE NORMAL PERIOD 1981 TO 2010
CLIMATE RECORD PERIOD 1891 TO 2016

WEATHER         OBSERVED          NORMAL  DEPART
                 VALUE   DATE(S)  VALUE   FROM
                                          NORMAL
................................................
TEMPERATURE (F)
RECORD
 HIGH             102   07/27/1935
 LOW               32   07/03/1931
HIGHEST            97   07/21
LOWEST             46   07/12
AVG. MAXIMUM     89.5              86.8     2.7
AVG. MINIMUM     55.5              55.6    -0.1
MEAN             72.5              71.2     1.3
DAYS MAX >= 90     19
DAYS MAX <= 32      0
DAYS MIN <= 32      0
DAYS MIN <= 0       0

PRECIPITATION (INCHES)
RECORD
 MAXIMUM         3.00   1896
 MINIMUM            T   1917
                        1901
TOTALS              TR             0.78   -0.78
DAILY AVG.          T              0.03   -0.03
DAYS >= .01         0
DAYS >= .10         0
DAYS >= .50         0
DAYS >= 1.00        0
GREATEST
 24 HR. TOTAL    0.10   06/30 TO 07/01

SNOWFALL (INCHES)
TOTALS            0.0               0.0     0.0
SINCE 7/1         0.0               0.0     0.0
SNOWDEPTH AVG.      0
DAYS >= 1.0         0

DEGREE_DAYS
HEATING TOTAL       4                16     -12
 SINCE 7/1          4                16     -12
COOLING TOTAL     244               208      36
 SINCE 1/1        372               277      95
.................................................

WIND (MPH)
AVERAGE WIND SPEED              7.8
RESULTANT WIND SPEED/DIRECTION   3/256
HIGHEST WIND SPEED/DIRECTION    54/220    DATE  07/22
HIGHEST GUST SPEED/DIRECTION    72/180    DATE  07/22

SKY COVER
POSSIBLE SUNSHINE (PERCENT)   MM
AVERAGE SKY COVER           0.00
NUMBER OF DAYS FAIR           31
NUMBER OF DAYS PC              0
NUMBER OF DAYS CLOUDY          0

AVERAGE RH (PERCENT)     34

WEATHER CONDITIONS. NUMBER OF DAYS WITH
THUNDERSTORM              3     MIXED PRECIP               0
HEAVY RAIN                0     RAIN                       0
LIGHT RAIN                2     FREEZING RAIN              0
LT FREEZING RAIN          0     HAIL                       0
HEAVY SNOW                0     SNOW                       0
LIGHT SNOW                0     SLEET                      0
FOG                       0     FOG W/VIS <= 1/4 MILE      0
HAZE                      3

-  INDICATES NEGATIVE NUMBERS.
R  INDICATES RECORD WAS SET OR TIED.
MM INDICATES DATA IS MISSING.
T  INDICATES TRACE AMOUNT.

LOOKING AHEAD TO AUGUST 2016...THE AVERAGE HIGH TEMPERATURE ON THE
FIRST OF THE MONTH IS 88 DEGREES...AND THE AVERAGE LOW TEMPERATURE
IS 57 DEGREES. THE AVERAGE HIGH BY THE END OF THE MONTH IS 81
DEGREES...AND THE AVERAGE LOW TEMPERATURE IS 51 DEGREES. THE AVERAGE
MONTHLY PRECIPITATION IS 0.61 INCHES.

$$
