987
CXUS54 KCRP 011820
CLMLRD

CLIMATE REPORT
NATIONAL WEATHER SERVICE CORPUS CHRISTI TX
1144 AM CST FRI DEC 1 2017

...................................

...THE LAREDO CLIMATE SUMMARY FOR THE MONTH OF NOVEMBER 2017...

CLIMATE NORMAL PERIOD 1981 TO 2010
CLIMATE RECORD PERIOD 1900 TO 2017

WEATHER         OBSERVED          NORMAL  DEPART  LAST YEAR`S
                 VALUE   DATE(S)  VALUE   FROM    VALUE  DATE(S)
                                          NORMAL
................................................................
TEMPERATURE (F)
RECORD
 HIGH             101   11/17/1906
 LOW               21   11/21/1906
HIGHEST            92   11/05        82      10       93  11/01
                        11/02
LOWEST             41   11/23        49      -8       42  11/20
AVG. MAXIMUM     79.9              76.3     3.6     80.9
AVG. MINIMUM     59.4              55.2     4.2     62.1
MEAN             69.7              65.8     3.9     71.5
DAYS MAX >= 90      6               1.2     4.8        3
DAYS MAX <= 32      0               0.0     0.0        0
DAYS MIN <= 32      0               0.3    -0.3        0
DAYS MIN <= 0       0               0.0     0.0        0

PRECIPITATION (INCHES)
RECORD
 MAXIMUM         6.50   1919
 MINIMUM         0.00   1981
                        1975
                        1970
TOTALS           0.62              1.19   -0.57     0.67
DAILY AVG.       0.02              0.04   -0.02     0.02
DAYS >= .01         4               4.3    -0.3        4
DAYS >= .10         2               2.2    -0.2        2
DAYS >= .50         0               0.6    -0.6        0
DAYS >= 1.00        0               0.2    -0.2        0
GREATEST
 24 HR. TOTAL    0.46   11/13 TO 11/13           11/08 TO 11/09

SNOWFALL (INCHES)
RECORDS
 TOTAL             MM   MM
 24 HR TOTAL       MM
TOTALS            0.0               0.0     0.0      0.0
SINCE 7/1         0.0               0.0     0.0      0.0
SNOWDEPTH AVG.      0                 0       0        0
DAYS >= 1.0         0               0.0     0.0
GREATEST
 SNOW DEPTH         0   MM                             0
 24 HR TOTAL      0.0   MM                           0.0

DEGREE_DAYS
HEATING TOTAL      46               103     -57       17
 SINCE 7/1         69               115     -46       17
COOLING TOTAL     192               126      66      221
 SINCE 1/1       4834              4255     579     4726
..........................................................

WIND (MPH)
AVERAGE WIND SPEED              MM
HIGHEST WIND SPEED/DIRECTION    MM        DATE   MM
HIGHEST GUST SPEED/DIRECTION    MM        DATE   MM

SKY COVER
AVERAGE SKY COVER           0.40

AVERAGE RH (PERCENT)     69

WEATHER CONDITIONS. NUMBER OF DAYS WITH
THUNDERSTORM              0     MIXED PRECIP               0
HEAVY RAIN                1     RAIN                       2
LIGHT RAIN                7     FREEZING RAIN              0
LT FREEZING RAIN          0     HAIL                       0
HEAVY SNOW                0     SNOW                       0
LIGHT SNOW                0     SLEET                      0
FOG                       9     FOG W/VIS <= 1/4 MILE      1
HAZE                      2

-  INDICATES NEGATIVE NUMBERS.
R  INDICATES RECORD WAS SET OR TIED.
MM INDICATES DATA IS MISSING.
T  INDICATES TRACE AMOUNT.

$$

88
