000
CXUS54 KCRP 011503
CLMLRD

CLIMATE REPORT
NATIONAL WEATHER SERVICE CORPUS CHRISTI TX
856 AM CST SUN JAN 1 2017

...................................

...THE LAREDO CLIMATE SUMMARY FOR THE MONTH OF DECEMBER 2016...

CLIMATE NORMAL PERIOD 1981 TO 2010
CLIMATE RECORD PERIOD 1900 TO 2016

WEATHER         OBSERVED          NORMAL  DEPART  LAST YEAR`S
                 VALUE   DATE(S)  VALUE   FROM    VALUE  DATE(S)
                                          NORMAL
................................................................
TEMPERATURE (F)
RECORD
 HIGH              95   12/04/1977
                        12/06/1951
                        12/03/1942
 LOW               11   12/30/1983
HIGHEST            87   12/25        72      15       90  12/26
LOWEST             32   12/19        43     -11       36  12/19
AVG. MAXIMUM     68.5              67.7     0.8     74.2
AVG. MINIMUM     53.5              46.8     6.7     49.8
MEAN             61.0              57.3     3.7     62.0
DAYS MAX >= 90      0               0.0     0.0        1
DAYS MAX <= 32      0               0.0     0.0        0
DAYS MIN <= 32      1               1.9    -0.9        0
DAYS MIN <= 0       0               0.0     0.0        0

PRECIPITATION (INCHES)
RECORD
 MAXIMUM         3.41   1965
 MINIMUM         0.00   2004
TOTALS           1.62              0.88    0.74     0.13
DAILY AVG.       0.05              0.03    0.02     0.00
DAYS >= .01        11               5.6     5.4        4
DAYS >= .10         3               1.7     1.3        0
DAYS >= .50         1               0.5     0.5        0
DAYS >= 1.00        0               0.2    -0.2        0
GREATEST
 24 HR. TOTAL    0.98   12/04 TO 12/04           12/12 TO 12/12
                                                          12/30 TO 12/30
                                                          12/30 TO 12/30
 STORM TOTAL       MM                                 MM
 (MM/DD(HH))            MM                    12/12(00) TO 12/12(00)
                                                 12/30(00) TO 12/30(00)0
                                                 12/30(00) TO 12/30(00)0

SNOWFALL (INCHES)
RECORDS
 TOTAL             MM   MM
 24 HR TOTAL       MM
TOTALS            0.0                MM      MM      0.0
SINCE 7/1         0.0               0.0     0.0      0.0
SNOWDEPTH AVG.      0                MM      MM        0
DAYS >= 1.0         0                MM      MM
GREATEST
 SNOW DEPTH         0   MM                             0
 24 HR TOTAL      0.0   MM                           0.0

DEGREE_DAYS
HEATING TOTAL     179               275     -96      147
 SINCE 7/1        196               390    -194      218
COOLING TOTAL      63                35      28       63
 SINCE 1/1       4789              4290     499     4388
.................................................

WIND (MPH)
AVERAGE WIND SPEED              7.5
HIGHEST WIND SPEED/DIRECTION    31/010    DATE  12/18
HIGHEST GUST SPEED/DIRECTION    41/350    DATE  12/18

SKY COVER
AVERAGE SKY COVER           0.70

AVERAGE RH (PERCENT)     74

WEATHER CONDITIONS. NUMBER OF DAYS WITH
THUNDERSTORM              2     MIXED PRECIP               0
HEAVY RAIN                1     RAIN                       4
LIGHT RAIN               14     FREEZING RAIN              0
LT FREEZING RAIN          0     HAIL                       0
HEAVY SNOW                0     SNOW                       0
LIGHT SNOW                0     SLEET                      0
FOG                      10     FOG W/VIS <= 1/4 MILE      2
HAZE                      0

-  INDICATES NEGATIVE NUMBERS.
R  INDICATES RECORD WAS SET OR TIED.
MM INDICATES DATA IS MISSING.
T  INDICATES TRACE AMOUNT.

$$

95/TJC
