014
CXUS56 KMTR 020345
CLMLVK


CLIMATE REPORT
NATIONAL WEATHER SERVICE SAN FRANCISCO BAY AREA
745 PM PST THU DEC 1 2016

...................................

...THE LIVERMORE AIRPORT CLIMATE SUMMARY FOR THE MONTH OF NOVEMBER 2016...

CLIMATE NORMAL PERIOD 1981 TO 2010
CLIMATE RECORD PERIOD 1930 TO 2016

WEATHER         OBSERVED          NORMAL  DEPART  LAST YEAR`S
                 VALUE   DATE(S)  VALUE   FROM    VALUE  DATE(S)
                                          NORMAL
................................................................
TEMPERATURE (F)
RECORD
 HIGH              90   MM
 LOW               26   11/29/2015
HIGHEST            76   11/12                         77  11/01
                        11/11
LOWEST             33   11/30                         26  11/29
                        11/24
AVG. MAXIMUM     66.3              64.6     1.7     62.8
AVG. MINIMUM     44.0                               39.4
MEAN             55.2              53.6     1.6     51.1
DAYS MAX >= 90      0                                  0
DAYS MAX <= 32      0                                  0
DAYS MIN <= 32      0                                  5
DAYS MIN <= 0       0                                  0

PRECIPITATION (INCHES)
RECORD
 MAXIMUM           MM   MM
 MINIMUM           MM   MM
TOTALS           0.74              1.98   -1.24     2.43
DAILY AVG.       0.02                               0.08
DAYS >= .01         6                                  9
DAYS >= .10         3                                  4
DAYS >= .50         0                                  1
DAYS >= 1.00        0                                  1
GREATEST
 24 HR. TOTAL    0.41   11/19 TO 11/20           11/02 TO 11/02
                                                          11/29 TO 11/29
                                                          11/29 TO 11/29

DEGREE_DAYS
HEATING TOTAL     287               344     -57      414
 SINCE 7/1        372               472    -100      415
COOLING TOTAL       0                 1      -1        2
 SINCE 1/1        955               830     125     1463
..........................................................

WIND (MPH)
AVERAGE WIND SPEED              3.8
RESULTANT WIND SPEED/DIRECTION   0/009
HIGHEST WIND SPEED/DIRECTION    22/220    DATE  11/26
HIGHEST GUST SPEED/DIRECTION    30/190    DATE  11/19

SKY COVER
POSSIBLE SUNSHINE (PERCENT)   MM
AVERAGE SKY COVER           0.20
NUMBER OF DAYS FAIR           19
NUMBER OF DAYS PC              9
NUMBER OF DAYS CLOUDY          2

AVERAGE RH (PERCENT)     71

WEATHER CONDITIONS. NUMBER OF DAYS WITH
THUNDERSTORM              0     MIXED PRECIP               0
HEAVY RAIN                2     RAIN                       3
LIGHT RAIN                8     FREEZING RAIN              0
LT FREEZING RAIN          0     HAIL                       0
HEAVY SNOW                0     SNOW                       0
LIGHT SNOW                0     SLEET                      0
FOG                      16     FOG W/VIS <= 1/4 MILE      5
HAZE                      3

-  INDICATES NEGATIVE NUMBERS.
R  INDICATES RECORD WAS SET OR TIED.
MM INDICATES DATA IS MISSING.
T  INDICATES TRACE AMOUNT.

$$
