000
CXUS54 KMAF 111655
CLMMAF


CLIMATE REPORT
NATIONAL WEATHER SERVICE MIDLAND TX
1154 AM CDT THU MAY 11 2017

...................................

...THE MIDLAND CLIMATE SUMMARY FOR THE MONTH OF APRIL 2017...

CLIMATE NORMAL PERIOD 1981 TO 2010
CLIMATE RECORD PERIOD 1930 TO 2017

WEATHER         OBSERVED          NORMAL  DEPART  LAST YEAR`S
                 VALUE   DATE(S)  VALUE   FROM    VALUE  DATE(S)
                                          NORMAL
................................................................
TEMPERATURE (F)
RECORD
 HIGH             104   04/25/2012
 LOW               20   04/09/1973
HIGHEST            95   04/24        79      16       92  04/25
                                                          04/24
LOWEST             39   04/30        49     -10       36  04/02
AVG. MAXIMUM     81.4              79.2     2.2     80.5
AVG. MINIMUM     54.1              49.3     4.8     53.5
MEAN             67.8              64.2     3.6     67.0
DAYS MAX >= 90      8               3.7     4.3        4
DAYS MAX <= 32      0               0.0     0.0        0
DAYS MIN <= 32      0               0.6    -0.6        0
DAYS MIN <= 0       0               0.0     0.0        0

PRECIPITATION (INCHES)
RECORD
 MAXIMUM         3.59   1931
 MINIMUM         0.00   2011
                        1998
                        1964
TOTALS           2.48              0.65    1.83     1.45
DAILY AVG.       0.08              0.02    0.06     0.05
DAYS >= .01         4               2.9     1.1        6
DAYS >= .10         2               1.6     0.4        4
DAYS >= .50         2               0.3     1.7        1
DAYS >= 1.00        1               0.1     0.9        0
GREATEST
 24 HR. TOTAL    1.47   04/12 TO 04/12              0.62

SNOWFALL (INCHES)
RECORDS
 TOTAL            2.0   1996
TOTALS            0.0               0.1    -0.1      0.0
SINCE 7/1         0.3               4.8    -4.5      8.0
SNOWDEPTH AVG.      0                MM      MM        0
DAYS >= 1.0         0               0.1    -0.1        0
GREATEST
 SNOW DEPTH         0   MM                             0  MM
 24 HR TOTAL      0.0   04/30 TO 04/30               0.0

DEGREE_DAYS
HEATING TOTAL      61               112     -51       54
 SINCE 7/1       1677              2656    -979     2045
COOLING TOTAL     151                90      61      123
 SINCE 1/1        276               108     168      173
.................................................................

WIND (MPH)
AVERAGE WIND SPEED              13.7
HIGHEST WIND SPEED/DIRECTION    39/280    DATE  04/04
HIGHEST GUST SPEED/DIRECTION    50/270    DATE  04/04

SKY COVER
POSSIBLE SUNSHINE (PERCENT)   MM
AVERAGE SKY COVER           0.20
NUMBER OF DAYS FAIR           23
NUMBER OF DAYS PC              6
NUMBER OF DAYS CLOUDY          1

AVERAGE RH (PERCENT)     50

WEATHER CONDITIONS. NUMBER OF DAYS WITH
THUNDERSTORM              0     MIXED PRECIP               0
HEAVY RAIN                2     RAIN                       3
LIGHT RAIN                4     FREEZING RAIN              0
LT FREEZING RAIN          0     HAIL                       0
HEAVY SNOW                0     SNOW                       0
LIGHT SNOW                0     SLEET                      0
FOG                       6     FOG W/VIS <= 1/4 MILE      0
HAZE                      7

-  INDICATES NEGATIVE NUMBERS.
R  INDICATES RECORD WAS SET OR TIED.
MM INDICATES DATA IS MISSING.
T  INDICATES TRACE AMOUNT.

$$
