000
CXUS53 KABR 011954
CLMMBG


CLIMATE REPORT
NATIONAL WEATHER SERVICE ABERDEEN SD
254 PM CDT FRI SEP 1 2017

...................................

...THE MOBRIDGE SD CLIMATE SUMMARY FOR THE MONTH OF AUGUST 2017...

CLIMATE NORMAL PERIOD 1981 TO 2010
CLIMATE RECORD PERIOD 1911 TO 2017

WEATHER         OBSERVED          NORMAL  DEPART  LAST YEAR`S
                 VALUE   DATE(S)  VALUE   FROM    VALUE  DATE(S)
                                          NORMAL
................................................................
TEMPERATURE (F)
RECORD
 HIGH             110   08/09/1947
 LOW               32   08/30/1935
HIGHEST            89   08/29        MM      MM      100  08/22
                                                          08/03
LOWEST             47   08/22        MM      MM       51  08/26
                                                          08/21
                                                          08/20
AVG. MAXIMUM     79.9              84.8    -4.9     87.5
AVG. MINIMUM     56.8              57.9    -1.1     60.1
MEAN             68.4              71.4    -3.0     73.8
DAYS MAX >= 90      0               8.0    -8.0       13
DAYS MAX <= 32      0               0.0     0.0        0
DAYS MIN <= 32      0               0.0     0.0        0
DAYS MIN <= 0       0               0.0     0.0        0

PRECIPITATION (INCHES)
RECORD
 MAXIMUM         6.20   2007
 MINIMUM         0.19   2001
TOTALS           5.70              2.03    3.67     1.85
DAYS >= .01        12                MM      MM        7
DAYS >= .10         7                MM      MM        3
DAYS >= .50         4                MM      MM        2
DAYS >= 1.00        2                MM      MM        0

SNOWFALL (INCHES)
RECORDS
 TOTAL             MM   MM
 SNOW DEPTH        MM   MM
TOTALS            0.0                MM      MM      0.0
SINCE 7/1         0.0                MM      MM      0.0
SNOWDEPTH AVG.      0                MM      MM        0
DAYS >= TRACE       0
DAYS >= 1.0         0
GREATEST
 SNOW DEPTH         0   MM                             0  MM

DEGREE_DAYS
HEATING TOTAL       6                21     -15       13
 SINCE 7/1          6                33     -27       14
COOLING TOTAL     119               217     -98      293
 SINCE 1/1        711               581     130      878

FREEZE DATES
RECORD
 EARLIEST     MM
 LATEST       MM
EARLIEST                        MM
LATEST                          MM
.................................................................

WIND (MPH)
AVERAGE WIND SPEED              8.5
RESULTANT WIND SPEED/DIRECTION   4/091
HIGHEST WIND SPEED/DIRECTION    32/020    DATE  08/02
HIGHEST GUST SPEED/DIRECTION    42/350    DATE  08/02

SKY COVER
POSSIBLE SUNSHINE (PERCENT)   MM
AVERAGE SKY COVER           0.30
NUMBER OF DAYS FAIR           18
NUMBER OF DAYS PC             13
NUMBER OF DAYS CLOUDY          0

AVERAGE RH (PERCENT)     71

WEATHER CONDITIONS. NUMBER OF DAYS WITH
THUNDERSTORM              0     MIXED PRECIP               0
HEAVY RAIN                6     RAIN                       9
LIGHT RAIN               15     FREEZING RAIN              0
LT FREEZING RAIN          0     HAIL                       0
HEAVY SNOW                0     SNOW                       0
LIGHT SNOW                0     SLEET                      0
FOG                      13     FOG W/VIS <= 1/4 MILE      4
HAZE                      3

-  INDICATES NEGATIVE NUMBERS.
R  INDICATES RECORD WAS SET OR TIED.
MM INDICATES DATA IS MISSING.
T  INDICATES TRACE AMOUNT.

$$
