000
CXUS53 KABR 011738
CLMMBG


CLIMATE REPORT
NATIONAL WEATHER SERVICE ABERDEEN SD
1129 AM CST SUN FEB 1 2015

...................................

...THE MOBRIDGE SD CLIMATE SUMMARY FOR THE MONTH OF JANUARY 2015...

CLIMATE NORMAL PERIOD 1981 TO 2010
CLIMATE RECORD PERIOD 1911 TO 2015

WEATHER         OBSERVED          NORMAL  DEPART  LAST YEAR`S
                 VALUE   DATE(S)  VALUE   FROM    VALUE  DATE(S)
                                          NORMAL
................................................................
TEMPERATURE (F)
RECORD
 HIGH              64   01/08/2002
                        01/20/1964
 LOW              -42   01/13/1912
HIGHEST            54   01/28        MM      MM       53  01/15
                        01/26
LOWEST            -17   01/05        MM      MM      -18  01/06
AVG. MAXIMUM     32.4              26.0     6.4     28.2
AVG. MINIMUM     11.6               6.1     5.5      3.2
MEAN             22.0              16.0     6.0     15.7
DAYS MAX >= 90      0               0.0     0.0        0
DAYS MAX <= 32     13              19.5    -6.5       15
DAYS MIN <= 32     30              30.8    -0.8       31
DAYS MIN <= 0      10              10.7    -0.7       16

PRECIPITATION (INCHES)
RECORD
 MAXIMUM         1.58   1949
 MINIMUM            T   1961
                        1935
                        1934
TOTALS           0.31              0.29    0.02     0.18
DAYS >= .01         5                MM      MM        5
DAYS >= .10         1                MM      MM        1
DAYS >= .50         0                MM      MM        0
DAYS >= 1.00        0                MM      MM        0

SNOWFALL (INCHES)
RECORDS
 TOTAL           23.8   MM
 SNOW DEPTH        20   MM
TOTALS            4.3                MM      MM      3.5
SINCE 7/1        14.6                MM      MM     21.5
SNOWDEPTH AVG.      2                MM      MM        2
DAYS >= TRACE       7
DAYS >= 1.0         1
GREATEST
 SNOW DEPTH         5   01/11                          5  01/10
                        01/10                             01/09
                        01/09                             01/08

DEGREE_DAYS
HEATING TOTAL    1325              1517    -192     1521
 SINCE 7/1       4433              4733    -300     5019
COOLING TOTAL       0                 0       0        0
 SINCE 1/1          0                 0       0        0

FREEZE DATES
RECORD
 EARLIEST     MM
 LATEST       MM
EARLIEST                        MM
LATEST                          MM
.................................................................

WIND (MPH)
AVERAGE WIND SPEED              10.4
RESULTANT WIND SPEED/DIRECTION   4/326
HIGHEST WIND SPEED/DIRECTION    43/310    DATE  01/08
HIGHEST GUST SPEED/DIRECTION    52/310    DATE  01/08

SKY COVER
POSSIBLE SUNSHINE (PERCENT)   MM
AVERAGE SKY COVER           0.40
NUMBER OF DAYS FAIR           16
NUMBER OF DAYS PC             10
NUMBER OF DAYS CLOUDY          5

AVERAGE RH (PERCENT)     72

WEATHER CONDITIONS. NUMBER OF DAYS WITH
THUNDERSTORM              0     MIXED PRECIP               0
HEAVY RAIN                0     RAIN                       0
LIGHT RAIN                1     FREEZING RAIN              0
LT FREEZING RAIN          0     HAIL                       0
HEAVY SNOW                1     SNOW                       2
LIGHT SNOW                7     SLEET                      0
FOG                       6     FOG W/VIS <= 1/4 MILE      0
HAZE                      6

-  INDICATES NEGATIVE NUMBERS.
R  INDICATES RECORD WAS SET OR TIED.
MM INDICATES DATA IS MISSING.
T  INDICATES TRACE AMOUNT.

$$
