177
CXUS52 KMLB 011625 AAA
CLMMCO

CLIMATE REPORT
NATIONAL WEATHER SERVICE MELBOURNE FL
1125 AM EST SUN JAN 1 2017

...................................

...THE ORLANDO  AREA CLIMATE SUMMARY FOR THE MONTH OF
DECEMBER 2016...

CLIMATE NORMAL PERIOD 1981 TO 2010
CLIMATE RECORD PERIOD 1892 TO 2016

WEATHER         OBSERVED          NORMAL  DEPART  LAST YEAR`S
                 VALUE   DATE(S)  VALUE   FROM    VALUE
                                          NORMAL
................................................................
TEMPERATURE (F)
MONTHLY RECORD
 WARMEST         71.6   2015
 COLDEST         51.7   1935
DAILY RECORD
 HIGH              91   12/05/1928
 LOW               18   12/28/1894
DECEMBER 2016
HIGHEST            88   12/18                         87
LOWEST             41   12/31                         47
AVG. MAXIMUM     79.2              72.8     6.4     80.5
AVG. MINIMUM     58.5              52.4     6.1     62.6
MEAN             68.8              62.6     6.2     71.6
DAYS MAX >= 90      0               0.0     0.0        0
DAYS MAX <= 32      0               0.0     0.0        0
DAYS MIN <= 32      0               0.6    -0.6        0
DAYS MIN <= 0       0               0.0     0.0        0

PRECIPITATION (INCHES)
MONTHLY RECORD
 MAXIMUM        12.63   1997
 MINIMUM            T   1944
DAILY RECORD
 MAXIMUM         4.25   12/01/1925
DECEMBER 2016
TOTALS           2.52              2.58   -0.06     0.72
DAYS >= .01         7               6.6     0.4        9
DAYS >= .10         4               3.5     0.5        3
DAYS >= .50         2               1.7     0.3        0
DAYS >= 1.00        1               0.8     0.2        0
GREATEST
 24 HR. TOTAL    1.49   12/19 TO 12/20

SNOWFALL (INCHES)
TOTALS            0.0               0.0     0.0      0.0
SINCE 7/1         0.0               0.0     0.0      0.0
DAYS >= TRACE       0                                  0

DEGREE_DAYS
HEATING TOTAL      32               144    -112        9
 SINCE 7/1         55               191    -136       18
COOLING TOTAL     159                70      89      223
 SINCE 1/1       3863              3424     439     4265
.................................................................

WIND (MPH)
AVERAGE WIND SPEED              7.5
HIGHEST WIND SPEED/DIRECTION    26/230    DATE  12/06
HIGHEST GUST SPEED/DIRECTION    36/290    DATE  12/06

SKY COVER
POSSIBLE SUNSHINE (PERCENT)   MM
AVERAGE SKY COVER           0.50
NUMBER OF DAYS FAIR            7
NUMBER OF DAYS PC             18
NUMBER OF DAYS CLOUDY          6

AVERAGE RH (PERCENT)     72

WEATHER CONDITIONS. NUMBER OF DAYS WITH
THUNDERSTORM              3     MIXED PRECIP               0
HEAVY RAIN                3     RAIN                       2
LIGHT RAIN               10     LT FREEZING RAIN           0
HAIL                      0     LIGHT SNOW                 0
SLEET                     0     FOG                       19
FOG W/VIS <= 1/4 MILE     7     HAZE                       0

-  INDICATES NEGATIVE NUMBERS.
R  INDICATES RECORD WAS SET OR TIED.
MM INDICATES DATA IS MISSING.
T  INDICATES TRACE AMOUNT.

===================================================================

...THE ORLANDO INTERNATIONAL CLIMATE SUMMARY FOR THE YEAR OF 2016...

CLIMATE NORMAL PERIOD 1981 TO 2010
CLIMATE RECORD PERIOD 1892 TO 2016

WEATHER         OBSERVED          NORMAL  DEPART  LAST YEAR`S
                 VALUE   DATE(S)  VALUE   FROM    VALUE
                                          NORMAL
.............................................................
TEMPERATURE (F)
YEARLY RECORDS
 WARMEST         75.6   2015
 COOLEST         70.1   1901
DAILY RECORDS
 HIGH             103   09/08/1921
 LOW               18   12/28/1894
2016 DATA
HIGHEST            98   07/08                        100
LOWEST             34   01/24                         33
AVG. MAXIMUM     84.0              82.8     1.2     85.0
AVG. MINIMUM     64.2              62.8     1.4     66.1
MEAN             74.2              72.8     1.4     75.5
DAYS MAX >= 90    117              96.7    20.3      128
DAYS MAX <= 32      0               0.0     0.0        0
DAYS MIN <= 32      0               2.3    -2.3        0
DAYS MIN <= 0       0               0.0     0.0        0

PRECIPITATION (INCHES)
YEARLY RECORDS
 MAXIMUM        74.79   1905
 MINIMUM        30.38   2000
2016 DATA
TOTALS          54.30             50.73    3.57    54.08
DAILY AVG.       0.15              0.14    0.01
DAYS >= .01       129             117.1    11.9      126
DAYS >= .10        75              75.9    -0.9       75
DAYS >= .50        36              33.7     2.3       35
DAYS >= 1.00       17              15.0     2.0       16
GREATEST
 24 HR. TOTAL    4.11   03/24 TO 03/25

SNOWFALL (INCHES)
TOTALS            0.0               0.0     0.0      0.0
SINCE 7/1         0.0               0.0     0.0      0.0
DAYS >= TRACE       0               0.0     0.0        0

DEGREE_DAYS
HEATING TOTAL     407               571    -164      328
 SINCE 7/1         55               191    -136       18
COOLING TOTAL    3863              3424     439     4265
 SINCE 1/1       3863              3424     439     4265
..............................................................

WIND (MPH)
AVERAGE WIND SPEED              7.6
HIGHEST WIND SPEED/DIRECTION    47/150    DATE  08/13
HIGHEST GUST SPEED/DIRECTION    63/110    DATE  07/18

SKY COVER
POSSIBLE SUNSHINE (PERCENT)   MM
AVERAGE SKY COVER           0.50
NUMBER OF DAYS FAIR           69
NUMBER OF DAYS PC            228
NUMBER OF DAYS CLOUDY         69

AVERAGE RH (PERCENT)     69

WEATHER CONDITIONS. NUMBER OF DAYS WITH
THUNDERSTORM            114     MIXED PRECIP               0
HEAVY RAIN               52     RAIN                      65
LIGHT RAIN              162     FREEZING RAIN              0
LT FREEZING RAIN          0     HAIL                       1
LIGHT SNOW                0     SLEET                      0
FOG                     145     FOG W/VIS <= 1/4 MILE     15
HAZE                     21

-  INDICATES NEGATIVE NUMBERS.
R  INDICATES RECORD WAS SET OR TIED.
MM INDICATES DATA IS MISSING.
T  INDICATES TRACE AMOUNT.

$$

SMITH
