000
CXUS51 KCTP 021457 RRA
CLMMDT

PHLCLMMDT 000
TTAA00 KCTP 010749


CLIMATE REPORT
NATIONAL WEATHER SERVICE STATE COLLEGE PA
349 AM EDT FRI SEP 1 2017

...................................

...THE HARRISBURG PA CLIMATE SUMMARY FOR THE MONTH OF AUGUST 2017...

CLIMATE NORMAL PERIOD 1981 TO 2010
CLIMATE RECORD PERIOD 1888 TO 2017

WEATHER         OBSERVED          NORMAL  DEPART  LAST YEAR`S
                 VALUE   DATE(S)  VALUE   FROM    VALUE  DATE(S)
                                          NORMAL
................................................................
TEMPERATURE (F)
RECORD
 HIGH             104   08/07/1918
                        08/06/1918
 LOW               45   08/31/1976
HIGHEST            91   08/22                         96  08/13
LOWEST             56   08/28                         59  08/23
AVG. MAXIMUM     81.6              83.4    -1.8     88.5
AVG. MINIMUM     64.3              64.5    -0.2     69.6
MEAN             73.0              74.0    -1.0     79.1
DAYS MAX >= 90      2               3.7    -1.7       16
DAYS MAX <= 32      0               0.0     0.0        0
DAYS MIN <= 32      0               0.0     0.0        0
DAYS MIN <= 0       0               0.0     0.0        0

PRECIPITATION (INCHES)
RECORD
 MAXIMUM        10.67   1933
 MINIMUM         0.53   1995
TOTALS           4.67              3.20    1.47     4.02
DAILY AVG.       0.15              0.10    0.05     0.13
DAYS >= .01        12               9.1     2.9       10
DAYS >= .10         7               5.9     1.1        6
DAYS >= .50         3               2.1     0.9        2
DAYS >= 1.00        1               1.0     0.0        1
GREATEST
 24 HR. TOTAL    1.60   08/04 TO 08/04

SNOWFALL (INCHES)
RECORDS
 TOTAL            0.0   MM
TOTALS            0.0               0.0     0.0      0.0
SINCE 7/1         0.0               0.0     0.0      0.0
SNOWDEPTH AVG.      0                MM      MM        0
DAYS >= 1.0         0               0.0     0.0        0
GREATEST
 SNOW DEPTH         0   MM                             0  MM
 24 HR TOTAL      0.0   08/31 TO 08/31

DEGREE_DAYS
HEATING TOTAL       2                 2       0        0
 SINCE 7/1          2                 2       0        0
COOLING TOTAL     257               280     -23      446
 SINCE 1/1        998               896     102     1264
..................................................

WIND (MPH)
AVERAGE WIND SPEED              4.5
HIGHEST WIND SPEED/DIRECTION    38/290    DATE  08/19
HIGHEST GUST SPEED/DIRECTION    49/290    DATE  08/19

SKY COVER
POSSIBLE SUNSHINE (PERCENT)   MM
AVERAGE SKY COVER           0.60
NUMBER OF DAYS FAIR            3
NUMBER OF DAYS PC             22
NUMBER OF DAYS CLOUDY          6

AVERAGE RH (PERCENT)     75

WEATHER CONDITIONS. NUMBER OF DAYS WITH
THUNDERSTORM              9     MIXED PRECIP               0
HEAVY RAIN                4     RAIN                       7
LIGHT RAIN               17     FREEZING RAIN              0
LT FREEZING RAIN          0     HAIL                       0
HEAVY SNOW                0     SNOW                       0
LIGHT SNOW                0     SLEET                      0
FOG                      18     FOG W/VIS <= 1/4 MILE      1
HAZE                     13

-  INDICATES NEGATIVE NUMBERS.
R  INDICATES RECORD WAS SET OR TIED.
MM INDICATES DATA IS MISSING.
T  INDICATES TRACE AMOUNT.

$$
JMC
