000
CXUS51 KCTP 011515
CLMMDT

CLIMATE REPORT
NATIONAL WEATHER SERVICE STATE COLLEGE PA
1007 AM EST SUN FEB 1 2015

...................................

...THE HARRISBURG PA CLIMATE SUMMARY FOR THE MONTH OF JANUARY 2015...

CLIMATE NORMAL PERIOD 1981 TO 2010
CLIMATE RECORD PERIOD 1888 TO 2015

WEATHER         OBSERVED          NORMAL  DEPART  LAST YEAR`S
                 VALUE   DATE(S)  VALUE   FROM    VALUE  DATE(S)
                                          NORMAL
................................................................
TEMPERATURE (F)
RECORD
 HIGH              73   01/26/1950
                        01/14/1932
 LOW              -22   01/21/1994
HIGHEST            49   01/04                         50  01/13
LOWEST              7   01/10                          0  01/07
AVG. MAXIMUM     34.0              37.0    -3.0     31.7
AVG. MINIMUM     19.3              22.8    -3.5     14.7
MEAN             26.7              29.9    -3.2     23.2
DAYS MAX >= 90      0               0.0     0.0        0
DAYS MAX <= 32     13               9.8     3.2       15
DAYS MIN <= 32     30              26.0     4.0       30
DAYS MIN <= 0       0               0.4    -0.4        1

PRECIPITATION (INCHES)
RECORD
 MAXIMUM         8.01   1979
 MINIMUM         0.43   1981
TOTALS           2.50              2.88   -0.38     2.44
DAILY AVG.       0.08              0.09   -0.01     0.08
DAYS >= .01        13              10.6     2.4        9
DAYS >= .10         9               6.0     3.0        7
DAYS >= .50         1               2.4    -1.4        1
DAYS >= 1.00        0               0.4    -0.4        0
GREATEST
 24 HR. TOTAL    0.61   01/03 TO 01/04


SNOWFALL (INCHES)
RECORDS
 TOTAL           38.9   1996
TOTALS           11.7               8.8     2.9     11.8
SINCE 7/1        16.2              14.5     1.7     21.0
SNOWDEPTH AVG.      1                 3      -2        1
DAYS >= 1.0         5               2.4     2.6        3
GREATEST
 SNOW DEPTH         4   01/30                          5  01/22
                        01/27
 24 HR TOTAL      3.0   01/24 TO 01/24


DEGREE_DAYS
HEATING TOTAL    1181              1088      93     1287
 SINCE 7/1       3074              3089     -15     3288
COOLING TOTAL       0                 0       0        0
 SINCE 1/1          0                 0       0        0
.......................................................

WIND (MPH)
AVERAGE WIND SPEED              8.0
HIGHEST WIND SPEED/DIRECTION    35/310    DATE  01/07
HIGHEST GUST SPEED/DIRECTION    47/310    DATE  01/07

SKY COVER
POSSIBLE SUNSHINE (PERCENT)   MM
AVERAGE SKY COVER           0.60
NUMBER OF DAYS FAIR            4
NUMBER OF DAYS PC             15
NUMBER OF DAYS CLOUDY         12

AVERAGE RH (PERCENT)     67

WEATHER CONDITIONS. NUMBER OF DAYS WITH
THUNDERSTORM              0     MIXED PRECIP               0
HEAVY RAIN                0     RAIN                       4
LIGHT RAIN                8     FREEZING RAIN              1
LT FREEZING RAIN          5     HAIL                       1
HEAVY SNOW                0     SNOW                       8
LIGHT SNOW               15     SLEET                      4
FOG                      14     FOG W/VIS <= 1/4 MILE      4
HAZE                     11

-  INDICATES NEGATIVE NUMBERS.
R  INDICATES RECORD WAS SET OR TIED.
MM INDICATES DATA IS MISSING.
T  INDICATES TRACE AMOUNT.

$$

EVANEGO
