000
CXUS54 KMEG 011556
CLMMEG


CLIMATE REPORT
NATIONAL WEATHER SERVICE MEMPHIS TN
1046 AM CDT TUE JUL 1 2014

...................................

...THE MEMPHIS/GERMANTOWN WFO CLIMATE SUMMARY FOR THE MONTH OF JUNE 2014...

CLIMATE NORMAL PERIOD 1981 TO 2010
CLIMATE RECORD PERIOD 1988 TO 2014

WEATHER         OBSERVED          NORMAL  DEPART  LAST YEAR`S
                 VALUE   DATE(S)  VALUE   FROM    VALUE  DATE(S)
                                          NORMAL
................................................................
TEMPERATURE (F)
RECORD
 HIGH             102   06/29/2012
 LOW                0   06/23/2014
HIGHEST            94   06/21        MM      MM       97  06/27
                                                          06/11
LOWEST             57   06/14        MM      MM       59  06/08
AVG. MAXIMUM     87.8              87.9    -0.1     88.6
AVG. MINIMUM     69.5              67.4     2.1     68.3
MEAN             78.7              77.7     1.0     78.4
DAYS MAX >= 90     14              12.9     1.1       14
DAYS MAX <= 32      0               0.0     0.0        0
DAYS MIN <= 32      0               0.0     0.0        0
DAYS MIN <= 0       0               0.0     0.0        0

PRECIPITATION (INCHES)
RECORD
 MAXIMUM           MM   MM
 MINIMUM           MM   MM
TOTALS          13.09              3.68    9.41     3.87
DAILY AVG.       0.44              0.12    0.32     0.13
DAYS >= .01        16               9.0     7.0        5
DAYS >= .10        10               5.9     4.1        4
DAYS >= .50         6               2.5     3.5        3
DAYS >= 1.00        5               1.2     3.8        1
GREATEST
 24 HR. TOTAL    6.13   06/29 TO 06/29

SNOWFALL (INCHES)
RECORDS
 TOTAL             MM   5
TOTALS            0.0               0.0     0.0      0.0
SINCE 7/1         0.8               2.4    -1.6      0.8
SNOWDEPTH AVG.      0                MM      MM        0
DAYS >= 1.0         0               0.0     0.0        0
GREATEST
 SNOW DEPTH         0   MM                             0  MM
 24 HR TOTAL      0.0   06/30 TO 06/30

DEGREE_DAYS
HEATING TOTAL       0                 2      -2        0
 SINCE 7/1       3743              3414     329     3241
COOLING TOTAL     417               381      36      408
 SINCE 1/1        716               632      84      668
.................................................................



-  INDICATES NEGATIVE NUMBERS.
R  INDICATES RECORD WAS SET OR TIED.
MM INDICATES DATA IS MISSING.
T  INDICATES TRACE AMOUNT.

$$
