000
CXUS54 KMEG 020037
CLMMEG


CLIMATE REPORT
NATIONAL WEATHER SERVICE MEMPHIS TN
735 PM CDT FRI SEP 1 2017

...................................

...THE MEMPHIS/GERMANTOWN WFO CLIMATE SUMMARY FOR THE MONTH OF AUGUST 2017...

CLIMATE NORMAL PERIOD 1981 TO 2010
CLIMATE RECORD PERIOD 1988 TO 2017

WEATHER         OBSERVED          NORMAL  DEPART  LAST YEAR`S
                 VALUE   DATE(S)  VALUE   FROM    VALUE  DATE(S)
                                          NORMAL
................................................................
TEMPERATURE (F)
RECORD
 HIGH             106   08/15/2007
 LOW               47   08/08/2009
HIGHEST            95   08/21        MM      MM       98  08/03
                        08/19
LOWEST             61   08/24        MM      MM       65  08/22
AVG. MAXIMUM     87.5              90.6    -3.1     90.7
AVG. MINIMUM     69.4              69.5    -0.1     73.6
MEAN             78.4              80.1    -1.7     82.2
DAYS MAX >= 90     11              17.3    -6.3       21
DAYS MAX <= 32      0               0.0     0.0        0
DAYS MIN <= 32      0               0.0     0.0        0
DAYS MIN <= 0       0               0.0     0.0        0

PRECIPITATION (INCHES)
RECORD
 MAXIMUM           MM   MM
 MINIMUM           MM   MM
TOTALS           8.57              3.30    5.27     4.70
DAILY AVG.       0.28              0.11    0.17     0.15
DAYS >= .01        13               6.6     6.4       11
DAYS >= .10         8               4.4     3.6        8
DAYS >= .50         3               1.7     1.3        4
DAYS >= 1.00        2               0.7     1.3        1
GREATEST
 24 HR. TOTAL    5.29   08/31 TO 08/31

SNOWFALL (INCHES)
RECORDS
 TOTAL             MM   5
TOTALS            0.0               0.0     0.0      0.0
SINCE 7/1         0.0               0.0     0.0      0.0
SNOWDEPTH AVG.      0                MM      MM        0
DAYS >= 1.0         0               0.0     0.0        0
GREATEST
 SNOW DEPTH         0   MM                             0  MM
 24 HR TOTAL      0.0   08/31 TO 08/31

DEGREE_DAYS
HEATING TOTAL       0                 0       0        0
 SINCE 7/1          0                 0       0        0
COOLING TOTAL     425               467     -42      543
 SINCE 1/1       1692              1595      97     1836
.................................................................



-  INDICATES NEGATIVE NUMBERS.
R  INDICATES RECORD WAS SET OR TIED.
MM INDICATES DATA IS MISSING.
T  INDICATES TRACE AMOUNT.

$$
