000
CXUS54 KMEG 011821
CLMMEM


CLIMATE REPORT
NATIONAL WEATHER SERVICE MEMPHIS TN
1218 PM CST SUN FEB 1 2015

...................................

...THE MEMPHIS CLIMATE SUMMARY FOR THE MONTH OF JANUARY 2015...

CLIMATE NORMAL PERIOD 1981 TO 2010
CLIMATE RECORD PERIOD 1872 TO 2015

WEATHER         OBSERVED          NORMAL  DEPART  LAST YEAR`S
                 VALUE   DATE(S)  VALUE   FROM    VALUE  DATE(S)
                                          NORMAL
................................................................
TEMPERATURE (F)
RECORD
 HIGH              79   01/31/2002
                        01/12/1890
 LOW               -8   01/12/1918
                        01/09/1886
HIGHEST            65   01/19        49      16       64  01/26
                                                          01/20
LOWEST              9   01/08        31     -22        8  01/07
AVG. MAXIMUM     50.1              49.8     0.3     47.6
AVG. MINIMUM     31.9              32.6    -0.7     24.6
MEAN             41.0              41.2    -0.2     36.1
DAYS MAX >= 90      0               0.0     0.0        0
DAYS MAX <= 32      1               2.0    -1.0        4
DAYS MIN <= 32     12              14.5    -2.5       24
DAYS MIN <= 0       0               0.0     0.0        0

PRECIPITATION (INCHES)
RECORD
 MAXIMUM        17.56   1937
 MINIMUM         0.57   1986
TOTALS           1.30              3.98   -2.68     3.16
DAILY AVG.       0.04              0.13   -0.09     0.10
DAYS >= .01         7               9.5    -2.5        8
DAYS >= .10         4               6.4    -2.4        5
DAYS >= .50         1               2.6    -1.6        2
DAYS >= 1.00        0               1.0    -1.0        1
GREATEST
 24 HR. TOTAL    0.63   01/03 TO 01/03

SNOWFALL (INCHES)
RECORDS
 TOTAL           15.1   1948
TOTALS            0.0               1.9    -1.9        T
SINCE 7/1         0.2               2.1    -1.9        T
SNOWDEPTH AVG.      0                MM      MM        0
DAYS >= 1.0         0               0.6    -0.6        0
GREATEST
 SNOW DEPTH         0   MM                            -1  01/28
 24 HR TOTAL      0.0   01/31 TO 01/31

DEGREE_DAYS
HEATING TOTAL     738               738       0      891
 SINCE 7/1       1921              1902      19     2161
COOLING TOTAL       0                 1      -1        0
 SINCE 1/1          0                 0       0        0
.................................................................

WIND (MPH)
AVERAGE WIND SPEED              7.8
HIGHEST WIND SPEED/DIRECTION    29/010    DATE  01/07
HIGHEST GUST SPEED/DIRECTION    38/360    DATE  01/07

SKY COVER
POSSIBLE SUNSHINE (PERCENT)   MM
AVERAGE SKY COVER           0.60
NUMBER OF DAYS FAIR           10
NUMBER OF DAYS PC             10
NUMBER OF DAYS CLOUDY         11

AVERAGE RH (PERCENT)     59

WEATHER CONDITIONS. NUMBER OF DAYS WITH
THUNDERSTORM              0     MIXED PRECIP               0
HEAVY RAIN                1     RAIN                       2
LIGHT RAIN               10     FREEZING RAIN              0
LT FREEZING RAIN          0     HAIL                       0
HEAVY SNOW                0     SNOW                       0
LIGHT SNOW                0     SLEET                      0
FOG                       6     FOG W/VIS <= 1/4 MILE      1
HAZE                      2

-  INDICATES NEGATIVE NUMBERS.
R  INDICATES RECORD WAS SET OR TIED.
MM INDICATES DATA IS MISSING.
T  INDICATES TRACE AMOUNT.

$$
