000
CXUS54 KMEG 020130
CLMMEM


CLIMATE REPORT
NATIONAL WEATHER SERVICE MEMPHIS TN
722 PM CST THU FEB 1 2018

...................................

...THE MEMPHIS CLIMATE SUMMARY FOR THE MONTH OF JANUARY 2018...

CLIMATE NORMAL PERIOD 1981 TO 2010
CLIMATE RECORD PERIOD 1872 TO 2018

WEATHER         OBSERVED          NORMAL  DEPART  LAST YEAR`S
                 VALUE   DATE(S)  VALUE   FROM    VALUE  DATE(S)
                                          NORMAL
................................................................
TEMPERATURE (F)
RECORD
 HIGH              79   01/31/2002
                        01/12/1890
 LOW               -8   01/12/1918
                        01/09/1886
HIGHEST            68   01/21        49      19       76  01/12
LOWEST              7   01/17        31     -24       13  01/08
                                                          01/07
AVG. MAXIMUM     46.2              49.8    -3.6     56.4
AVG. MINIMUM     28.6              32.6    -4.0     40.6
MEAN             37.4              41.2    -3.8     48.5
DAYS MAX >= 90      0               0.0     0.0        0
DAYS MAX <= 32      7               2.0     5.0        3
DAYS MIN <= 32     19              14.5     4.5        7
DAYS MIN <= 0       0               0.0     0.0        0

PRECIPITATION (INCHES)
RECORD
 MAXIMUM        17.56   1937
 MINIMUM         0.57   1986
TOTALS           4.02              3.98    0.04     4.26
DAILY AVG.       0.13              0.13    0.00     0.14
DAYS >= .01        10               9.5     0.5       13
DAYS >= .10         5               6.4    -1.4        5
DAYS >= .50         4               2.6     1.4        4
DAYS >= 1.00        1               1.0     0.0        1
GREATEST
 24 HR. TOTAL    1.10   01/11 TO 01/11

SNOWFALL (INCHES)
RECORDS
 TOTAL           15.1   1948
TOTALS            2.5               1.9     0.6      2.0
SINCE 7/1         2.5               2.1     0.4      2.0
SNOWDEPTH AVG.      0                MM      MM        0
DAYS >= 1.0         1               0.6     0.4        1
GREATEST
 SNOW DEPTH         2   01/16                          1  01/07
 24 HR TOTAL      1.8   01/16 TO 01/16

DEGREE_DAYS
HEATING TOTAL     847               738     109      503
 SINCE 7/1       1986              1902      84     1403
COOLING TOTAL       0                 1      -1        2
 SINCE 1/1          0                 0       0        2
.................................................................

WIND (MPH)
AVERAGE WIND SPEED              9.2
HIGHEST WIND SPEED/DIRECTION    29/230    DATE  01/22
HIGHEST GUST SPEED/DIRECTION    39/180    DATE  01/22

SKY COVER
POSSIBLE SUNSHINE (PERCENT)   MM
AVERAGE SKY COVER           0.50
NUMBER OF DAYS FAIR           10
NUMBER OF DAYS PC             12
NUMBER OF DAYS CLOUDY          9

AVERAGE RH (PERCENT)     65

WEATHER CONDITIONS. NUMBER OF DAYS WITH
THUNDERSTORM              0     MIXED PRECIP               0
HEAVY RAIN                4     RAIN                       4
LIGHT RAIN                8     FREEZING RAIN              0
LT FREEZING RAIN          1     HAIL                       0
HEAVY SNOW                0     SNOW                       1
LIGHT SNOW                5     SLEET                      2
FOG                      10     FOG W/VIS <= 1/4 MILE      0
HAZE                      1

-  INDICATES NEGATIVE NUMBERS.
R  INDICATES RECORD WAS SET OR TIED.
MM INDICATES DATA IS MISSING.
T  INDICATES TRACE AMOUNT.

$$
