000
CXUS51 KCLE 011632
CLMMFD


CLIMATE REPORT
NATIONAL WEATHER SERVICE CLEVELAND OH
1232 PM EDT WED OCT 1 2014

...................................

...THE MANSFIELD OH CLIMATE SUMMARY FOR THE MONTH OF SEPTEMBER 2014...

CLIMATE NORMAL PERIOD 1981 TO 2010
CLIMATE RECORD PERIOD 1916 TO 2014

WEATHER         OBSERVED          NORMAL  DEPART  LAST YEAR`S
                 VALUE   DATE(S)  VALUE   FROM    VALUE
                                          NORMAL
.............................................................
TEMPERATURE (F)
RECORD
 HIGH              95   09/10/2013
 LOW               33   09/28/1991
                        09/24/1989
HIGHEST            90   09/05
LOWEST             40   09/23
                        09/14
AVG. MAXIMUM     74.5              73.3     1.2     74.2
AVG. MINIMUM     51.8              52.6    -0.8     52.6
MEAN             63.2              63.0     0.2     63.4
DAYS MAX >= 90      1               0.3     0.7        1
DAYS MAX <= 32      0               0.0     0.0        0
DAYS MIN <= 32      0               0.0     0.0        0
DAYS MIN <= 0       0               0.0     0.0        0

PRECIPITATION (INCHES)
RECORD
 MAXIMUM         7.76   1986
 MINIMUM         0.70   1998
TOTALS           1.47              3.32   -1.85     2.73
DAYS >= .01         9               9.5    -0.5        9
DAYS >= .10         5               5.9    -0.9        4
DAYS >= .50         0               2.1    -2.1        2
DAYS >= 1.00        0               1.1    -1.1        0
GREATEST
 24 HR. TOTAL    0.58   09/10 TO 09/11              1.37

SNOWFALL (INCHES)
RECORDS
 TOTAL              T   5
                        0
                        -26215
TOTALS            0.0               0.0     0.0      0.0
SINCE 7/1         0.0               0.0     0.0      0.0
DAYS >= 1.0         0               0.0     0.0        0
GREATEST
 24 HR TOTAL      0.0   09/29 TO 09/29

DEGREE_DAYS
HEATING TOTAL     112               125     -13      118
 SINCE 7/1        139               150     -11      146
COOLING TOTAL      65                63       2       75
 SINCE 1/1        619               625      -6      717
..............................................................

WIND (MPH)
AVERAGE WIND SPEED              6.3
HIGHEST WIND SPEED/DIRECTION    32/310    DATE  09/05
HIGHEST GUST SPEED/DIRECTION    39/320    DATE  09/05

SKY COVER
AVERAGE SKY COVER           0.30

AVERAGE RH (PERCENT)     74

WEATHER CONDITIONS. NUMBER OF DAYS WITH
THUNDERSTORM              0     MIXED PRECIP               0
HEAVY RAIN                2     RAIN                       4
LIGHT RAIN                9     FREEZING RAIN              0
LT FREEZING RAIN          0     HAIL                       0
HEAVY SNOW                0     SNOW                       0
LIGHT SNOW                0     SLEET                      0
FOG                      22     FOG W/VIS <= 1/4 MILE      2
HAZE                      0

-  INDICATES NEGATIVE NUMBERS.
R  INDICATES RECORD WAS SET OR TIED.
MM INDICATES DATA IS MISSING.
T  INDICATES TRACE AMOUNT.

$$
