000
CXUS44 KBRO 011033
CLMMFE


CLIMATE REPORT
NATIONAL WEATHER SERVICE BROWNSVILLE TX
522 AM CDT SAT APR 1 2017

...................................

...THE MCALLEN CLIMATE SUMMARY FOR THE MONTH OF MARCH 2017...

CLIMATE NORMAL PERIOD 1981 TO 2010
CLIMATE RECORD PERIOD 1961 TO 2017

WEATHER         OBSERVED          NORMAL  DEPART  LAST YEAR`S
                 VALUE   DATE(S)  VALUE   FROM    VALUE  DATE(S)
                                          NORMAL
................................................................
TEMPERATURE (F)
HIGHEST            95   03/25        95       0      100  03/31
LOWEST             53   03/14        42      11       48  03/21
AVG. MAXIMUM     86.1              81.8     4.3
AVG. MINIMUM     66.5              59.8     6.7
MEAN             76.3              70.8     5.5     76.2
DAYS MAX >= 90      8               4.6     3.4
DAYS MAX <= 32      0               0.0     0.0
DAYS MIN <= 32      0               0.0     0.0
DAYS MIN <= 0       0               0.0     0.0

PRECIPITATION (INCHES)
TOTALS           2.52              1.03    1.49       MM
DAILY AVG.       0.08              0.03    0.05       MM
DAYS >= .01         4               4.0     0.0       MM
DAYS >= .10         2               1.4     0.6       MM
DAYS >= .50         2               0.4     1.6       MM
DAYS >= 1.00        1               0.2     0.8       MM
GREATEST
 24 HR. TOTAL    1.75   03/04 TO 03/04

DEGREE_DAYS
HEATING TOTAL       1                38     -37        6
 SINCE 7/1        189               571    -382      317
COOLING TOTAL     361               218     143      361
 SINCE 1/1        842               377     465      566

..................................................

WIND (MPH)
AVERAGE WIND SPEED              11.7
HIGHEST WIND SPEED/DIRECTION    32/130    DATE  03/23
HIGHEST GUST SPEED/DIRECTION    40/140    DATE  03/23

SKY COVER
AVERAGE SKY COVER           0.50
NUMBER OF DAYS FAIR            8
NUMBER OF DAYS PC             17
NUMBER OF DAYS CLOUDY          6

AVERAGE RH (PERCENT)     67

WEATHER CONDITIONS. NUMBER OF DAYS WITH
THUNDERSTORM              0     MIXED PRECIP               0
HEAVY RAIN                2     RAIN                       1
LIGHT RAIN                8     FREEZING RAIN              0
LT FREEZING RAIN          0     HAIL                       0
HEAVY SNOW                0     SNOW                       0
LIGHT SNOW                0     SLEET                      0
FOG                      20     FOG W/VIS <= 1/4 MILE      1
HAZE                     14

-  INDICATES NEGATIVE NUMBERS.
R  INDICATES RECORD WAS SET OR TIED.
MM INDICATES DATA IS MISSING.
T  INDICATES TRACE AMOUNT.

$$
