000
CXUS56 KMFR 010941
CLMMFR


CLIMATE REPORT
NATIONAL WEATHER SERVICE MEDFORD, OR
241 AM PDT SAT JUL 1 2017

...................................

...THE MEDFORD OR CLIMATE SUMMARY FOR THE MONTH OF JUNE 2017...

CLIMATE NORMAL PERIOD 1981 TO 2010
CLIMATE RECORD PERIOD 1911 TO 2017

WEATHER         OBSERVED          NORMAL  DEPART  LAST YEAR`S
                 VALUE   DATE(S)  VALUE   FROM    VALUE  DATE(S)
                                          NORMAL
................................................................
TEMPERATURE (F)
RECORD
 HIGH             111   06/22/1992
 LOW               31   06/12/1952
HIGHEST           107   06/24                        101  06/06
LOWEST             45   06/11                         44  06/11
AVG. MAXIMUM     84.2              81.6     2.6     85.0
AVG. MINIMUM     55.8              52.0     3.8     55.1
MEAN             70.0              66.8     3.2     70.0
DAYS MAX >= 90     10               6.3     3.7       13
DAYS MAX <= 32      0               0.0     0.0        0
DAYS MIN <= 32      0               0.0     0.0        0
DAYS MIN <= 0       0               0.0     0.0        0

PRECIPITATION (INCHES)
RECORD
 MAXIMUM         3.49   1931
TOTALS           0.50              0.62   -0.12     0.57
DAILY AVG.       0.02              0.02    0.00     0.02
DAYS >= .01         3               4.2    -1.2        4
DAYS >= .10         3               2.0     1.0        3
DAYS >= .50         0               0.2    -0.2        0
DAYS >= 1.00        0               0.0     0.0        0
GREATEST
 24 HR. TOTAL    0.21   06/08 TO 06/08

SNOWFALL (INCHES)
RECORDS
 TOTAL            0.0   2010
TOTALS            0.0               0.0     0.0      0.0
SINCE 7/1        11.8               4.1     7.7      1.9

DEGREE_DAYS
HEATING TOTAL      45                54      -9       40
 SINCE 7/1       4063              4251    -188     3460
COOLING TOTAL     205               108      97      201
 SINCE 1/1        292               146     146      262

FREEZE DATES
RECORD
 EARLIEST     09/13/1921
 LATEST       06/12/1952
EARLIEST                        10/18
LATEST                          04/29
.................................................................

WIND (MPH)
AVERAGE WIND SPEED              5.3
HIGHEST WIND SPEED/DIRECTION    33/180    DATE  06/25
HIGHEST GUST SPEED/DIRECTION    43/180    DATE  06/25

SKY COVER
POSSIBLE SUNSHINE (PERCENT)   MM
AVERAGE SKY COVER           0.20
NUMBER OF DAYS FAIR           19
NUMBER OF DAYS PC              6
NUMBER OF DAYS CLOUDY          4

AVERAGE RH (PERCENT)     53

WEATHER CONDITIONS. NUMBER OF DAYS WITH
THUNDERSTORM              0     MIXED PRECIP               0
HEAVY RAIN                1     RAIN                       1
LIGHT RAIN                5     FREEZING RAIN              0
LT FREEZING RAIN          0     HAIL                       0
HEAVY SNOW                0     SNOW                       0
LIGHT SNOW                0     SLEET                      0
FOG                       2     FOG W/VIS <= 1/4 MILE      0
HAZE                     10

-  INDICATES NEGATIVE NUMBERS.
R  INDICATES RECORD WAS SET OR TIED.
MM INDICATES DATA IS MISSING.
T  INDICATES TRACE AMOUNT.

$$
