000
CXUS56 KMFR 011203
CLMMFR

CLIMATE REPORT
NATIONAL WEATHER SERVICE MEDFORD, OR
154 AM PDT TUE SEP 1 2015

...................................

...THE MEDFORD OR CLIMATE SUMMARY FOR THE MONTH OF AUGUST 2015...

CLIMATE NORMAL PERIOD 1981 TO 2010
CLIMATE RECORD PERIOD 1911 TO 2015

WEATHER         OBSERVED          NORMAL  DEPART  LAST YEAR`S
                 VALUE   DATE(S)  VALUE   FROM    VALUE  DATE(S)
                                          NORMAL
................................................................
TEMPERATURE (F)
RECORD
 HIGH             114   08/08/1981
 LOW               39   08/27/1962
HIGHEST           104   08/01                        102  08/01
LOWEST             51   08/31                         54  08/25
AVG. MAXIMUM     92.0              90.7     1.3     92.9
AVG. MINIMUM     59.8              56.8     3.0     61.0
MEAN             75.9              73.7     2.2     77.0
DAYS MAX >= 90     24              17.5     6.5       25
DAYS MAX <= 32      0               0.0     0.0        0
DAYS MIN <= 32      0               0.0     0.0        0
DAYS MIN <= 0       0               0.0     0.0        0

PRECIPITATION (INCHES)
RECORD
 MAXIMUM         2.83   1976
TOTALS           0.04              0.40   -0.36     0.63
DAILY AVG.       0.00              0.01   -0.01     0.02
DAYS >= .01         2               1.9     0.1        3
DAYS >= .10         0               1.0    -1.0        2
DAYS >= .50         0               0.2    -0.2        0
DAYS >= 1.00        0               0.0     0.0        0
GREATEST
 24 HR. TOTAL    0.03   08/29 TO 08/29
                        08/28 TO 08/29
                        08/29 TO 08/29

SNOWFALL (INCHES)
RECORDS
 TOTAL            0.0   2010
TOTALS            0.0               0.0     0.0      0.0
SINCE 7/1         0.0               0.0     0.0      0.0

DEGREE_DAYS
HEATING TOTAL       0                 4      -4        0
 SINCE 7/1          0                10     -10        0
COOLING TOTAL     349               275      74      376
 SINCE 1/1       1130               707     423     1014

FREEZE DATES
RECORD
 EARLIEST     09/13/1921
 LATEST       06/12/1952
EARLIEST                        10/18
LATEST                          04/29
.................................................................

WIND (MPH)
AVERAGE WIND SPEED              4.6
HIGHEST WIND SPEED/DIRECTION    23/320    DATE  08/30
HIGHEST GUST SPEED/DIRECTION    36/300    DATE  08/12

SKY COVER
POSSIBLE SUNSHINE (PERCENT)   MM
AVERAGE SKY COVER           0.20
NUMBER OF DAYS FAIR           25
NUMBER OF DAYS PC              4
NUMBER OF DAYS CLOUDY          2

AVERAGE RH (PERCENT)     42

WEATHER CONDITIONS. NUMBER OF DAYS WITH
THUNDERSTORM              0     MIXED PRECIP               0
HEAVY RAIN                0     RAIN                       1
LIGHT RAIN                2     FREEZING RAIN              0
LT FREEZING RAIN          0     HAIL                       0
HEAVY SNOW                0     SNOW                       0
LIGHT SNOW                0     SLEET                      0
FOG                       0     FOG W/VIS <= 1/4 MILE      0
HAZE                     28

-  INDICATES NEGATIVE NUMBERS.
R  INDICATES RECORD WAS SET OR TIED.
MM INDICATES DATA IS MISSING.
T  INDICATES TRACE AMOUNT.

&&

AUGUST 2015 CAN BE SUMMED UP IN ONE WORD...SMOKY. BELOW NORMAL
PRECIPITATION AND ABOVE NORMAL TEMPERATURES OVER MOST OF THE CWA IN
DECEMBER AND JANUARY LEAD TO LOW SNOWPACK OVER MUCH OF THE PACNW AND
CALIFORNIA. EXPECTATIONS FOR AN ACTIVE FIRE SEASON WERE REALIZED AT
THE END OF JULY AND IN AUGUST. DRY AND UNSTABLE CONDITIONS LED TO
THE RAPID GROWTH OF THE STOUTS CREEK FIRE IN SOUTHEAST DOUGLAS
COUNTY JULY 30...SETTING THE TONE FOR MUCH OF AUGUST. IN THE ABSENCE
OF STRONG SYNOPTIC FORCING, AFTERNOON WINDS IN THE ROGUE VALLEY ARE
NORTH/NORTHWESTERLY (UPVALLEY). THUS, THE STOUTS CREEK FIRE WAS A
NEARLY CONTINUOUS SOURCE OF SMOKE FOR THE VALLEY...CAUSING POOR AIR
QUALITY AND VISIBILITIES DOWN TO 1/2 MILE AT TIMES. THE COLLIER
BUTTE FIRE NEAR GOLD BEACH...AND THE GASQUET COMPLEX NEAR GASQUET
WERE ALSO SMOKE SOURCES. THE LAST WEEKEND OF AUGUST, A LOW PRESSURE
SYSTEM MORE TYPICAL OF FALL BROUGHT PRECIPITATION, COOLER
TEMPERATURES, AND STRONG WINDS TO THE AREA, CLEARING SMOKE OUT OF
THE ROGUE VALLEY. THE MONTHLY AVERAGE TEMPERATURE OF 75.9 WAS THE
SIXTH HIGHEST ON RECORD. THE AVERAGE MINIMUM TEMPERATURE FOR AUGUST
WAS 59.8, WHICH IS TIED WITH 2004 FOR SECOND HIGHEST AVERAGE MINIMUM
TEMPERATURE ON RECORD. THE RECORD OF 61.0 WAS SET IN 2014. -MSC

$$
