000
CXUS53 KTOP 011612
CLMMHK


CLIMATE REPORT
NATIONAL WEATHER SERVICE TOPEKA KS
1007 AM CST THU DEC 1 2016

...................................

...THE MANHATTAN KS CLIMATE SUMMARY FOR THE MONTH OF NOVEMBER 2016...

CLIMATE NORMAL PERIOD 1981 TO 2010
CLIMATE RECORD PERIOD 9999 TO 9999

WEATHER         OBSERVED          NORMAL  DEPART  LAST YEAR`S
                 VALUE   DATE(S)  VALUE   FROM    VALUE
                                          NORMAL
.............................................................
TEMPERATURE (F)
HIGHEST            85   11/16                         80
LOWEST             22   11/19                         22
AVG. MAXIMUM     63.7              54.9     8.8     61.3
AVG. MINIMUM     36.8              30.1     6.7     35.4
MEAN             50.2              42.5     7.7     48.3
DAYS MAX >= 90      0               0.0     0.0        0
DAYS MAX <= 32      0               0.5    -0.5        2
DAYS MIN <= 32     12              18.3    -6.3       16
DAYS MIN <= 0       0               0.0     0.0        0

PRECIPITATION (INCHES)
TOTALS           0.31              1.60   -1.29     4.71
DAILY AVG.       0.01                               0.16
DAYS >= .01         4                                  9
DAYS >= .10         1                                  6
DAYS >= .50         0                                  4
DAYS >= 1.00        0                                  2
GREATEST
 24 HR. TOTAL    0.13   11/22 TO 11/22              1.62

DEGREE_DAYS
HEATING TOTAL     439               676    -237      497
 SINCE 7/1        610              1075    -465      739
COOLING TOTAL       3                 1       2        4
 SINCE 1/1       1749              1362     387     1617
..............................................................

WIND (MPH)
AVERAGE WIND SPEED              6.3
HIGHEST WIND SPEED/DIRECTION    30/200    DATE  11/27
HIGHEST GUST SPEED/DIRECTION    44/180    DATE  11/27

SKY COVER
POSSIBLE SUNSHINE (PERCENT)   MM
AVERAGE SKY COVER           0.30
NUMBER OF DAYS FAIR           20
NUMBER OF DAYS PC              6
NUMBER OF DAYS CLOUDY          4

AVERAGE RH (PERCENT)     66

WEATHER CONDITIONS. NUMBER OF DAYS WITH
THUNDERSTORM              1     MIXED PRECIP               0
HEAVY RAIN                1     RAIN                       1
LIGHT RAIN                4     FREEZING RAIN              0
LT FREEZING RAIN          0     HEAVY SNOW                 0
SNOW                      0     LIGHT SNOW                 0
FOG                      10     FOG W/VIS <= 1/4 MILE      0
HAZE                      2

-  INDICATES NEGATIVE NUMBERS.
R  INDICATES RECORD WAS SET OR TIED.
MM INDICATES DATA IS MISSING.
T  INDICATES TRACE AMOUNT.

$$
