000
CXUS53 KIND 011617
CLMMIE


CLIMATE REPORT
NATIONAL WEATHER SERVICE INDIANAPOLIS IN
1111 AM EST SUN MAR 1 2015

...................................

...THE MUNCIE IN CLIMATE SUMMARY FOR THE MONTH OF FEBRUARY 2015...

CLIMATE NORMAL PERIOD 1981 TO 2010
CLIMATE RECORD PERIOD 9999 TO 9999

WEATHER         OBSERVED          NORMAL  DEPART  LAST YEAR`S
                 VALUE   DATE(S)  VALUE   FROM    VALUE  DATE(S)
                                          NORMAL
................................................................
TEMPERATURE (F)
HIGHEST            56   02/08                         59  02/20
LOWEST             -6   02/28                        -13  02/11
                        02/20
AVG. MAXIMUM     26.7              37.8   -11.1     28.9
AVG. MINIMUM      9.8              21.5   -11.7     11.7
MEAN             18.3              29.7   -11.4     20.3
DAYS MAX >= 90      0               0.0     0.0        0
DAYS MAX <= 32     21               8.7    12.3       17
DAYS MIN <= 32     27              23.4     3.6       27
DAYS MIN <= 0       7               1.1     5.9        7

PRECIPITATION (INCHES)
TOTALS           1.01              2.31   -1.30     2.33
DAILY AVG.       0.04              0.08   -0.04     0.08
DAYS >= .01         5               9.9    -4.9       10
DAYS >= .10         3               5.5    -2.5        6
DAYS >= .50         0               1.5    -1.5        2
DAYS >= 1.00        0               0.3    -0.3        0
GREATEST
 24 HR. TOTAL    0.48   01/31 TO 02/01

DEGREE_DAYS
HEATING TOTAL    1302               990     312     1244
 SINCE 7/1       4865              4383     482     4910
COOLING TOTAL       0                 0       0        0
 SINCE 1/1          0                 0       0        0
.................................................................

WIND (MPH)
AVERAGE WIND SPEED              9.9
HIGHEST WIND SPEED/DIRECTION    37/340    DATE  02/14
HIGHEST GUST SPEED/DIRECTION    47/320    DATE  02/14

SKY COVER
POSSIBLE SUNSHINE (PERCENT)   MM
AVERAGE SKY COVER           0.50
NUMBER OF DAYS FAIR            8
NUMBER OF DAYS PC             12
NUMBER OF DAYS CLOUDY          8

AVERAGE RH (PERCENT)     72

WEATHER CONDITIONS. NUMBER OF DAYS WITH
THUNDERSTORM              0     MIXED PRECIP               0
HEAVY RAIN                0     RAIN                       0
LIGHT RAIN                3     FREEZING RAIN              0
LT FREEZING RAIN          2     HAIL                       0
HEAVY SNOW                4     SNOW                       7
LIGHT SNOW               12     SLEET                      0
FOG                      20     FOG W/VIS <= 1/4 MILE      5
HAZE                     18

-  INDICATES NEGATIVE NUMBERS.
R  INDICATES RECORD WAS SET OR TIED.
MM INDICATES DATA IS MISSING.
T  INDICATES TRACE AMOUNT.

$$
