000
CXUS53 KMKX 011450
CLMMKE


CLIMATE REPORT
NATIONAL WEATHER SERVICE IN MILWAUKEE
941 AM CDT WED JUL 1 2015

...................................

...THE MILWAUKEE WI CLIMATE SUMMARY FOR THE MONTH OF JUNE 2015...

CLIMATE NORMAL PERIOD 1981 TO 2010
CLIMATE RECORD PERIOD 1871 TO 2015

WEATHER         OBSERVED          NORMAL  DEPART  LAST YEAR`S
                 VALUE   DATE(S)  VALUE   FROM    VALUE  DATE(S)
                                          NORMAL
................................................................
TEMPERATURE (F)
RECORD
 HIGH             101   06/21/1988
                        06/14/1987
                        06/27/1933
 LOW               33   06/04/1945
HIGHEST            87   06/10        91      -4       87  06/30
                        06/09
LOWEST             41   06/02        44      -3       49  06/14
                        06/01                             06/05
AVG. MAXIMUM     73.2              75.3    -2.1     74.3
AVG. MINIMUM     54.4              57.1    -2.7     56.3
MEAN             63.8              66.2    -2.4     65.3
DAYS MAX >= 90      0               1.5    -1.5        0
DAYS MAX <= 32      0               0.0     0.0        0
DAYS MIN <= 32      0               0.0     0.0        0
DAYS MIN <= 0       0               0.0     0.0        0

PRECIPITATION (INCHES)
RECORD
 MAXIMUM        12.27   2008
 MINIMUM         0.61   1921
TOTALS           2.49              3.90   -1.41     6.34
DAILY AVG.       0.08              0.13   -0.05     0.21
DAYS >= .01        10              10.4    -0.4       15
DAYS >= .10         8               6.5     1.5       12
DAYS >= .50         2               2.7    -0.7        6
DAYS >= 1.00        0               1.0    -1.0        1
GREATEST
 24 HR. TOTAL    1.16   06/11 TO 06/12              1.11

DEGREE_DAYS
HEATING TOTAL     102                84      18       74
 SINCE 7/1       7197              6894     303     7742
COOLING TOTAL      73               120     -47       90
 SINCE 1/1         99               150     -51      108
.................................................................

WIND (MPH)
AVERAGE WIND SPEED              8.1
HIGHEST WIND SPEED/DIRECTION    38/220    DATE  06/22
HIGHEST GUST SPEED/DIRECTION    50/240    DATE  06/22

SKY COVER
POSSIBLE SUNSHINE (PERCENT)   MM
AVERAGE SKY COVER           0.60
NUMBER OF DAYS FAIR            1
NUMBER OF DAYS PC             21
NUMBER OF DAYS CLOUDY          8

AVERAGE RH (PERCENT)     71

WEATHER CONDITIONS. NUMBER OF DAYS WITH
THUNDERSTORM              4     MIXED PRECIP               0
HEAVY RAIN                3     RAIN                       7
LIGHT RAIN               11     FREEZING RAIN              0
LT FREEZING RAIN          0     HAIL                       0
HEAVY SNOW                0     SNOW                       0
LIGHT SNOW                0     SLEET                      0
FOG                      13     FOG W/VIS <= 1/4 MILE      4
HAZE                      8

-  INDICATES NEGATIVE NUMBERS.
R  INDICATES RECORD WAS SET OR TIED.
MM INDICATES DATA IS MISSING.
T  INDICATES TRACE AMOUNT.

$$
