000
CXUS53 KMKX 032052
CLMMKE

CLIMATE REPORT
NATIONAL WEATHER SERVICE IN MILWAUKEE
352 PM CDT THU SEP 3 2015

...................................

...THE MILWAUKEE WI CLIMATE SUMMARY FOR THE MONTH OF AUGUST 2015...

CLIMATE NORMAL PERIOD 1981 TO 2010
CLIMATE RECORD PERIOD 1871 TO 2015

WEATHER         OBSERVED          NORMAL  DEPART  LAST YEAR`S
                 VALUE   DATE(S)  VALUE   FROM    VALUE  DATE(S)
                                          NORMAL
................................................................
TEMPERATURE (F)
RECORD
 HIGH             103   08/01/1988
 LOW               42   08/30/1915
                        08/23/1875
HIGHEST            93   08/14        92       1       85  08/16
                        08/02                             08/03
LOWEST             53   08/27        51       2       56  08/15
                                                          08/14
                                                          08/02
AVG. MAXIMUM     77.8              78.5    -0.7     77.1
AVG. MINIMUM     62.0              63.0    -1.0     62.8
MEAN             69.9              70.7    -0.8     70.0
DAYS MAX >= 90      3               2.0     1.0        0
DAYS MAX <= 32      0               0.0     0.0        0
DAYS MIN <= 32      0               0.0     0.0        0
DAYS MIN <= 0       0               0.0     0.0        0

PRECIPITATION (INCHES)
RECORD
 MAXIMUM         9.05   1987
 MINIMUM         0.29   1894
TOTALS           3.46              3.97   -0.51     5.69
DAILY AVG.       0.11              0.13   -0.02     0.18
DAYS >= .01         9               9.5    -0.5       14
DAYS >= .10         7               6.5     0.5       10
DAYS >= .50         3               2.5     0.5        5
DAYS >= 1.00        0               0.9    -0.9        2
GREATEST
 24 HR. TOTAL    0.96   08/10 TO 08/10              1.27 08/23 TO 08/24

DEGREE_DAYS
HEATING TOTAL      20                15       5        5
 SINCE 7/1         48                26      22       26
COOLING TOTAL     180               193     -13      166
 SINCE 1/1        487               565     -78      401
.................................................................

WIND (MPH)
AVERAGE WIND SPEED              8.3
HIGHEST WIND SPEED/DIRECTION    35/350    DATE  08/14
HIGHEST GUST SPEED/DIRECTION    46/030    DATE  08/14

SKY COVER
POSSIBLE SUNSHINE (PERCENT)   MM
AVERAGE SKY COVER           0.60
NUMBER OF DAYS FAIR            8
NUMBER OF DAYS PC             15
NUMBER OF DAYS CLOUDY          8

AVERAGE RH (PERCENT)     70

WEATHER CONDITIONS. NUMBER OF DAYS WITH
THUNDERSTORM              5     MIXED PRECIP               0
HEAVY RAIN                3     RAIN                       6
LIGHT RAIN                9     FREEZING RAIN              0
LT FREEZING RAIN          0     HAIL                       1
HEAVY SNOW                0     SNOW                       0
LIGHT SNOW                0     SLEET                      0
FOG                      11     FOG W/VIS <= 1/4 MILE      3
HAZE                     11

-  INDICATES NEGATIVE NUMBERS.
R  INDICATES RECORD WAS SET OR TIED.
MM INDICATES DATA IS MISSING.
T  INDICATES TRACE AMOUNT.

$$
