000
CXUS53 KGRR 011651 CCA
CLMMKG

CLIMATE REPORT...CORRECTED
NATIONAL WEATHER SERVICE GRAND RAPIDS, MI
1145 AM EDT FRI AUG 1 2014

...................................

...THE MUSKEGON MI CLIMATE SUMMARY FOR THE MONTH OF JULY 2014...

CLIMATE NORMAL PERIOD 1981 TO 2010
CLIMATE RECORD PERIOD 1895 TO 2014

WEATHER         OBSERVED          NORMAL  DEPART  LAST YEAR`S
                 VALUE   DATE(S)  VALUE   FROM    VALUE  DATE(S)
                                          NORMAL
................................................................
TEMPERATURE (F)
RECORD
 HIGH              99   07/30/1913
 LOW               39   07/02/2001
HIGHEST            85   07/22        90      -5       92  07/18
                                                          07/15
LOWEST             49   07/05        48       1       49  07/30
AVG. MAXIMUM     75.4              80.4    -5.0     80.5
AVG. MINIMUM     56.9              61.9    -5.0     62.1
MEAN             66.2              71.1    -4.9     71.3
DAYS MAX >= 90      0               0.8    -0.8        5
DAYS MAX <= 32      0               0.0     0.0        0
DAYS MIN <= 32      0               0.0     0.0        0
DAYS MIN <= 0       0               0.0     0.0        0

PRECIPITATION (INCHES)
RECORD
 MAXIMUM         7.11   1902
 MINIMUM         0.11   1916
TOTALS           3.73              2.37    1.36     2.29
DAILY AVG.       0.12              0.08    0.04     0.07
DAYS >= .01         7               9.5    -2.5        9
DAYS >= .10         5               5.3    -0.3        6
DAYS >= .50         3               1.6     1.4        2
DAYS >= 1.00        2               0.4     1.6        0
GREATEST
 24 HR. TOTAL    1.79   07/12 TO 07/13           07/26 TO 07/26

SNOWFALL (INCHES)
RECORDS
 TOTAL            0.0   MM
 24 HR TOTAL      0.0   MM
 SNOW DEPTH         0   MM
TOTALS            0.0               0.0     0.0      0.0
SINCE 7/1         0.0               0.0     0.0      0.0
SNOWDEPTH AVG.      0                MM      MM        0
DAYS >= TRACE       0               0.0     0.0        0
DAYS >= 1.0         0               0.0     0.0        0
GREATEST
 SNOW DEPTH         0   MM                             0  MM
 24 HR TOTAL      0.0   07/31 TO 07/31           07/29 TO 07/29

DEGREE_DAYS
HEATING TOTAL      31                11      20       17
 SINCE 7/1         31                11      20       17
COOLING TOTAL      74               202    -128      218
 SINCE 1/1        226               336    -110      378

FREEZE DATES
RECORD
 EARLIEST     09/22/1976
 LATEST       06/22/1992
EARLIEST                        10/14
LATEST                          05/04
..........................................................

WIND (MPH)
AVERAGE WIND SPEED              7.8
RESULTANT WIND SPEED/DIRECTION   4/250
HIGHEST WIND SPEED/DIRECTION    29/230    DATE  07/06
HIGHEST GUST SPEED/DIRECTION    38/230    DATE  07/06

SKY COVER
POSSIBLE SUNSHINE (PERCENT)   MM
AVERAGE SKY COVER           0.50
NUMBER OF DAYS FAIR            9
NUMBER OF DAYS PC             18
NUMBER OF DAYS CLOUDY          4

AVERAGE RH (PERCENT)     68

WEATHER CONDITIONS. NUMBER OF DAYS WITH
THUNDERSTORM              7     MIXED PRECIP               0
HEAVY RAIN                4     RAIN                       4
LIGHT RAIN               10     FREEZING RAIN              0
LT FREEZING RAIN          0     HAIL                       0
HEAVY SNOW                0     SNOW                       0
LIGHT SNOW                0     SLEET                      0
FOG                      16     FOG W/VIS <= 1/4 MILE      4
HAZE                     11

-  INDICATES NEGATIVE NUMBERS.
R  INDICATES RECORD WAS SET OR TIED.
MM INDICATES DATA IS MISSING.
T  INDICATES TRACE AMOUNT.

&&

MONTHLY RECORDS FOR MUSKEGON

THE AVERAGE HIGH TEMPERATURE FOR JULY AT 75.4 DEGREES WAS THE
10TH COOLEST ON RECORD.
THE AVERAGE LOW TEMPERATURE FOR JULY AT 56.9 DEGREES WAS THE
9TH COOLEST ON RECORD.
THE AVERAGE TEMPERATURE FOR JULY AT 66.2 DEGREES WAS THE 7TH
COOLEST ON RECORD.

&&

SUMMARY

TEMPERATURES IN SOUTHWEST LOWER MICHIGAN DURING JULY WERE WELL BELOW
NORMAL. IT WAS THE 5TH COLDEST JULY ON RECORD FOR GRAND RAPIDS...
AND THE 7TH COLDEST ON RECORD FOR MUSKEGON. IN FACT... GRAND
RAPIDS... LANSING AND MUSKEGON ALL FAILED TO REACH 90 DEGREES. THIS
IS THE FIRST SUMMER SINCE 1989 GRAND RAPIDS HAS NOT HIT 90 DEGREES
BY THE END OF JULY. IT IS THE FIRST TIME SINCE 2004 LANSING HAS
FAILED TO REACH 90 BY JULY 31ST. ACTIVE WEATHER WAS FAIRLY COMMON
WITH A FEW SIGNIFICANT SEVERE WEATHER EVENTS. PRECIPITATION WAS
ABOVE NORMAL IN JULY 2014 IN SOUTHWEST LOWER MICHIGAN.

AVERAGE TEMPERATURES WERE 4-5 DEGREES BELOW NORMAL DURING JULY 2014.
THIS JULY WILL GO DOWN AS ONE OF THE 10 COLDEST ON RECORD. HIGHS
WERE FAIRLY STEADY IN THE 70S THROUGH A LARGE PORTION OF THE
MONTH... WITH A FEW SPIKES INTO THE 80S WITH STRONG SOUTHERLY FLOW.
AFTER THE PASSAGE OF A STRONG COLD FRONT... HIGH TEMPERATURES FAILED
TO REACH EVEN 70 DEGREES ON JULY 15TH. GRAND RAPIDS SET A RECORD
COLDEST HIGH TEMPERATURE OF 71 DEGREES ON JULY 16TH. THAT BROKE THE
OLD RECORD OF 74 DEGREES SET IN 1958.

THE BULK OF SOUTHWEST LOWER MICHIGAN RECEIVED ABOVE NORMAL RAINFALL
IN JULY... WITH THE I-94 CORRIDOR NEAR NORMAL AND THE LUDINGTON AREA
SLIGHTLY BELOW NORMAL. MOST OF THE RAINFALL FELL BETWEEN JULY 6-8
AND JULY 12-14 AS TWO LOW PRESSURE SYSTEMS MOVED ACROSS THE GREAT
LAKES REGION.

SEVERAL EPISODES OF SEVERE WEATHER AFFECTED SOUTHWEST LOWER MICHIGAN
IN JULY. A NOW WELL-KNOWN EF-1 TORNADO STRUCK BYRON CENTER...
WYOMING AND KENTWOOD LATE ON THE EVENING OF JULY 6TH. THE TORNADO
WAS ON THE GROUND FOR APPROXIMATELY 10 MINUTES AND CAUSED QUITE A
BIT OF DAMAGE IN A DENSELY POPULATED AREA. LATER THAT NIGHT... 3
MORE TORNADOES TOUCHED DOWN. 2 TOUCHED DOWN IN IONIA COUNTY AND 1
IN CLINTON COUNTY. ALL 3 WERE RATED EF-0.

SEVERE THUNDERSTORMS IMPACTED THE AREA ON JULY 27TH AS WELL... BUT
THIS TIME THE PRIMARY THREAT WAS HAIL. THERE WERE SEVERAL HAIL
REPORTS. THE MOST SIGNIFICANT CAME FROM COOPER TWP IN KALAMAZOO
COUNTY. 2 INCH DIAMETER HAIL OCCURRED IN COOPER... WITH SEVERAL
OTHER LOCATIONS RECEIVING PENNY TO QUARTER SIZE HAIL.

$$

EBW 63
