000
CXUS54 KMEG 072257
CLMMKL


CLIMATE REPORT...REISSUED
NATIONAL WEATHER SERVICE MEMPHIS TN
552 PM CDT MON AUG 7 2017

...................................

...THE JACKSON CLIMATE SUMMARY FOR THE MONTH OF JULY 2017...

CLIMATE NORMAL PERIOD 1981 TO 2010
CLIMATE RECORD PERIOD 1948 TO 2017

WEATHER         OBSERVED          NORMAL  DEPART  LAST YEAR`S
                 VALUE   DATE(S)  VALUE   FROM    VALUE  DATE(S)
                                          NORMAL
................................................................
TEMPERATURE (F)
RECORD
 HIGH             107   07/27/1952
 LOW               52   07/10/1996
HIGHEST            98   07/22        91       7       99  07/22
LOWEST             58   07/31        69     -11       66  07/02
AVG. MAXIMUM     91.8              90.5     1.3     92.2
AVG. MINIMUM     70.0              68.5     1.5     71.7
MEAN             80.9              79.5     1.4     81.9
DAYS MAX >= 90     25              18.3     6.7       24
DAYS MAX <= 32      0               0.0     0.0        0
DAYS MIN <= 32      0               0.0     0.0        0
DAYS MIN <= 0       0               0.0     0.0        0

PRECIPITATION (INCHES)
RECORD
 MAXIMUM        12.68   1955
 MINIMUM         0.12   1983
TOTALS           3.48              4.49   -1.01     2.54
DAILY AVG.       0.11              0.14   -0.03     0.08
DAYS >= .01         8               8.9    -0.9       14
DAYS >= .10         7               5.9     1.1        4
DAYS >= .50         3               2.9     0.1        1
DAYS >= 1.00        0               1.3    -1.3        1
GREATEST
 24 HR. TOTAL    0.81   07/23 TO 07/23

SNOWFALL (INCHES)
RECORDS
 TOTAL             MM   MM
TOTALS            0.0               0.0     0.0      0.0
SINCE 7/1         0.0               0.0     0.0      0.0
SNOWDEPTH AVG.      0                MM      MM        0
DAYS >= 1.0         0               0.0     0.0        0
GREATEST
 SNOW DEPTH         0   MM                             0  MM
 24 HR TOTAL      0.0   07/31 TO 07/31

DEGREE_DAYS
HEATING TOTAL       0                 0       0        0
 SINCE 7/1          0                 0       0        0
COOLING TOTAL     502               449      53      531
 SINCE 1/1       1115              1003     112     1138
.................................................................

WIND (MPH)
AVERAGE WIND SPEED              4.6
HIGHEST WIND SPEED/DIRECTION    23/200    DATE  07/03
HIGHEST GUST SPEED/DIRECTION    31/300    DATE  07/03

SKY COVER
POSSIBLE SUNSHINE (PERCENT)   MM
AVERAGE SKY COVER           0.20
NUMBER OF DAYS FAIR           24
NUMBER OF DAYS PC              7
NUMBER OF DAYS CLOUDY          0

AVERAGE RH (PERCENT)     75

WEATHER CONDITIONS. NUMBER OF DAYS WITH
THUNDERSTORM              0     MIXED PRECIP               0
HEAVY RAIN                6     RAIN                       5
LIGHT RAIN                9     FREEZING RAIN              0
LT FREEZING RAIN          0     HAIL                       0
HEAVY SNOW                0     SNOW                       0
LIGHT SNOW                0     SLEET                      0
FOG                      18     FOG W/VIS <= 1/4 MILE      1
HAZE                      1

-  INDICATES NEGATIVE NUMBERS.
R  INDICATES RECORD WAS SET OR TIED.
MM INDICATES DATA IS MISSING.
T  INDICATES TRACE AMOUNT.

$$
