000
CXUS53 KDVN 020443
CLMMLI


CLIMATE REPORT
NATIONAL WEATHER SERVICE QUAD CITIES IA IL
1034 PM CST SUN FEB 1 2015

...................................

...THE MOLINE CLIMATE SUMMARY FOR THE MONTH OF JANUARY 2015...

CLIMATE NORMAL PERIOD 1981 TO 2010
CLIMATE RECORD PERIOD 1872 TO 2015

WEATHER         OBSERVED          NORMAL  DEPART
                 VALUE   DATE(S)  VALUE   FROM
                                          NORMAL
................................................
TEMPERATURE (F)
RECORD
 HIGH              69   01/31/1989
 LOW              -27   01/16/2009
                        01/02/1979
                        01/05/1884
HIGHEST            48   01/24        32      16
LOWEST            -12   01/08        14     -26
AVG. MAXIMUM     31.4              31.0     0.4
AVG. MINIMUM     13.5              14.3    -0.8
MEAN             22.5              22.6    -0.1
DAYS MAX >= 90      0               0.0     0.0
DAYS MAX <= 32     10              15.9    -5.9
DAYS MIN <= 32     30              29.0     1.0
DAYS MIN <= 0       9               5.2     3.8

PRECIPITATION (INCHES)
RECORD
 MAXIMUM         4.63   1916
 MINIMUM         0.07   1919
TOTALS           1.55              1.49    0.06
DAILY AVG.       0.05              0.05    0.00
DAYS >= .01        11               8.8     2.2
DAYS >= .10         5
DAYS >= .50         0
DAYS >= 1.00        0               0.2    -0.2
GREATEST
 24 HR. TOTAL    0.43   01/05 TO 01/06

SNOWFALL (INCHES)
RECORDS
 TOTAL           26.7   1979
TOTALS           15.1               9.4     5.7
SINCE 7/1        19.7              19.9    -0.2
SNOWDEPTH AVG.      2
DAYS >= TRACE      13               7.1     5.9
DAYS >= 1.0         6               2.8     3.2
GREATEST
 SNOW DEPTH         8   01/06
 24 HR TOTAL      6.7   01/05 TO 01/06

DEGREE_DAYS
HEATING TOTAL    1311              1313      -2
 SINCE 7/1       3851              3734     117
COOLING TOTAL       0                 0       0
 SINCE 1/1          0                 0       0
.................................................

WIND (MPH)
AVERAGE WIND SPEED              8.6
HIGHEST WIND SPEED/DIRECTION    35/280    DATE  01/08
HIGHEST GUST SPEED/DIRECTION    45/280    DATE  01/08

SKY COVER
POSSIBLE SUNSHINE (PERCENT)   MM
AVERAGE SKY COVER           0.40
NUMBER OF DAYS FAIR           15
NUMBER OF DAYS PC             10
NUMBER OF DAYS CLOUDY          6

AVERAGE RH (PERCENT)     75

WEATHER CONDITIONS. NUMBER OF DAYS WITH
THUNDERSTORM              0     HAIL                       0
SLEET                     0     FOG                       19
FOG W/VIS <= 1/4 MILE     1     HAZE                      14

-  INDICATES NEGATIVE NUMBERS.
R  INDICATES RECORD WAS SET OR TIED.
MM INDICATES DATA IS MISSING.
T  INDICATES TRACE AMOUNT.

$$

NOTE: SUPPLEMENTAL CLIMATE DATA WAS USED FROM A NEARBY
CLIMATOLOGICALLY REPRESENTATIVE STATION.
