000
CXUS53 KMQT 021334
CLMMQT

CLIMATE REPORT
NATIONAL WEATHER SERVICE MARQUETTE MI
832 AM EST SAT DEC 2 2017

...................................

...THE MARQUETTE MI CLIMATE SUMMARY FOR THE MONTH OF NOVEMBER 2017...

CLIMATE NORMAL PERIOD 1981 TO 2010
CLIMATE RECORD PERIOD 1961 TO 2017

WEATHER         OBSERVED          NORMAL  DEPART  LAST YEAR`S
                 VALUE   DATE(S)  VALUE   FROM    VALUE  DATE(S)
                                          NORMAL
................................................................
TEMPERATURE (F)
RECORD
 HIGH              73   11/09/1999
 LOW              -13   11/29/1976
HIGHEST            50   11/24        35      15       71  11/06
LOWEST              8   11/10        22     -14       10  11/22
                        11/09
AVG. MAXIMUM     34.0              37.6    -3.6     47.3
AVG. MINIMUM     22.1              23.0    -0.9     30.8
MEAN             28.0              30.3    -2.3     39.1
DAYS MAX >= 90      0               0.0     0.0        0
DAYS MAX <= 32     10               9.2     0.8        4
DAYS MIN <= 32     30              25.8     4.2       16
DAYS MIN <= 0       0               0.5    -0.5        0

PRECIPITATION (INCHES)
RECORD
 MAXIMUM         8.25   1988
 MINIMUM         0.81   1962
TOTALS           1.80              3.18   -1.38     1.78
DAILY AVG.       0.06              0.11   -0.05     0.06
DAYS >= .01        14              15.2    -1.2       14
DAYS >= .10         7               7.1    -0.1        9
DAYS >= .50         0               1.7    -1.7        0
DAYS >= 1.00        0               0.5    -0.5        0
GREATEST
 24 HR. TOTAL    0.45   11/15 TO 11/15

SNOWFALL (INCHES)
RECORDS
 TOTAL           53.0   2014
TOTALS           16.1              24.4    -8.3     14.2
SINCE 7/1        24.9              30.5    -5.6     14.2
SNOWDEPTH AVG.      1                 4      -3        1
DAYS >= 1.0         8               6.3     1.7        4
GREATEST
 SNOW DEPTH         3   11/12                          5  11/24
                        11/11
                        11/01
 24 HR TOTAL      3.8   11/09 TO 11/09

DEGREE_DAYS
HEATING TOTAL    1102              1041      61      771
 SINCE 7/1       2127              2202     -75     1625
COOLING TOTAL       0                 0       0        0
 SINCE 1/1        145               242     -97      246
.................................................................

WIND (MPH)
AVERAGE WIND SPEED              MM
HIGHEST WIND SPEED/DIRECTION    MM        DATE   MM
HIGHEST GUST SPEED/DIRECTION    38/180    DATE  11/27

SKY COVER
POSSIBLE SUNSHINE (PERCENT)   MM
AVERAGE SKY COVER             MM
NUMBER OF DAYS FAIR            0
NUMBER OF DAYS PC              0
NUMBER OF DAYS CLOUDY          0

AVERAGE RH (PERCENT)     MM

WEATHER CONDITIONS. NUMBER OF DAYS WITH
THUNDERSTORM              0     MIXED PRECIP               1
HEAVY RAIN                0     RAIN                       0
LIGHT RAIN               10     FREEZING RAIN              0
LT FREEZING RAIN          5     HAIL                       0
HEAVY SNOW                1     SNOW                       2
LIGHT SNOW               23     SLEET                      1
FOG                       5     FOG W/VIS <= 1/4 MILE      1
HAZE                      0

-  INDICATES NEGATIVE NUMBERS.
R  INDICATES RECORD WAS SET OR TIED.
MM INDICATES DATA IS MISSING.
T  INDICATES TRACE AMOUNT.

$$
