000
CXUS52 KKEY 031951
CLMMTH

CLIMATE REPORT
NATIONAL WEATHER SERVICE KEY WEST, FL
336 PM EDT MON JUL 3 2017

...................................

...THE MARATHON CLIMATE SUMMARY FOR THE MONTH OF JUNE 2017...

CLIMATE NORMAL PERIOD 1981 TO 2010

WEATHER         OBSERVED          NORMAL  DEPART  LAST YEAR`S
                 VALUE   DATE(S)  VALUE   FROM    VALUE  DATE(S)
                                          NORMAL
................................................................
TEMPERATURE (F)
HIGHEST            92   06/30                         93  06/18
                        06/29                             06/15
LOWEST             73   06/07                         75  06/29
                                                          06/21
                                                          06/17
AVG. MAXIMUM     89.6              90.4    -0.8     90.0
AVG. MINIMUM     79.8              79.2     0.6     79.0
MEAN             84.7              84.8    -0.1     84.5
DAYS MAX >= 90     18              17.5     0.5       21
DAYS MAX <= 32      0               0.0     0.0        0
DAYS MIN <= 32      0               0.0     0.0        0
DAYS MIN <= 0       0               0.0     0.0        0

PRECIPITATION (INCHES)
TOTALS           6.67              5.61    1.06     3.05
DAILY AVG.       0.22              0.19    0.03     0.10
DAYS >= .01        11                                 15
DAYS >= .10         5                                  7
DAYS >= .50         3                                  2
DAYS >= 1.00        2                                  0

SNOWFALL (INCHES)
TOTALS            0.0                                0.0
SINCE 7/1         0.0                                0.0
SNOWDEPTH AVG.      0                                  0
DAYS >= 1.0         0                                  0
GREATEST
 SNOW DEPTH         0                                  0
 24 HR TOTAL      0.0   06/30 TO 06/30

DEGREE_DAYS
HEATING TOTAL       0                 0       0        0
 SINCE 7/1          3                81     -78       49
COOLING TOTAL     599               594       5      592
 SINCE 1/1       2595              2137     458     2207
.................................................................

WIND (MPH)
AVERAGE WIND SPEED              7.7
HIGHEST WIND SPEED/DIRECTION    25/290    DATE  06/07
HIGHEST GUST SPEED/DIRECTION    39/290    DATE  06/07

SKY COVER
POSSIBLE SUNSHINE (PERCENT)   MM
AVERAGE SKY COVER           0.20
NUMBER OF DAYS FAIR           27
NUMBER OF DAYS PC              3
NUMBER OF DAYS CLOUDY          0

AVERAGE RH (PERCENT)     80

WEATHER CONDITIONS. NUMBER OF DAYS WITH
THUNDERSTORM             10     MIXED PRECIP               0
HEAVY RAIN                5     RAIN                       4
LIGHT RAIN               12     FREEZING RAIN              0
LT FREEZING RAIN          0     HAIL                       0
HEAVY SNOW                0     SNOW                       0
LIGHT SNOW                0     SLEET                      0
FOG                      13     FOG W/VIS <= 1/4 MILE      1
HAZE                      6

-  INDICATES NEGATIVE NUMBERS.
R  INDICATES RECORD WAS SET OR TIED.
MM INDICATES DATA IS MISSING.
T  INDICATES TRACE AMOUNT.

$$

FOR THE FIRST TIME SINCE AUGUST 2016, MARATHON AIRPORT OBSERVED
BELOW NORMAL TEMPERATURES, COMING IN WITH AN AVERAGE TEMPERATURE OF
84.7F, OR 0.1F BELOW NORMAL. THIS ALSO RANKS AS THE 9TH WARMEST JUNE
ON RECORD. THE HIGHEST TEMPERATURE OF THE MONTH WAS 92F WAS OBSERVED
ON JUNE 29TH & 30TH. YEAR TO DATE (6/30/17), WITH AN AVERAGE
TEMPERATURE OF 79.1F, IT IS THE WARMEST START TO THE CALENDAR YEAR
ON RECORD, BESTING WARMEST YEAR ON RECORD (2015) BY 1.0F.

THE RAINFALL TOTAL FOR THE MONTH WAS 6.67", WHICH IS 1.06" ABOVE
NORMAL. HOWEVER, THE MAJORITY OF THIS RAIN FELL ON JUNE 7TH WHEN
4.24" WAS OBSERVED. THIS WAS THE WETTEST DAILY RAINFALL TOTAL SINCE
OCTOBER 20TH 2014 WHEN 4.33" FELL. THE MONTH OF JUNE RANKED AS THE
5TH WETTEST ON RECORD. THROUGH JUNE 30TH, MARATHON HAS RECEIVED
12.83", FALLING WELL BEHIND THE NORMAL TOTAL RAINFALL OF 17.55",
RESULTING IN A DEFICIT OF 4.72". RAINFALL AND TEMPERATURE NORMALS
(1981-2010) FOR MARATHON ARE COMPRISED OF DATA COLLECTED FROM DUCK
KEY AND THE MARATHON AIRPORT SINCE ITS INCEPTION IN 1998.

FLING
