000
CXUS51 KOKX 011726
CLMNYC

CLIMATE REPORT
NATIONAL WEATHER SERVICE NEW YORK NY
1226 PM EST SUN JAN 1 2017

...................................

...THE CENTRAL PARK NY CLIMATE SUMMARY FOR THE MONTH OF DECEMBER 2016...

CLIMATE NORMAL PERIOD 1981 TO 2010
CLIMATE RECORD PERIOD 1869 TO 2016

WEATHER         OBSERVED          NORMAL  DEPART  LAST YEAR`S
                 VALUE   DATE(S)  VALUE   FROM    VALUE  DATE(S)
                                          NORMAL
................................................................
TEMPERATURE (F)
RECORD
 HIGH              75   12/07/1998
 LOW              -13   12/30/1917
HIGHEST            60   12/27        MM      MM       72  12/24
LOWEST             17   12/16        MM      MM       34  12/29
                                                          12/28
                                                          12/20
AVG. MAXIMUM     43.9              43.0     0.9     56.3
AVG. MINIMUM     32.8              32.0     0.8     45.3
MEAN             38.3              37.5     0.8     50.8
DAYS MAX >= 90      0               0.0     0.0        0
DAYS MAX <= 32      2               3.9    -1.9        0
DAYS MIN <= 32     11              14.2    -3.2        0
DAYS MIN <= 0       0               0.0     0.0        0

PRECIPITATION (INCHES)
RECORD
 MAXIMUM         9.98   1973
 MINIMUM         0.25   1955
TOTALS           2.89              4.00   -1.11     4.72
DAILY AVG.       0.09              0.13   -0.04     0.15
DAYS >= .01        12              10.6     1.4       15
DAYS >= .10         6               6.7    -0.7        9
DAYS >= .50         2               2.9    -0.9        2
DAYS >= 1.00        0               1.2    -1.2        2
GREATEST
 24 HR. TOTAL    0.80   11/30 TO 12/01           12/23 TO 12/24
                                                          12/29 TO 12/29
                                                          12/28 TO 12/28
 STORM TOTAL       MM                                 MM
 (MM/DD(HH))            MM                    12/24(00) TO 12/24(00)
                                                 12/29(00) TO 12/29(00)8
                                                 12/28(00) TO 12/28(00)8

SNOWFALL (INCHES)
TOTALS            3.2               4.8    -1.6        T
 LIQUID EQUIV    0.32              0.50   -0.18       MM
SINCE 7/1         3.2               5.1    -1.9        T
 LIQUID 7/1      0.32              0.50   -0.18       MM
SNOWDEPTH AVG.      0                MM      MM        0
DAYS >= TRACE       4               2.3     1.7        2
DAYS >= 1.0         1               1.0     0.0        0
GREATEST
 SNOW DEPTH         2   12/17                          0  MM
 24 HR TOTAL      2.8   12/17 TO 12/17           12/29 TO 12/29
                                                          12/28 TO 12/28
                                                          12/28 TO 12/28
 STORM TOTAL       MM                                 MM
 (MM/DD(HH))            MM                    12/29(00) TO 12/29(00)
                                                 12/28(00) TO 12/28(00)8
                                                 12/28(00) TO 12/28(00)8

DEGREE_DAYS
HEATING TOTAL     819               852     -33      434
 SINCE 7/1       1506              1685    -179     1022
COOLING TOTAL       0                 0       0        3
 SINCE 1/1       1489              1105     384     1581
.........................................................

WIND (MPH)
AVERAGE WIND SPEED              6.1
HIGHEST WIND SPEED/DIRECTION    25/310    DATE  12/15
HIGHEST GUST SPEED/DIRECTION    40/290    DATE  12/15

AVERAGE RH (PERCENT)     58

WEATHER CONDITIONS. NUMBER OF DAYS WITH
THUNDERSTORM              0     MIXED PRECIP               0
HEAVY RAIN                0     RAIN                       5
LIGHT RAIN                9     FREEZING RAIN              1
LT FREEZING RAIN          1     HAIL                       0
HEAVY SNOW                0     SNOW                       1
LIGHT SNOW                3     SLEET                      0
FOG                      13     FOG W/VIS <= 1/4 MILE      1
HAZE                      5

-  INDICATES NEGATIVE NUMBERS.
R  INDICATES RECORD WAS SET OR TIED.
MM INDICATES DATA IS MISSING.
T  INDICATES TRACE AMOUNT.

$$
