686
CXUS55 KPSR 010832
CLMNYL

PHXCLMYUM 000
TTAA00 KPSR 010829


CLIMATE REPORT
NATIONAL WEATHER SERVICE PHOENIX AZ
127 AM MST MON MAY 1 2017

...................................

...THE YUMA AZ CLIMATE SUMMARY FOR THE MONTH OF APRIL 2017...

CLIMATE NORMAL PERIOD 1981 TO 2010
CLIMATE RECORD PERIOD 1876 TO 2017

WEATHER         OBSERVED          NORMAL  DEPART
                 VALUE   DATE(S)  VALUE   FROM
                                          NORMAL
................................................
TEMPERATURE (F)
RECORD
 HIGH             107   04/06/1989
                        04/21/1958
                        04/18/1954
 LOW               38   04/08/1929
                        04/05/1901
HIGHEST            99   04/22       100      -1
LOWEST             55   04/10        49       6
                        04/01
AVG. MAXIMUM     89.9              86.4     3.5
AVG. MINIMUM     61.9              59.6     2.3
MEAN             75.9              73.0     2.9
DAYS MAX >= 90     15              10.4     4.6
DAYS MAX <= 32      0               0.0     0.0
DAYS MIN <= 32      0               0.0     0.0
DAYS MIN <= 0       0               0.0     0.0

PRECIPITATION (INCHES)
RECORD
 MAXIMUM         1.20   1965
 MINIMUM         0.00   2014
                        2010
                        2008
TOTALS           0.00R             0.15   -0.15
DAYS >= .01         0               0.7    -0.7
DAYS >= .10         0               0.5    -0.5
DAYS >= .50         0               0.1    -0.1
DAYS >= 1.00        0               0.0     0.0
GREATEST
 24 HR. TOTAL    0.00   04/30 TO 04/30

DEGREE_DAYS
HEATING TOTAL       0                13     -13
 SINCE 7/1        526               686    -160
COOLING TOTAL     333               253      80
 SINCE 1/1        604               406     198
.................................................

WIND (MPH)
AVERAGE WIND SPEED              7.5
HIGHEST GUST SPEED/DIRECTION    39/300    DATE  04/25

AVERAGE RH (PERCENT)     27

WEATHER CONDITIONS. NUMBER OF DAYS WITH
THUNDERSTORM              0     HEAVY RAIN                 0
RAIN                      0     LIGHT RAIN                 0
FOG W/VIS <= 1/4 MILE     0

-  INDICATES NEGATIVE NUMBERS.
R  INDICATES RECORD WAS SET OR TIED.
MM INDICATES DATA IS MISSING.
T  INDICATES TRACE AMOUNT.

$$
