000
CXUS53 KGID 021357 CCA
CLMODX

CLIMATE REPORT...CORRECTED
NATIONAL WEATHER SERVICE HASTINGS NE
350 PM CST SUN MAR 1 2015

...CORRECTED GREATEST 24 HOUR PRECIPITATION AMOUNT...

...................................

...THE ORD NE CLIMATE SUMMARY FOR THE MONTH OF FEBRUARY 2015...

CLIMATE NORMAL PERIOD 1981 TO 2010
CLIMATE RECORD PERIOD 1895 TO 2015

WEATHER         OBSERVED          NORMAL  DEPART  LAST YEAR`S
                 VALUE   DATE(S)  VALUE   FROM    VALUE
                                          NORMAL
.............................................................
TEMPERATURE (F)
HIGHEST            66   02/10        MM      MM       62
                        02/07
LOWEST            -11   02/02        MM      MM      -15
AVG. MAXIMUM     37.5              40.2    -2.7     33.1
AVG. MINIMUM      9.2              15.4    -6.2      7.8
MEAN             23.4              27.8    -4.4     20.4
DAYS MAX >= 90      0               0.0     0.0        0
DAYS MAX <= 32     13
DAYS MIN <= 32     27              27.0     0.0       28
DAYS MIN <= 0       9

PRECIPITATION (INCHES)
TOTALS           0.57              0.44    0.13     0.19
DAILY AVG.       0.02              0.02    0.00     0.01
DAYS >= .01         3                MM      MM        4
DAYS >= .10         2                MM      MM        0
DAYS >= .50         0                MM      MM        0
DAYS >= 1.00        0                MM      MM        0
GREATEST
 24 HR. TOTAL    0.32   02/01 TO 02/01

DEGREE_DAYS
HEATING TOTAL    1159
 SINCE 7/1       5132
COOLING TOTAL       0
 SINCE 1/1          0
..............................................................

WIND (MPH)
AVERAGE WIND SPEED              9.9
HIGHEST WIND SPEED/DIRECTION    33/340    DATE  02/01
HIGHEST GUST SPEED/DIRECTION    43/340    DATE  02/01

SKY COVER
POSSIBLE SUNSHINE (PERCENT)   MM
NUMBER OF DAYS FAIR           14
NUMBER OF DAYS PC             10
NUMBER OF DAYS CLOUDY          4

AVERAGE RH (PERCENT)     65

WEATHER CONDITIONS. NUMBER OF DAYS WITH
THUNDERSTORM              1     MIXED PRECIP               0
HEAVY RAIN                0     RAIN                       0
LIGHT RAIN                1     FREEZING RAIN              0
LT FREEZING RAIN          0     HAIL                       0
HEAVY SNOW                1     SNOW                       3
LIGHT SNOW                6     SLEET                      0
FOG                      11     FOG W/VIS <= 1/4 MILE      2
HAZE                      7

-  INDICATES NEGATIVE NUMBERS.
R  INDICATES RECORD WAS SET OR TIED.
MM INDICATES DATA IS MISSING.
T  INDICATES TRACE AMOUNT.

$$
