000
CXUS53 KOAX 030607
CLMOFK

CLIMATE REPORT
NATIONAL WEATHER SERVICE OMAHA NEBRASKA
1158 PM CST FRI JAN 2 2015

...UPDATED TO ADD SUMMARY...

...................................

...THE NORFOLK CLIMATE SUMMARY FOR THE MONTH OF DECEMBER 2014...

CLIMATE NORMAL PERIOD 1981 TO 2010
CLIMATE RECORD PERIOD 1888 TO 2014

WEATHER         OBSERVED          NORMAL  DEPART
                 VALUE   DATE(S)  VALUE   FROM
                                          NORMAL
................................................
TEMPERATURE (F)
HIGHEST            58   12/14
LOWEST            -11   12/31
AVG. MAXIMUM     35.0              34.1     0.9
AVG. MINIMUM     21.3              14.5     6.8
MEAN             28.2              24.3     3.9
DAYS MAX >= 90      0
DAYS MAX <= 32     11
DAYS MIN <= 32     27
DAYS MIN <= 0       3

PRECIPITATION (INCHES)
RECORD
 MAXIMUM         2.62   2006
 MINIMUM            T   1905
TOTALS           1.20              0.75    0.45
DAILY AVG.       0.04
DAYS >= .01         9
DAYS >= .10         4
DAYS >= .50         0
DAYS >= 1.00        0
GREATEST
 24 HR. TOTAL    0.62   12/14 TO 12/15

SNOWFALL (INCHES)
RECORDS
 TOTAL           30.8   2009
TOTALS            5.9               6.0
SINCE 7/1         9.6
DAYS >= 1.0         2
GREATEST
 SNOW DEPTH         3   12/31
                        12/30
 24 HR TOTAL      2.6   12/26 TO 12/27

DEGREE DAYS
HEATING TOTAL    1136              1261    -125
 SINCE 7/1       2629              2706     -77
COOLING TOTAL       0                 0       0
 SINCE 1/1        812               915    -103
.................................................

WIND (MPH)
AVERAGE WIND SPEED              11.1
HIGHEST WIND SPEED/DIRECTION    40/340    DATE  12/15
HIGHEST GUST SPEED/DIRECTION    49/330    DATE  12/15

SKY COVER
AVERAGE SKY COVER           0.60


WEATHER CONDITIONS. NUMBER OF DAYS WITH
THUNDERSTORM              0     MIXED PRECIP               0
HEAVY RAIN                0     RAIN                       2
LIGHT RAIN                4     FREEZING RAIN              0
LT FREEZING RAIN          2     HAIL                       0
HEAVY SNOW                0     SNOW                       0
LIGHT SNOW                8     SLEET                      0
FOG                      20     FOG W/VIS <= 1/4 MILE      2
HAZE                      2

-  INDICATES NEGATIVE NUMBERS.
R  INDICATES RECORD WAS SET OR TIED.
MM INDICATES DATA IS MISSING.
T  INDICATES TRACE AMOUNT.
>  INDICATES GREATER THAN OR EQUAL TO.
<  INDICATES LESS THAN OR EQUAL TO.


&&

...DECEMBER WAS WARMER AND WETTER THAN NORMAL IN NORFOLK...

WITH A VERY WARM STRETCH IN MID-DECEMBER...AND TEMPERATURES MAINLY
ABOVE NORMAL THROUGH MUCH OF THE MONTH...THE AVERAGE TEMPERATURE IN
DECEMBER WAS 28.2 DEGREES...WHICH IS 3.9 DEGREES ABOVE NORMAL.
WHILE THE MONTH OF DECEMBER WAS SLIGHTLY WETTER THAN NORMAL...THE
MONTHLY SNOWFALL OF 5.9 INCHES WAS NEAR NORMAL.

AFTER A SLIGHTLY COOL START TO THE MONTH...TEMPERATURES ROSE ABOVE
AVERAGE IN NORFOLK ON THE 2ND AND REMAINED THERE ON ALL BUT 2 DAYS
THROUGH THE 15TH. ON THE 13TH AND 14TH IN PARTICULAR...NUMEROUS
RECORD WARM TEMPERATURES WERE SET...INCLUDING DAILY RECORD WARMEST
MINIMUM TEMPERATURES ON BOTH DAYS...AS WELL AS THE WARMEST MINIMUM
TEMPERATURE EVER RECORDED IN DECEMBER. THE MID-MONTH WAS MARKED BY
LONG PERIODS OF CLOUDINESS...BUT MEASURABLE RAIN HELD OF UNTIL THE
14TH.  THE RAIN TOTAL ON THE 14TH THROUGH THE 15TH WAS 0.62
INCHES...OR NEARLY HALF OF THE PRECIPITATION FOR THE MONTH. THE
SYSTEM BROUGHT GUSTY NORTHWEST WINDS TO NORFOLK...WITH 50 MPH GUSTS
RECORDED ON THE 14TH...AND WITH LIGHT FREEZING RAIN BUT JUST A TRACE
OF SNOW REPORTED BEHIND THE COLD FRONT. BEHIND THE STORM
SYSTEM...TEMPERATURES FELL BACK TO SLIGHTLY BELOW NORMAL READINGS
JUST BRIEFLY...WITH A GRADUAL WARMING BRINGING TEMPERATURES BACK
ABOVE NORMAL ON THE 18TH AS THE CLOUDY REGIME PERSISTED.  THE FIRST
MEASURABLE SNOW OF THE MONTH FELL ON THE 18TH...WITH 0.4 INCHES
FALLING. MORE APPRECIABLE SNOW FELL ON THE 23RD AND 26TH WHERE 2.1
AND 1.9 INCHES FELL RESPECTIVELY. THIS SNOW HELPED SET THE STAGE FOR
A VERY COLD END TO THE MONTH. FROM THE 27TH THROUGH THE 31ST
TEMPERATURES WERE WELL BELOW NORMAL AND ON THE 30TH THE DAYTIME HIGH
WAS ONLY 2 DEGREES.

DAILY RECORDS SET IN DECEMBER 2014:
DATE          RECORD       READING PREVIOUS RECORD
DECEMBER 13   WARM MIN TEMP 46     30 (1935, 1930, 1924, 1920, 1907)
DECEMBER 14   WARM MIN TEMP 37     32 (2006, 1928)

MONTHLY RECORDS SET IN DECEMBER 2014:
DATE         RECORD       READING  PREVIOUS RECORD
DECEMBER 13  WARM MIN TEMP  46     45 (12/2/1962, 12/3/1962)

$$

MAYES/PEARSON
