000
CXUS52 KCAE 031346
CLMOGB


CLIMATE REPORT
NATIONAL WEATHER SERVICE COLUMBIA SC
935 AM EDT SUN SEP 3 2017

...................................

...THE ORANGEBURG AIRPORT SC CLIMATE SUMMARY FOR THE MONTH OF AUGUST 2017...

CLIMATE NORMAL PERIOD 1981 TO 2010
CLIMATE RECORD PERIOD 9999 TO 9999

WEATHER         OBSERVED          NORMAL  DEPART
                 VALUE   DATE(S)  VALUE   FROM
                                          NORMAL
................................................
TEMPERATURE (F)
HIGHEST            97   08/23        MM      MM
                        08/16
LOWEST             60R  08/01        MM      MM
AVG. MAXIMUM     89.9              89.8     0.1
AVG. MINIMUM     71.6              70.6     1.0
MEAN             80.8              80.2     0.6
DAYS MAX >= 90     18              15.2     2.8
DAYS MAX <= 32      0               0.0     0.0
DAYS MIN <= 32      0               0.0     0.0
DAYS MIN <= 0       0               0.0     0.0

PRECIPITATION (INCHES)
TOTALS           3.25              5.28   -2.03
DAYS >= .01        12                MM      MM
DAYS >= .10         5                MM      MM
DAYS >= .50         3                MM      MM
DAYS >= 1.00        1                MM      MM
GREATEST
 24 HR. TOTAL    1.01   08/09 TO 08/09

SNOWFALL (INCHES)
DAYS >= TRACE       0

DEGREE_DAYS
HEATING TOTAL       0                 0       0
 SINCE 7/1          0                 0       0
COOLING TOTAL     495               471      24
 SINCE 1/1       1887              1693     194
.................................................

WIND (MPH)
AVERAGE WIND SPEED              5.0
RESULTANT WIND SPEED/DIRECTION   1/140
HIGHEST WIND SPEED/DIRECTION    32/220    DATE  08/04
HIGHEST GUST SPEED/DIRECTION    45/220    DATE  08/04

SKY COVER
POSSIBLE SUNSHINE (PERCENT)   MM
AVERAGE SKY COVER           0.30
NUMBER OF DAYS FAIR           16
NUMBER OF DAYS PC             13
NUMBER OF DAYS CLOUDY          2

AVERAGE RH (PERCENT)     73

WEATHER CONDITIONS. NUMBER OF DAYS WITH
THUNDERSTORM              0     MIXED PRECIP               0
HEAVY RAIN                4     RAIN                       5
LIGHT RAIN               15     FREEZING RAIN              0
LT FREEZING RAIN          0     HAIL                       0
HEAVY SNOW                0     SNOW                       0
LIGHT SNOW                0     SLEET                      0
FOG                      19     FOG W/VIS <= 1/4 MILE      2
HAZE                      3

-  INDICATES NEGATIVE NUMBERS.
R  INDICATES RECORD WAS SET OR TIED.
MM INDICATES DATA IS MISSING.
T  INDICATES TRACE AMOUNT.

$$
