000
CXHW52 PHFO 011608
CLMOGG


CLIMATE REPORT
NATIONAL WEATHER SERVICE HONOLULU HI
608 AM HST MON SEP 1 2014

...................................

...THE KAHULUI HI CLIMATE SUMMARY FOR THE MONTH OF AUGUST 2014...

CLIMATE NORMAL PERIOD 1981 TO 2010
CLIMATE RECORD PERIOD 1946 TO 2014

WEATHER         OBSERVED          NORMAL  DEPART  LAST YEAR`S
                 VALUE   DATE(S)  VALUE   FROM    VALUE  DATE(S)
                                          NORMAL
................................................................
TEMPERATURE (F)
RECORD
 HIGH              99   08/14/2004
 LOW               58   08/30/1953
HIGHEST            91   08/31        88       3       92  08/22
                        08/21                             08/21
                        08/04                             08/20
LOWEST             64   08/15        71      -7       67  08/31
                                                          08/30
                                                          08/18
AVG. MAXIMUM     89.2              88.0     1.2     88.9
AVG. MINIMUM     72.2              71.4     0.8     71.9
MEAN             80.7              79.7     1.0     80.4
DAYS MAX >= 90     12               4.3     7.7       10
DAYS MAX <= 32      0               0.0     0.0        0
DAYS MIN <= 32      0               0.0     0.0        0
DAYS MIN <= 0       0               0.0     0.0        0

PRECIPITATION (INCHES)
RECORD
 MAXIMUM         1.54   1982
 MINIMUM         0.02   1973
TOTALS           0.47              0.50   -0.03     0.54
DAILY AVG.       0.02              0.02    0.00     0.02
DAYS >= .01         9               6.5     2.5        5
DAYS >= .10         3               1.2     1.8        1
DAYS >= .50         0               0.2    -0.2        0
DAYS >= 1.00        0               0.0     0.0        0
GREATEST
 24 HR. TOTAL    0.26   08/07 TO 08/08              0.49

SNOWFALL (INCHES)
RECORDS
 TOTAL             MM   5
TOTALS            0.0               0.0     0.0      0.0
SINCE 7/1         0.0               0.0     0.0      0.0
SNOWDEPTH AVG.      0                MM      MM        0
DAYS >= 1.0         0               0.0     0.0        0
GREATEST
 SNOW DEPTH         0   MM                             0  MM
 24 HR TOTAL      0.0   08/31 TO 08/31               0.0

DEGREE_DAYS
HEATING TOTAL       0                 0       0        0
 SINCE 7/1          0                 0       0        0
COOLING TOTAL     494               456      38      485
 SINCE 1/1       2888              2542     346     2787
.................................................................

WIND (MPH)
AVERAGE WIND SPEED              13.2
HIGHEST WIND SPEED/DIRECTION    37/060    DATE  08/08
HIGHEST GUST SPEED/DIRECTION    55/070    DATE  08/08

SKY COVER
POSSIBLE SUNSHINE (PERCENT)   MM
AVERAGE SKY COVER           0.40
NUMBER OF DAYS FAIR           17
NUMBER OF DAYS PC             13
NUMBER OF DAYS CLOUDY          1

AVERAGE RH (PERCENT)     67

WEATHER CONDITIONS. NUMBER OF DAYS WITH
THUNDERSTORM              0     MIXED PRECIP               0
HEAVY RAIN                1     RAIN                       3
LIGHT RAIN               10     FREEZING RAIN              0
LT FREEZING RAIN          0     HAIL                       0
HEAVY SNOW                0     SNOW                       0
LIGHT SNOW                0     SLEET                      0
FOG                      10     FOG W/VIS <= 1/4 MILE      0
HAZE                      4

-  INDICATES NEGATIVE NUMBERS.
R  INDICATES RECORD WAS SET OR TIED.
MM INDICATES DATA IS MISSING.
T  INDICATES TRACE AMOUNT.

$$
