000
CXUS54 KOUN 011358
CLMOKC

OUNCLMOKC 000
TTAA00 KOUN 011338


CLIMATE REPORT
NATIONAL WEATHER SERVICE NORMAN OK
738 AM CST THU FEB 1 2018

...................................

...THE OKLAHOMA CITY CLIMATE SUMMARY FOR THE MONTH OF JANUARY 2018...

CLIMATE NORMAL PERIOD 1981 TO 2010
CLIMATE RECORD PERIOD 1890 TO 2018

WEATHER         OBSERVED          NORMAL  DEPART  LAST YEAR`S
                 VALUE   DATE(S)  VALUE   FROM    VALUE
                                          NORMAL
.............................................................
TEMPERATURE (F)
RECORD
 HIGH              83   01/31/1911
 LOW              -11   01/19/1892
HIGHEST            70                70       0       79
LOWEST              2                 8      -6       -3
AVG. MAXIMUM     49.8              49.7     0.1     54.3
AVG. MINIMUM     24.4              28.8    -4.4     28.7
MEAN             37.1              39.2    -2.1     41.5
DAYS MAX >= 90      0               0.0     0.0        0
DAYS MAX <= 32      4               2.7     1.3        3
DAYS MIN <= 32     24              19.8     4.2       17
DAYS MIN <= 0       0               0.0     0.0        1

PRECIPITATION (INCHES)
RECORD
 MAXIMUM         5.64   1949
 MINIMUM         0.00   1986
TOTALS           0.20              1.39   -1.19     1.57
DAILY AVG.       0.01              0.04   -0.03     0.05
DAYS >= .01         3               5.1    -2.1        8
DAYS >= .10         1               2.6    -1.6        2
DAYS >= .50         0               0.9    -0.9        1
DAYS >= 1.00        0               0.3    -0.3        1
GREATEST
 24 HR. TOTAL    0.16   01/07 TO 01/07

SNOWFALL (INCHES)
TOTALS            0.0               2.8    -2.8
SINCE 7/1         0.1               5.3    -5.2

DEGREE_DAYS
HEATING TOTAL     857               798      59      721
 SINCE 7/1       2180              2153      27     1827
..............................................................

WIND (MPH)
AVERAGE WIND SPEED              12.7
HIGHEST WIND SPEED/DIRECTION    43/350    DATE  01/11
HIGHEST GUST SPEED/DIRECTION    50/360    DATE  01/11


WEATHER CONDITIONS. NUMBER OF DAYS WITH
THUNDERSTORM              0     MIXED PRECIP               0
HEAVY RAIN                0     RAIN                       1
LIGHT RAIN                3     FREEZING RAIN              0
LT FREEZING RAIN          0     HAIL                       0
HEAVY SNOW                0     SNOW                       0
LIGHT SNOW                0     SLEET                      0
FOG                       5     FOG W/VIS <= 1/4 MILE      0
HAZE                      0

-  INDICATES NEGATIVE NUMBERS.
R  INDICATES RECORD WAS SET OR TIED.
MM INDICATES DATA IS MISSING.
T  INDICATES TRACE AMOUNT.
..............................................................
RECORD EVENTS/REMARKS
THE TOTAL PRECIPITATION FOR 2018 IS 0.20 INCHES.

$$
