000
CXUS53 KOAX 060649
CLMOMA

CLIMATE REPORT
NATIONAL WEATHER SERVICE OMAHA NEBRASKA
1249 AM CST WED DEC 6 2017

...................................

...THE OMAHA EPPLEY, NEBRASKA CLIMATE SUMMARY FOR THE MONTH OF
NOVEMBER 2017...

CLIMATE NORMAL PERIOD 1981 TO 2010
CLIMATE RECORD PERIOD 1871 TO 2017

WEATHER         OBSERVED          NORMAL  DEPART
                 VALUE   DATE(S)  VALUE   FROM
                                          NORMAL
................................................
TEMPERATURE (F)
HIGHEST            72   11/24
LOWEST             15   11/22
AVG. MAXIMUM     52.2              48.9     3.3
AVG. MINIMUM     29.1              28.8     0.3
MEAN             40.7              38.9     1.8
DAYS MAX >= 90      0
DAYS MAX <= 32      0
DAYS MIN <= 32     23
DAYS MIN <= 0       0

PRECIPITATION (INCHES)
RECORD
 MAXIMUM         6.24   1909
 MINIMUM         0.03   2007
                        1989
TOTALS           0.36              1.64   -1.28
DAILY AVG.       0.01
DAYS >= .01         4
DAYS >= .10         2
DAYS >= .50         0
DAYS >= 1.00        0
GREATEST
 24 HR. TOTAL    0.23   11/17 TO 11/18

SNOWFALL (INCHES)
RECORDS
 TOTAL           15.8   1928
TOTALS            0.0               2.5
SINCE 7/1           T
SNOWDEPTH AVG.      0
DAYS >= 1.0         0
GREATEST
 SNOW DEPTH         0
 24 HR TOTAL      0.0

DEGREE DAYS
HEATING TOTAL     723               785     -62
 SINCE 7/1       1060              1270    -210
COOLING TOTAL       0                 1      -1
 SINCE 1/1       1349              1113     236
.................................................

WIND (MPH)
AVERAGE WIND SPEED              9.7
HIGHEST WIND SPEED/DIRECTION    35/350    DATE  11/24
HIGHEST GUST SPEED/DIRECTION    45/350    DATE  11/24

SKY COVER
AVERAGE SKY COVER           0.60


WEATHER CONDITIONS. NUMBER OF DAYS WITH
THUNDERSTORM              0     MIXED PRECIP               0
HEAVY RAIN                0     RAIN                       2
LIGHT RAIN                8     FREEZING RAIN              0
LT FREEZING RAIN          0     HAIL                       0
HEAVY SNOW                0     SNOW                       0
LIGHT SNOW                0     SLEET                      0
FOG                       7     FOG W/VIS <= 1/4 MILE      0
HAZE                      4

-  INDICATES NEGATIVE NUMBERS.
R  INDICATES RECORD WAS SET OR TIED.
MM INDICATES DATA IS MISSING.
T  INDICATES TRACE AMOUNT.
>= INDICATES GREATER THAN OR EQUAL TO.
<= INDICATES LESS THAN OR EQUAL TO.

&&

...NOVEMBER WAS DRIER AND SLIGHTLY WARMER THAN NORMAL...

WITH A TOTAL OF JUST 0.36 INCHES OF PRECIPITATION, NOVEMBER WAS THE
39TH DRIEST ON RECORD IN OMAHA. THE AVERAGE TEMPERATURE OF 40.7
DEGREES WAS 1.8 DEGREES ABOVE NORMAL AND THE 51ST WARMEST. NO SNOW
WAS REPORTED IN NOVEMBER, WHICH HAS OCCURRED 9 OTHER TIMES SINCE
SNOW RECORDS BEGAN IN 1884.

TEMPERATURES WERE BELOW NORMAL ON MOST DAYS FROM THE 1ST THROUGH THE
13TH. THOUGH LARGELY A QUIET WEATHER PERIOD, MEASURABLE RAIN DID
FALL ON THE 12TH AND 13TH. FROM THE 14TH THROUGH THE 30TH, ALL BUT
THREE DAYS HAD ABOVE-NORMAL TEMPERATURES. A COLD FRONT ON THE 17TH
TO 18TH BROUGHT 0.23 INCHES OF RAIN, THE LAST MEASURABLE RAIN OF THE
MONTH. A BRIEF COOLDOWN ON THE 21ST AND 22ND BROUGHT THE LOWEST
TEMPERATURE OF THE MONTH, AT 15 DEGREES ON THE 22ND, BUT IT WAS
FOLLOWED BY SEVERAL DAYS OF MUCH ABOVE NORMAL TEMPERATURES CLOSE TO
THANKSGIVING. THE WARMEST TEMPERATURE OF THE MONTH WAS 72 DEGREES ON
THE 24TH, AND THE HIGH TEMPERATURE OF 67 DEGREES ON THE 27TH TIED A
DAILY RECORD HIGH.


FOR THE FALL MONTHS OF SEPTEMBER THROUGH NOVEMBER, THE AVERAGE
TEMPERATURE WAS 55.5 DEGREES, WHICH WAS 2.9 DEGREES ABOVE NORMAL AND
THE 28TH WARMEST ON RECORD. THE TOTAL PRECIPITATION WAS 7.01 INCHES,
WHICH WAS 0.54 INCHES ABOVE NORMAL AND THE 54TH WETTEST ON RECORD AS
A VERY DRY NOVEMBER FOLLOWED A WET SEPTEMBER AND OCTOBER. ONLY A
TRACE OF SNOW WAS RECORDED.


DAILY RECORDS SET IN NOVEMBER 2017:
DATE          RECORD           READING  PREVIOUS RECORD
NOVEMBER 27   WARM MAX TEMP     67      67 (TIES WITH 1998)

$$

MAYES/KLISH
