000
CXAK59 PAFG 020310
CLMOME


CLIMATE REPORT
NATIONAL WEATHER SERVICE FAIRBANKS, AK
702 PM AKDT TUE AUG 1 2017

...................................

...THE NOME AK CLIMATE SUMMARY FOR THE MONTH OF JULY 2017...

CLIMATE NORMAL PERIOD 1981 TO 2010
CLIMATE RECORD PERIOD 1906 TO 2017

WEATHER         OBSERVED          NORMAL  DEPART  LAST YEAR`S
                 VALUE   DATE(S)  VALUE   FROM    VALUE  DATE(S)
                                          NORMAL
................................................................
TEMPERATURE (F)
RECORD
 HIGH              86   07/31/1977
                        07/08/1968
 LOW                0   07/31/1936
HIGHEST            75   07/09        MM      MM       77  07/01
LOWEST             38   07/03        MM      MM       36  07/31
AVG. MAXIMUM     58.7              58.2     0.5     57.2
AVG. MINIMUM     47.6              46.2     1.4     46.3
MEAN             53.2              52.2     1.0     51.8
DAYS MAX >= 90      0               0.0     0.0        0
DAYS MAX <= 32      0               0.0     0.0        0
DAYS MIN <= 32      0               0.1    -0.1        0
DAYS MIN <= 0       0               0.0     0.0        0

PRECIPITATION (INCHES)
RECORD
 MAXIMUM         8.43   1920
 MINIMUM         0.25   1964
TOTALS           3.93              2.11    1.82     3.82
DAILY AVG.       0.13              0.07    0.06     0.12
DAYS >= .01        15              12.2     2.8       15
DAYS >= .10         8               5.9     2.1        9
DAYS >= .50         2               1.1     0.9        1
DAYS >= 1.00        1               0.1     0.9        1
GREATEST
 24 HR. TOTAL    1.74   07/23 TO 07/23           07/29 TO 07/29

SNOWFALL (INCHES)
RECORDS
 TOTAL              T   2015
 24 HR TOTAL       MM
 SNOW DEPTH         0   MM
TOTALS            0.0               0.0     0.0      0.0
SINCE 7/1         0.0               0.0     0.0      0.0
SNOWDEPTH AVG.      0                 0       0        0
DAYS >= TRACE       0               0.0     0.0        0
DAYS >= 1.0         0               0.0     0.0        0
GREATEST
 SNOW DEPTH         0   MM                             0  MM
 24 HR TOTAL      0.0   07/31 TO 07/31           07/01 TO 07/01

DEGREE_DAYS
HEATING TOTAL     359               398     -39      364
 SINCE 7/1        359               398     -39      364
COOLING TOTAL       0                 2      -2        0
 SINCE 1/1          4                 3       1        0
..................................................

WIND (MPH)
AVERAGE WIND SPEED              9.2
HIGHEST WIND SPEED/DIRECTION    29/220    DATE  07/23
HIGHEST GUST SPEED/DIRECTION    34/230    DATE  07/23

SKY COVER
AVERAGE SKY COVER           0.70


WEATHER CONDITIONS. NUMBER OF DAYS WITH
THUNDERSTORM              0     MIXED PRECIP               0
HEAVY RAIN                3     RAIN                       5
LIGHT RAIN               18     FREEZING RAIN              0
LT FREEZING RAIN          0     HAIL                       0
HEAVY SNOW                0     SNOW                       0
LIGHT SNOW                0     SLEET                      0
FOG                      20     FOG W/VIS <= 1/4 MILE      3
HAZE                      0

-  INDICATES NEGATIVE NUMBERS.
R  INDICATES RECORD WAS SET OR TIED.
MM INDICATES DATA IS MISSING.
T  INDICATES TRACE AMOUNT.

$$
