000
CXUS56 KOTX 011134
CLMOMK


CLIMATE REPORT
NATIONAL WEATHER SERVICE SPOKANE, WA
332 AM PST SUN JAN 1 2017

...................................

...THE OMAK WA AIRPORT CLIMATE SUMMARY FOR THE MONTH OF DECEMBER 2016...

CLIMATE NORMAL PERIOD 1981 TO 2010
CLIMATE RECORD PERIOD 9999 TO 9999

WEATHER         OBSERVED          NORMAL  DEPART  LAST YEAR`S
                 VALUE   DATE(S)  VALUE   FROM    VALUE  DATE(S)
                                          NORMAL
................................................................
TEMPERATURE (F)
RECORD
 HIGH              67   12/02/1932
 LOW              -21   12/27/1948
HIGHEST            43   12/20        MM      MM       49  12/09
LOWEST              2   12/17        MM      MM       -3  12/31
AVG. MAXIMUM     28.3              31.9    -3.6     32.8
AVG. MINIMUM     15.0              19.6    -4.6     22.3
MEAN             21.6              25.7    -4.1     27.6
DAYS MAX >= 90      0               0.0     0.0        0
DAYS MAX <= 32     21              14.7     6.3       17
DAYS MIN <= 32     30              30.0     0.0       27
DAYS MIN <= 0       0               1.0    -1.0        1

PRECIPITATION (INCHES)
RECORD
 MAXIMUM         4.63   1973
 MINIMUM         0.11   2013
TOTALS           0.83              2.20   -1.37     3.83
DAILY AVG.       0.03              0.07   -0.04     0.12
DAYS >= .01         9                MM      MM       17
DAYS >= .10         3                MM      MM       11
DAYS >= .50         0                MM      MM        2
DAYS >= 1.00        0                MM      MM        0
GREATEST
 24 HR. TOTAL    0.28   12/23 TO 12/23           12/05 TO 12/06
                        12/22 TO 12/23                    12/06 TO 12/06
                        12/23 TO 12/23                    12/06 TO 12/06

SNOWFALL (INCHES)
RECORDS
 TOTAL           36.3   1931
TOTALS             MM                MM      MM       MM
SINCE 7/1         0.0                MM      MM       MM
SNOWDEPTH AVG.     MM                MM      MM       MM
DAYS >= 1.0        MM                MM      MM       MM
GREATEST
 SNOW DEPTH        MM                                 MM  MM
 24 HR TOTAL       MM                                 MM

DEGREE_DAYS
HEATING TOTAL    1293              1216      77     1151
 SINCE 7/1       2531              2749    -218     2452
COOLING TOTAL       0                 0       0        0
 SINCE 1/1        637               665     -28     1001
.......................................................

WIND (MPH)
AVERAGE WIND SPEED              7.5
HIGHEST WIND SPEED/DIRECTION    31/010    DATE  12/16
HIGHEST GUST SPEED/DIRECTION    41/010    DATE  12/16

SKY COVER
POSSIBLE SUNSHINE (PERCENT)   MM
AVERAGE SKY COVER           0.60
NUMBER OF DAYS FAIR           10
NUMBER OF DAYS PC              9
NUMBER OF DAYS CLOUDY         12

AVERAGE RH (PERCENT)     70

WEATHER CONDITIONS. NUMBER OF DAYS WITH
THUNDERSTORM              0     MIXED PRECIP               0
HEAVY RAIN                0     RAIN                       0
LIGHT RAIN                0     FREEZING RAIN              0
LT FREEZING RAIN          0     HAIL                       0
HEAVY SNOW                0     SNOW                       3
LIGHT SNOW               13     SLEET                      0
FOG                      16     FOG W/VIS <= 1/4 MILE      4
HAZE                      7

-  INDICATES NEGATIVE NUMBERS.
R  INDICATES RECORD WAS SET OR TIED.
MM INDICATES DATA IS MISSING.
T  INDICATES TRACE AMOUNT.

$$
