000
CXUS51 KBOX 010857
CLMORH


CLIMATE REPORT
NATIONAL WEATHER SERVICE TAUNTON MA
346 AM EST MON FEB 1 2016

...................................

...THE WORCESTER MA CLIMATE SUMMARY FOR THE MONTH OF JANUARY 2016...

CLIMATE NORMAL PERIOD 1981 TO 2010
CLIMATE RECORD PERIOD 1892 TO 2016

WEATHER         OBSERVED          NORMAL  DEPART
                 VALUE   DATE(S)  VALUE   FROM
                                          NORMAL
................................................
TEMPERATURE (F)
RECORD
 HIGH              67   01/26/1950
                        01/15/1932
 LOW              -19   01/15/1957
HIGHEST            56   01/10
LOWEST              3   01/05
AVG. MAXIMUM     34.2              31.3     2.9
AVG. MINIMUM     20.1              16.8     3.3
MEAN             27.2              24.1     3.1
DAYS MAX >= 90      0               0.0     0.0
DAYS MAX <= 32     12              16.6    -4.6
DAYS MIN <= 32     29              28.5     0.5
DAYS MIN <= 0       0               2.2    -2.2

PRECIPITATION (INCHES)
RECORD
 MAXIMUM        11.16   1979
 MINIMUM         0.59   1955
TOTALS           2.12              3.49   -1.37
DAYS >= .01         7              12.5    -5.5
DAYS >= .10         4               6.7    -2.7
DAYS >= .50         2               2.4    -0.4
DAYS >= 1.00        1               0.8     0.2
GREATEST
 24 HR. TOTAL    1.07   01/10 TO 01/10

SNOWFALL (INCHES)
RECORDS
 TOTAL           50.9   2005
 SNOW DEPTH        35   01/31/1966
TOTALS            9.7              17.1    -7.4
SINCE 7/1        11.1              34.3   -23.2
SNOWDEPTH AVG.     MM
GREATEST
 SNOW DEPTH        MM
 24 HR TOTAL      2.9   01/12 TO 01/12

DEGREE_DAYS
HEATING TOTAL    1166              1269    -103
 SINCE 7/1       3039              3773    -734
COOLING TOTAL       0                 0       0
 SINCE 1/1          0                 0       0
.................................................

WIND (MPH)
AVERAGE WIND SPEED              12.0
RESULTANT WIND SPEED/DIRECTION   8/276
HIGHEST WIND SPEED/DIRECTION    39/280    DATE  01/19
HIGHEST GUST SPEED/DIRECTION    52/280    DATE  01/19

SKY COVER
POSSIBLE SUNSHINE (PERCENT)   MM
AVERAGE SKY COVER           0.40
NUMBER OF DAYS FAIR           16
NUMBER OF DAYS PC              7
NUMBER OF DAYS CLOUDY          8

AVERAGE RH (PERCENT)     63

WEATHER CONDITIONS. NUMBER OF DAYS WITH
THUNDERSTORM              0     MIXED PRECIP               0
HEAVY RAIN                1     RAIN                       1
LIGHT RAIN                3     FREEZING RAIN              1
LT FREEZING RAIN          1     HAIL                       0
HEAVY SNOW                0     SNOW                       1
LIGHT SNOW               10     SLEET                      0
FOG                      12     FOG W/VIS <= 1/4 MILE      6
HAZE                      3

-  INDICATES NEGATIVE NUMBERS.
R  INDICATES RECORD WAS SET OR TIED.
MM INDICATES DATA IS MISSING.
T  INDICATES TRACE AMOUNT.

$$

SIPPRELL
