000
CXUS53 KDDC 011604
CLMP28


CLIMATE REPORT
NATIONAL WEATHER SERVICE DODGE CITY KS
953 AM CST FRI DEC 1 2017

...................................

...THE MEDICINE LODGE KS CLIMATE SUMMARY FOR THE MONTH OF NOVEMBER 2017...

CLIMATE NORMAL PERIOD 1981 TO 2010
CLIMATE RECORD PERIOD 1893 TO 2017

WEATHER         OBSERVED          NORMAL  DEPART  LAST YEAR`S
                 VALUE   DATE(S)  VALUE   FROM    VALUE  DATE(S)
                                          NORMAL
................................................................
TEMPERATURE (F)
RECORD
 HIGH              91   11/08/2006
 LOW                0   11/29/1976
HIGHEST            78   11/27        MM      MM       85  11/16
                        11/17
LOWEST             21   11/22        MM      MM       20  11/19
AVG. MAXIMUM     60.3              58.0     2.3     65.2
AVG. MINIMUM     34.8              32.8     2.0     37.3
MEAN             47.6              45.4     2.2     51.3
DAYS MAX >= 90      0               0.0     0.0        0
DAYS MAX <= 32      0               0.2    -0.2        0
DAYS MIN <= 32     11              14.8    -3.8       11
DAYS MIN <= 0       0               0.0     0.0        0

PRECIPITATION (INCHES)
RECORD
 MAXIMUM         7.06   1909
 MINIMUM         0.00   1936
                        1945
TOTALS           0.64              0.93   -0.29     0.69
DAYS >= .01         4               3.8     0.2        4
DAYS >= .10         3               1.7     1.3        2
DAYS >= .50         0               0.5    -0.5        0
DAYS >= 1.00        0               0.1    -0.1        0
GREATEST
 24 HR. TOTAL    0.39   11/28 TO 11/28           11/06 TO 11/07

DEGREE_DAYS
HEATING TOTAL     517               589     -72      410
 SINCE 7/1        760               858     -98      536
COOLING TOTAL       1                 1       0        5
 SINCE 1/1       1656              1770    -114     1937
.................................................

WIND (MPH)
AVERAGE WIND SPEED              8.6
HIGHEST WIND SPEED/DIRECTION    36/010    DATE  11/28
HIGHEST GUST SPEED/DIRECTION    48/340    DATE  11/18



-  INDICATES NEGATIVE NUMBERS.
R  INDICATES RECORD WAS SET OR TIED.
MM INDICATES DATA IS MISSING.
T  INDICATES TRACE AMOUNT.

$$
