000
CXUS53 KDDC 011538
CLMP28


CLIMATE REPORT
NATIONAL WEATHER SERVICE DODGE CITY KS
1037 AM CDT MON JUN 1 2015

...................................

...THE MEDICINE LODGE KS CLIMATE SUMMARY FOR THE MONTH OF MAY 2015...

CLIMATE NORMAL PERIOD 1981 TO 2010
CLIMATE RECORD PERIOD 1893 TO 2015

WEATHER         OBSERVED          NORMAL  DEPART  LAST YEAR`S
                 VALUE   DATE(S)  VALUE   FROM    VALUE  DATE(S)
                                          NORMAL
................................................................
TEMPERATURE (F)
RECORD
 HIGH             106   05/31/1953
 LOW               20   05/01/1907
HIGHEST            86   05/03        MM      MM      103  05/06
                                                          05/04
LOWEST             39   05/12        MM      MM       32  05/02
AVG. MAXIMUM     73.5              79.0    -5.5     84.7
AVG. MINIMUM     53.8              55.0    -1.2     54.7
MEAN             63.7              67.0    -3.3     69.7
DAYS MAX >= 90      0               3.2    -3.2       13
DAYS MAX <= 32      0               0.0     0.0        0
DAYS MIN <= 32      0               0.0     0.0        1
DAYS MIN <= 0       0               0.0     0.0        0

PRECIPITATION (INCHES)
RECORD
 MAXIMUM           MM   MM
 MINIMUM           MM   MM
TOTALS           6.79              3.30    3.49     0.82
DAYS >= .01        12               9.2     2.8        6
DAYS >= .10         7               5.7     1.3        2
DAYS >= .50         5               2.2     2.8        0
DAYS >= 1.00        3               0.9     2.1        0
GREATEST
 24 HR. TOTAL    1.81   05/16 TO 05/16           05/27 TO 05/27
                                                          05/27 TO 05/27
                                                          05/27 TO 05/27

DEGREE_DAYS
HEATING TOTAL     106                70      36       84
 SINCE 7/1       4323              4455    -132     5023
COOLING TOTAL      75               132     -57      240
 SINCE 1/1        107               156     -49      269
........................................................

WIND (MPH)
AVERAGE WIND SPEED              9.2
HIGHEST WIND SPEED/DIRECTION    33/180    DATE  05/06
HIGHEST GUST SPEED/DIRECTION    45/180    DATE  05/06



-  INDICATES NEGATIVE NUMBERS.
R  INDICATES RECORD WAS SET OR TIED.
MM INDICATES DATA IS MISSING.
T  INDICATES TRACE AMOUNT.

$$
