000
CXUS56 KPDT 011412
CLMPDT

CLIMATE REPORT
NATIONAL WEATHER SERVICE PENDLETON OREGON
711 AM PDT MON SEP 01 2014

....................................

...THE PENDLETON OR CLIMATE SUMMARY FOR THE MONTH OF AUGUST 2014...

CLIMATE NORMAL PERIOD 1981 TO 2010
CLIMATE RECORD PERIOD 1934 TO 2014

WEATHER         OBSERVED          NORMAL  DEPART  LAST YEAR`S
                 VALUE   DATE(S)  VALUE   FROM    VALUE  DATE(S)
                                          NORMAL

................................................................

TEMPERATURE (F)
RECORD
 HIGH             113   8/ 4/1961
 LOW               40   8/29/1980
HIGHEST           100   8/ 4      100         0            96   8/ 7
LOWEST             51   8/31       47         4            49   8/26
AVG. MAXIMUM     89.1            86.8       2.3          89.4
AVG. MINUMUM     58.3            56.8       1.5          56.5
MEAN             73.7            71.8       1.9          72.9
DAYS MAX >= 90     16              12         4            19
DAYS MAX <= 32      0               0         0             0
DAYS MIN <= 32      0               0         0             0
DAYS MIN <= 0       0               0         0             0


PRECIPITATION (INCHES)
RECORD
 MAXIMUM          2.58   1977
 MINIMUM          0.00   1969
TOTALS            0.61            0.38      0.23          0.32
DAILY AVG.        0.02            0.01      0.01          0.01
DAYS >=  0.01        5               2         3             3
DAYS >=  0.10        2               1         1             1
DAYS >=  0.50        0               0         0             0
DAYS >=  1.00        0               0         0             0
GREATEST
 24 HR. TOTAL     0.34   8/24



SNOWFALL (INCHES)
RECORD
 MAXIMUM           0.0   2013
 MINIMUM           0.0   2012
TOTALS             0.0             0.0       0.0             T
SINCE 7/1          0.0             0.0       0.0           0.0
DAYS >=  TRACE                       0         0             1
DAYS >=  1.0         0               0         0             0
GREATEST
 24 HR. TOTAL      0.0   8/31


DEGREE DAYS
HEATING TOTAL        1               8        -7             0
 SINCE 7/1           3              15       -12             0
COOLING TOTAL      278             223        55           256
 SINCE 1/1         761             569       192           710

.............................................................

WIND (MPH)
AVERAGE WIND SPEED                     8.6
RESULTANT WIND SPEED/DIRECTION         4/192
HIGHEST WIND SPEED/DIRECTION          38/180      DATE          08/12
HIGHEST GUST SPEED/DIRECTION          46/170      DATE          08/12


WEATHER CONDITIONS. NUMBER OF DAYS WITH
THUNDERSTORM               5    MIXED PRECIP                           0
HEAVY RAIN                 1    RAIN                                   3
LIGHT RAIN                 7    FREEZING RAIN                          0
LT FREEZING RAIN           0    HAIL                                   0
HEAVY SNOW                 0    SNOW                                   0
LIGHT SNOW                 0    SLEET                                  0
FOG                        2    FOG W/VIS <=1/4 MILE                   0
HAZE                       3

-  INDICATES NEGATIVE NUMBERS.
R  INDICATES RECORD WAS SET OR TIED.
MM INDICATES DATA IS MISSING.
T  INDICATES TRACE AMOUNT.

$$
