000
CXUS56 KPDT 011517
CLMPDT

CLIMATE REPORT
NATIONAL WEATHER SERVICE PENDLETON OREGON
803 AM PDT THU JUN 01 2017

....................................

...THE PENDLETON OR CLIMATE SUMMARY FOR THE MONTH OF MAY 2017...

CLIMATE NORMAL PERIOD 1981 TO 2010
CLIMATE RECORD PERIOD 1934 TO 2017

WEATHER         OBSERVED          NORMAL  DEPART  LAST YEAR`S
                 VALUE   DATE(S)  VALUE   FROM    VALUE  DATE(S)
                                          NORMAL

................................................................

TEMPERATURE (F)
RECORD
 HIGH             100   5/31/1986
 LOW               25   5/ 1/1954
HIGHEST            90   5/29       88         2            89   5/ 3
LOWEST             32   5/ 7       34        -2            37   5/20
AVG. MAXIMUM     70.8            69.9       0.9          73.7
AVG. MINUMUM     44.5            45.6      -1.1          46.8
MEAN             57.7            57.8      -0.1          60.2
DAYS MAX >= 90      1               1         0             0
DAYS MAX <= 32      0               0         0             0
DAYS MIN <= 32      1               1         0             0
DAYS MIN <= 0       0               0         0             0


PRECIPITATION (INCHES)
RECORD
 MAXIMUM          3.18   1991
 MINIMUM          0.03   1964
TOTALS            0.94            1.35     -0.41          1.19
DAILY AVG.        0.03            0.04     -0.01          0.04
DAYS >=  0.01        8               9        -1             8
DAYS >=  0.10        2               4        -2             5
DAYS >=  0.50        1               0         1             1
DAYS >=  1.00        0               0         0             0
GREATEST
 24 HR. TOTAL     0.53   5/16



SNOWFALL (INCHES)
RECORD
 MAXIMUM           0.0   2010
 MINIMUM           0.0   2016
TOTALS             0.0             0.0       0.0           0.0
SINCE 7/1         44.4            15.2      29.2           4.1
DAYS >=  TRACE                       0         0
DAYS >=  1.0         0               0         0             0
GREATEST
 24 HR. TOTAL      0.0   5/31


DEGREE DAYS
HEATING TOTAL      246             246         0           156
 SINCE 7/1        5595            5188       407          4567
COOLING TOTAL       28              22         6            18
 SINCE 1/1          28              22         6            18

.............................................................

WIND (MPH)
AVERAGE WIND SPEED                     7.7
RESULTANT WIND SPEED/DIRECTION         4/164
HIGHEST WIND SPEED/DIRECTION          35/260      DATE          05/16
HIGHEST GUST SPEED/DIRECTION          43/280      DATE          05/16


WEATHER CONDITIONS. NUMBER OF DAYS WITH
THUNDERSTORM               1    MIXED PRECIP                       0
HEAVY RAIN                 1    RAIN                               2
LIGHT RAIN                15    FREEZING RAIN                      0
LT FREEZING RAIN           0    HAIL                               2
HEAVY SNOW                 0    SNOW                               0
LIGHT SNOW                 0    SLEET                              0
FOG                        3    FOG W/VIS <=1/4 MILE               0
HAZE                       3

-  INDICATES NEGATIVE NUMBERS.
R  INDICATES RECORD WAS SET OR TIED.
MM INDICATES DATA IS MISSING.
T  INDICATES TRACE AMOUNT.

$$
