000
CXUS51 KPHI 011202
CLMPHL


CLIMATE REPORT
NATIONAL WEATHER SERVICE MOUNT HOLLY NJ
802 AM EDT WED JUL 1 2015

...................................

...THE PHILADELPHIA CLIMATE SUMMARY FOR THE MONTH OF JUNE 2015...

CLIMATE NORMAL PERIOD 1981 TO 2010
CLIMATE RECORD PERIOD 1872 TO 2015

WEATHER         OBSERVED          NORMAL  DEPART  LAST YEAR`S
                 VALUE   DATE(S)  VALUE   FROM    VALUE  DATE(S)
                                          NORMAL
................................................................
TEMPERATURE (F)
RECORD
 HIGH             102   06/29/1934
 LOW               44   06/01/1984
                        06/08/1977
                        06/11/1972
HIGHEST            95                94       1       94
LOWEST             53                51       2       54
AVG. MAXIMUM     83.0              82.7     0.3     83.7
AVG. MINIMUM     66.5              63.8     2.7     65.3
MEAN             74.8              73.3     1.5     74.5
DAYS MAX >= 90      7               4.8     2.2        3
DAYS MAX <= 32      0               0.0     0.0        0
DAYS MIN <= 32      0               0.0     0.0        0
DAYS MIN <= 0       0               0.0     0.0        0

PRECIPITATION (INCHES)
RECORD
 MAXIMUM        10.56   2013
 MINIMUM         0.11   1949
TOTALS           8.88              3.43    5.45     5.46
DAILY AVG.       0.30              0.11    0.19     0.18
DAYS >= .01        17               9.8     7.2       10
DAYS >= .10        13               6.2     6.8        7
DAYS >= .50         6               2.3     3.7        4
DAYS >= 1.00        3               0.8     2.2        1
GREATEST
 24 HR. TOTAL    1.97   06/01 TO 06/02              2.59

SNOWFALL (INCHES)
RECORDS
 TOTAL             MM   5
 24 HR TOTAL       MM
TOTALS            0.0               0.0     0.0      0.0
SINCE 7/1        27.0              22.4     4.6     68.0
SNOWDEPTH AVG.      0                MM      MM        0
DAYS >= 1.0         0               0.0     0.0        0
GREATEST
 SNOW DEPTH         0   MM                             0  MM
 24 HR TOTAL      0.0   06/30 TO 06/30               0.0

DEGREE_DAYS
HEATING TOTAL      12                11       1        0
 SINCE 7/1       4776              4613     163     4850
COOLING TOTAL     314               258      56      292
 SINCE 1/1        513               349     164      375
.................................................................

WIND (MPH)
AVERAGE WIND SPEED              9.2
HIGHEST WIND SPEED/DIRECTION    52/300    DATE  06/23
HIGHEST GUST SPEED/DIRECTION    72/280    DATE  06/23

SKY COVER
POSSIBLE SUNSHINE (PERCENT)   MM
AVERAGE SKY COVER           0.70
NUMBER OF DAYS FAIR            2
NUMBER OF DAYS PC             10
NUMBER OF DAYS CLOUDY         18

AVERAGE RH (PERCENT)     68

WEATHER CONDITIONS. NUMBER OF DAYS WITH
THUNDERSTORM              0     MIXED PRECIP               0
HEAVY RAIN                8     RAIN                      13
LIGHT RAIN               22     FREEZING RAIN              0
LT FREEZING RAIN          0     HEAVY SNOW                 0
SNOW                      0     LIGHT SNOW                 0
SLEET                     0     FOG                       17
FOG W/VIS <= 1/4 MILE     0     HAZE                       7

-  INDICATES NEGATIVE NUMBERS.
R  INDICATES RECORD WAS SET OR TIED.
MM INDICATES DATA IS MISSING.
T  INDICATES TRACE AMOUNT.

$$
