000
CXUS55 KPIH 011837
CLMPIH

CLIMATE REPORT
NATIONAL WEATHER SERVICE POCATELLO ID
1147 AM MDT MON JUN 1 2015

...................................

...THE POCATELLO CLIMATE SUMMARY FOR THE MONTH OF MAY 2015...

CLIMATE NORMAL PERIOD 1981 TO 2010
CLIMATE RECORD PERIOD 1939 TO 2015

WEATHER         OBSERVED          NORMAL  DEPART  LAST YEAR`S
                 VALUE   DATE(S)  VALUE   FROM    VALUE  DATE(S)
                                          NORMAL
................................................................
TEMPERATURE (F)
RECORD
 HIGH              97   05/28/2003
 LOW               20   05/09/2002
                        05/01/1972
HIGHEST            86   05/31        90      -4       86  05/27
LOWEST             27   05/10        20       7       23  05/13
AVG. MAXIMUM     68.7              67.8     0.9     71.5
AVG. MINIMUM     42.7              39.7     3.0     40.7
MEAN             55.7              53.8     1.9     56.1
DAYS MAX >= 90      0               0.2    -0.2        0
DAYS MAX <= 32      0               0.0     0.0        0
DAYS MIN <= 32      3               3.7    -0.7        6
DAYS MIN <= 0       0               0.0     0.0        0

PRECIPITATION (INCHES)
RECORD
 MAXIMUM         3.29   1980
 MINIMUM         0.05   1940
TOTALS           2.94              1.46    1.48     0.34
DAILY AVG.       0.09              0.05    0.04     0.01
DAYS >= .01        18               9.5     8.5        2
DAYS >= .10         8               4.4     3.6        1
DAYS >= .50         1               0.6     0.4        0
DAYS >= 1.00        0               0.1    -0.1        0
GREATEST
 24 HR. TOTAL    0.80   05/15 TO 05/16              0.28

SNOWFALL (INCHES)
RECORDS
 TOTAL            5.5   1983
TOTALS            0.0               0.8    -0.8      0.0
SINCE 7/1        20.3              43.4   -23.1     29.4
SNOWDEPTH AVG.      0                MM      MM        0
DAYS >= 1.0         0               0.3    -0.3        0
GREATEST
 SNOW DEPTH         0   MM                             0  MM
 24 HR TOTAL      0.0   05/31 TO 05/31               0.0

DEGREE_DAYS
HEATING TOTAL     283               353     -70      270
 SINCE 7/1       5814              7047   -1233     6540
COOLING TOTAL       4                 5      -1        0
 SINCE 1/1          4                 5      -1        0
.................................................................

WIND (MPH)
AVERAGE WIND SPEED              7.9
HIGHEST WIND SPEED/DIRECTION    49/250    DATE  05/30
HIGHEST GUST SPEED/DIRECTION    58/260    DATE  05/30

SKY COVER
POSSIBLE SUNSHINE (PERCENT)   MM
AVERAGE SKY COVER           0.50
NUMBER OF DAYS FAIR           10
NUMBER OF DAYS PC             15
NUMBER OF DAYS CLOUDY          6

AVERAGE RH (PERCENT)     63

WEATHER CONDITIONS. NUMBER OF DAYS WITH
THUNDERSTORM             15     MIXED PRECIP               0
HEAVY RAIN                1     RAIN                       7
LIGHT RAIN               22     FREEZING RAIN              0
LT FREEZING RAIN          0     HAIL                       0
HEAVY SNOW                0     SNOW                       0
LIGHT SNOW                0     SLEET                      0
FOG                       8     FOG W/VIS <= 1/4 MILE      1
HAZE                      1

-  INDICATES NEGATIVE NUMBERS.
R  INDICATES RECORD WAS SET OR TIED.
MM INDICATES DATA IS MISSING.
T  INDICATES TRACE AMOUNT.

25TH: 0.38" OF RAINFALL BREAKS PREVIOUS RECORD OF 0.32" SET IN 1968.

&&
$$
