000
CXUS55 KPIH 012212
CLMPIH

CLIMATE REPORT
NATIONAL WEATHER SERVICE POCATELLO ID
405 PM MDT WED NOV 1 2017

...................................

...THE POCATELLO CLIMATE SUMMARY FOR THE MONTH OF OCTOBER 2017...

CLIMATE NORMAL PERIOD 1981 TO 2010
CLIMATE RECORD PERIOD 1939 TO 2017

WEATHER         OBSERVED          NORMAL  DEPART  LAST YEAR`S
                 VALUE   DATE(S)  VALUE   FROM    VALUE  DATE(S)
                                          NORMAL
................................................................
TEMPERATURE (F)
RECORD
 HIGH              91   10/01/1992
 LOW                7   10/31/2003
HIGHEST            75   10/19        91     -16       77  10/01
LOWEST             21   10/31        10      11       25  10/20
                        10/16                             10/12
AVG. MAXIMUM     58.6              61.0    -2.4     62.6
AVG. MINIMUM     29.3              33.0    -3.7     37.0
MEAN             43.9              47.0    -3.1     49.8
DAYS MAX >= 90      0               0.0     0.0        0
DAYS MAX <= 32      0               0.1    -0.1        0
DAYS MIN <= 32     24              13.6    10.4       11
DAYS MIN <= 0       0               0.0     0.0        0

PRECIPITATION (INCHES)
RECORD
 MAXIMUM         3.23   2016
 MINIMUM         0.00   2003
                        1988
                        1958
TOTALS           0.49              0.87   -0.38     3.23
DAILY AVG.       0.02              0.03   -0.01     0.10
DAYS >= .01         6               6.2    -0.2       14
DAYS >= .10         1               3.1    -2.1       10
DAYS >= .50         0               0.2    -0.2        3
DAYS >= 1.00        0               0.0     0.0        0
GREATEST
 24 HR. TOTAL    0.28   10/02 TO 10/02              0.80

SNOWFALL (INCHES)
RECORDS
 TOTAL           12.6   1971
TOTALS            0.1               1.6    -1.5      0.0
SINCE 7/1         0.1               1.7    -1.6      0.0
SNOWDEPTH AVG.      0                MM      MM        0
DAYS >= 1.0         0               0.5    -0.5        0
GREATEST
 SNOW DEPTH         T   10/14                          0  MM
 24 HR TOTAL      0.1   10/14 TO 10/14               0.0

DEGREE_DAYS
HEATING TOTAL     643               558      85      461
 SINCE 7/1        890               807      83      704
COOLING TOTAL       0                 0       0        0
 SINCE 1/1        575               392     183      416
.................................................................

WIND (MPH)
AVERAGE WIND SPEED              10.4
HIGHEST WIND SPEED/DIRECTION    49/240    DATE  10/20
HIGHEST GUST SPEED/DIRECTION    56/240    DATE  10/20

SKY COVER
POSSIBLE SUNSHINE (PERCENT)   MM
AVERAGE SKY COVER           0.20
NUMBER OF DAYS FAIR           22
NUMBER OF DAYS PC              9
NUMBER OF DAYS CLOUDY          0

AVERAGE RH (PERCENT)     59

WEATHER CONDITIONS. NUMBER OF DAYS WITH
THUNDERSTORM              1     MIXED PRECIP               0
HEAVY RAIN                0     RAIN                       1
LIGHT RAIN                8     FREEZING RAIN              0
LT FREEZING RAIN          0     HAIL                       0
HEAVY SNOW                0     SNOW                       0
LIGHT SNOW                5     SLEET                      0
FOG                       6     FOG W/VIS <= 1/4 MILE      0
HAZE                      7

-  INDICATES NEGATIVE NUMBERS.
R  INDICATES RECORD WAS SET OR TIED.
MM INDICATES DATA IS MISSING.
T  INDICATES TRACE AMOUNT.

&&

2ND: TRACE OF SNOWFALL TIES RECORD OF TRACE SET IN 2002.

$$
