000
CXUS54 KMOB 011541
CLMPNS


CLIMATE REPORT
NATIONAL WEATHER SERVICE MOBILE AL
1040 AM CDT SAT APR 1 2017

...................................

...THE PENSACOLA CLIMATE SUMMARY FOR THE MONTH OF MARCH 2017...

CLIMATE NORMAL PERIOD 1981 TO 2010
CLIMATE RECORD PERIOD 1879 TO 2017

WEATHER         OBSERVED          NORMAL  DEPART  LAST YEAR`S
                 VALUE   DATE(S)  VALUE   FROM    VALUE  DATE(S)
                                          NORMAL
................................................................
TEMPERATURE (F)
RECORD
 HIGH              90   03/22/2017
 LOW               15   03/18/2010
HIGHEST            90R  03/22        MM      MM       82  03/16
LOWEST             37   03/15        MM      MM       39  03/21
AVG. MAXIMUM     74.5              69.6     4.9     72.8
AVG. MINIMUM     57.1              51.2     5.9     57.5
MEAN             65.8              60.4     5.4     65.2
DAYS MAX >= 90      1               0.0     1.0        0
DAYS MAX <= 32      0               0.0     0.0        0
DAYS MIN <= 32      0               0.6    -0.6        0
DAYS MIN <= 0       0               0.0     0.0        0

PRECIPITATION (INCHES)
RECORD
 MAXIMUM        12.93   2005
 MINIMUM         0.24   2006
TOTALS           2.36              5.81   -3.45     7.65
DAILY AVG.       0.08              0.19   -0.11     0.25
DAYS >= .01         7               8.1    -1.1       10
DAYS >= .10         5               6.2    -1.2        9
DAYS >= .50         3               3.5    -0.5        6
DAYS >= 1.00        0               1.8    -1.8        4
GREATEST
 24 HR. TOTAL    0.70   03/07 TO 03/07

SNOWFALL (INCHES)
RECORDS
 TOTAL            0.0   2001
 SNOW DEPTH         0   MM
TOTALS            0.0               0.0     0.0      0.0
SINCE 7/1         0.0               0.0     0.0      0.0
SNOWDEPTH AVG.      0                MM      MM        0
DAYS >= 1.0         0               0.0     0.0        0
GREATEST
 SNOW DEPTH         0   MM                             0  MM
 24 HR TOTAL      0.0   03/31 TO 03/31

DEGREE_DAYS
HEATING TOTAL      92               176     -84       72
 SINCE 7/1        625              1484    -859      954
COOLING TOTAL     128                33      95       86
 SINCE 1/1        238                47     191      104
.................................................................

WIND (MPH)
AVERAGE WIND SPEED              9.5
HIGHEST WIND SPEED/DIRECTION    26/150    DATE  03/25
HIGHEST GUST SPEED/DIRECTION    37/030    DATE  03/03

SKY COVER
POSSIBLE SUNSHINE (PERCENT)   MM
AVERAGE SKY COVER           0.40
NUMBER OF DAYS FAIR           14
NUMBER OF DAYS PC             13
NUMBER OF DAYS CLOUDY          4

AVERAGE RH (PERCENT)     64

WEATHER CONDITIONS. NUMBER OF DAYS WITH
THUNDERSTORM              0     MIXED PRECIP               0
HEAVY RAIN                4     RAIN                       3
LIGHT RAIN                6     FREEZING RAIN              0
LT FREEZING RAIN          0     HAIL                       0
HEAVY SNOW                0     SNOW                       0
LIGHT SNOW                0     SLEET                      0
FOG                      10     FOG W/VIS <= 1/4 MILE      0
HAZE                      4

-  INDICATES NEGATIVE NUMBERS.
R  INDICATES RECORD WAS SET OR TIED.
MM INDICATES DATA IS MISSING.
T  INDICATES TRACE AMOUNT.

$$
