000
CXUS54 KMOB 011522
CLMPNS


CLIMATE REPORT
NATIONAL WEATHER SERVICE MOBILE AL
904 AM CST THU FEB 1 2018

...................................

...THE PENSACOLA CLIMATE SUMMARY FOR THE MONTH OF JANUARY 2018...

CLIMATE NORMAL PERIOD 1981 TO 2010
CLIMATE RECORD PERIOD 1879 TO 2018

WEATHER         OBSERVED          NORMAL  DEPART  LAST YEAR`S
                 VALUE   DATE(S)  VALUE   FROM    VALUE  DATE(S)
                                          NORMAL
................................................................
TEMPERATURE (F)
RECORD
 HIGH              80   01/01/1997
                        01/01/1975
 LOW                5   01/21/1985
HIGHEST            70   01/28                         79  01/01
                        01/22
LOWEST             21   01/18                         26  01/08
AVG. MAXIMUM     58.1              60.5    -2.4     69.7
AVG. MINIMUM     39.1              42.2    -3.1     51.7
MEAN             48.6              51.4    -2.8     60.7
DAYS MAX >= 90      0               0.0     0.0        0
DAYS MAX <= 32      0               0.1    -0.1        0
DAYS MIN <= 32     11               5.2     5.8        2
DAYS MIN <= 0       0               0.0     0.0        0

PRECIPITATION (INCHES)
RECORD
 MAXIMUM         18.77   1991
 MINIMUM          0.21   2003
TOTALS           3.12              4.63   -1.51    11.73
DAILY AVG.       0.10              0.15   -0.05     0.38
DAYS >= .01         9               8.9     0.1       11
DAYS >= .10         5               6.6    -1.6        8
DAYS >= .50         4               3.2     0.8        5
DAYS >= 1.00        0               1.4    -1.4        4
GREATEST
 24 HR. TOTAL    0.82   01/28 TO 01/28
                        01/27 TO 01/27

SNOWFALL (INCHES)
RECORDS
 TOTAL            2.5   1977
 SNOW DEPTH       1.0   2014
TOTALS              T               0.0     0.0      0.0
SINCE 7/1           T               0.0     0.0      0.0
SNOWDEPTH AVG.      0                MM      MM        0
DAYS >= 1.0         0               0.0     0.0        0
GREATEST
 SNOW DEPTH         0   MM                             0  MM
 24 HR TOTAL        T   01/17 TO 01/17

DEGREE_DAYS
HEATING TOTAL     502               429      73      189
 SINCE 7/1        958              1011     -53      452
COOLING TOTAL       0                 6      -6       64
 SINCE 1/1          0                 0       0       64
.................................................................

WIND (MPH)
AVERAGE WIND SPEED              9.3
HIGHEST WIND SPEED/DIRECTION    28/330    DATE  01/12
HIGHEST GUST SPEED/DIRECTION    35/120    DATE  01/08

SKY COVER
POSSIBLE SUNSHINE (PERCENT)   MM
AVERAGE SKY COVER           0.30
NUMBER OF DAYS FAIR           20
NUMBER OF DAYS PC              4
NUMBER OF DAYS CLOUDY          7

AVERAGE RH (PERCENT)     62

WEATHER CONDITIONS. NUMBER OF DAYS WITH
THUNDERSTORM              0     MIXED PRECIP               0
HEAVY RAIN                4     RAIN                       6
LIGHT RAIN                7     FREEZING RAIN              0
LT FREEZING RAIN          0     HAIL                       0
HEAVY SNOW                0     SNOW                       0
LIGHT SNOW                1     SLEET                      0
FOG                       9     FOG W/VIS <= 1/4 MILE      1
HAZE                      2

-  INDICATES NEGATIVE NUMBERS.
R  INDICATES RECORD WAS SET OR TIED.
MM INDICATES DATA IS MISSING.
T  INDICATES TRACE AMOUNT.

$$
