000
CXUS56 KPDT 031440
CLMPSC

CLIMATE REPORT
NATIONAL WEATHER SERVICE PENDLETON OREGON
737 AM PDT MON AUG 03 2015

....................................

...THE PASCO WA CLIMATE SUMMARY FOR THE MONTH OF JULY 2015...

CLIMATE NORMAL PERIOD 1981 TO 2010
CLIMATE RECORD PERIOD 1942 TO 2015

WEATHER         OBSERVED          NORMAL  DEPART  LAST YEAR`S
                 VALUE   DATE(S)  VALUE   FROM    VALUE  DATE(S)
                                          NORMAL

................................................................

TEMPERATURE (F)
RECORD
 HIGH             113   7/14/2001
 LOW               42   7/11/2008
HIGHEST           108   7/31       46        62           109   7/16
LOWEST             48   7/29       12        36            50   7/26
AVG. MAXIMUM     95.5            91.3       4.2          97.0
AVG. MINUMUM     59.6            55.7       3.9          60.7
MEAN             77.5            73.5       4.0          78.8
DAYS MAX >= 90     25               9        16            25


PRECIPITATION (INCHES)
RECORD
 MAXIMUM          0.60   2012
 MINIMUM             T   2015
TOTALS               T            0.28     -0.28          0.03
DAILY AVG.        0.00            0.01     -0.01          0.00
DAYS >=  0.01        0               1        -1             2
DAYS >=  0.10        0               0         0             0
DAYS >=  0.50        0               0         0             0
DAYS >=  1.00        0               0         0             0
GREATEST
 24 HR. TOTAL        T   7/11


DEGREE DAYS
HEATING TOTAL        0               1        -1             0
 SINCE 7/1           0               1        -1             0
COOLING TOTAL      395             267       128           436
 SINCE 1/1         793             408       385           581

.............................................................

WIND (MPH)
AVERAGE WIND SPEED                     6.5
RESULTANT WIND SPEED/DIRECTION         5/208
HIGHEST WIND SPEED/DIRECTION          28/210      DATE          07/10
HIGHEST GUST SPEED/DIRECTION          33/210      DATE          07/10


WEATHER CONDITIONS. NUMBER OF DAYS WITH
THUNDERSTORM               0    MIXED PRECIP                           0
HEAVY RAIN                 0    RAIN                                   0
LIGHT RAIN                 1    FREEZING RAIN                          0
LT FREEZING RAIN           0    HAIL                                   0
HEAVY SNOW                 0    SNOW                                   0
LIGHT SNOW                 0    SLEET                                  0
FOG                        1    FOG W/VIS <=1/4 MILE                   0
HAZE                       6

-  INDICATES NEGATIVE NUMBERS.
R  INDICATES RECORD WAS SET OR TIED.
MM INDICATES DATA IS MISSING.
T  INDICATES TRACE AMOUNT.

$$
