000
CXUS56 KPDT 011752
CLMPSC

CLIMATE REPORT
NATIONAL WEATHER SERVICE PENDLETON OREGON
1030 AM PDT MON AUG 01 2016

....................................

...THE PASCO WA CLIMATE SUMMARY FOR THE MONTH OF JULY 2016...

CLIMATE NORMAL PERIOD 1981 TO 2010
CLIMATE RECORD PERIOD 1942 TO 2016

WEATHER         OBSERVED          NORMAL  DEPART  LAST YEAR`S
                 VALUE   DATE(S)  VALUE   FROM    VALUE  DATE(S)
                                          NORMAL

................................................................

TEMPERATURE (F)
RECORD
 HIGH             113   7/14/2001
 LOW               42   7/11/2008
HIGHEST           105   7/29       46        59           108   7/31
LOWEST             51   7/24       12        39            48   7/29
AVG. MAXIMUM     89.4            91.3      -1.9          95.5
AVG. MINUMUM     57.9            55.7       2.2          59.6
MEAN             73.6            73.5       0.1          77.5
DAYS MAX >= 90     13               9         4            25
DAYS MAX <= 32      0              18       -18             0
DAYS MIN <= 32      0              18       -18             0
DAYS MIN <= 0       0              18       -18             0


PRECIPITATION (INCHES)
RECORD
 MAXIMUM          0.60   2012
 MINIMUM             T   2015
TOTALS            0.33            0.28      0.05             T
DAILY AVG.        0.01            0.01      0.00          0.00
DAYS >=  0.01        5               1         4             0
DAYS >=  0.10        1               0         1             0
DAYS >=  0.50        0               0         0             0
DAYS >=  1.00        0               0         0             0
GREATEST
 24 HR. TOTAL     0.23   7/ 8



SNOWFALL (INCHES)
RECORD
 MAXIMUM           0.0   2015
 MINIMUM           0.0   2015
TOTALS             0.0             0.0       0.0           0.0
SINCE 7/1          0.0             0.0       0.0           0.0
DAYS >=  TRACE                       0         0
DAYS >=  1.0         0               0         0             0
GREATEST
 24 HR. TOTAL      0.0   7/31


DEGREE DAYS
HEATING TOTAL        0               1        -1             0
 SINCE 7/1           0               1        -1             0
COOLING TOTAL      276             267         9           395
 SINCE 1/1         485             408        77           793

.............................................................

WIND (MPH)
AVERAGE WIND SPEED                     6.5
RESULTANT WIND SPEED/DIRECTION         4/200
HIGHEST WIND SPEED/DIRECTION          36/280      DATE          07/07
HIGHEST GUST SPEED/DIRECTION          46/280      DATE          07/07


WEATHER CONDITIONS. NUMBER OF DAYS WITH
THUNDERSTORM               0    MIXED PRECIP                        0
HEAVY RAIN                 0    RAIN                                1
LIGHT RAIN                 7    FREEZING RAIN                       0
LT FREEZING RAIN           0    HAIL                                0
HEAVY SNOW                 0    SNOW                                0
LIGHT SNOW                 0    SLEET                               0
FOG                        0    FOG W/VIS <=1/4 MILE                0
HAZE                       3

-  INDICATES NEGATIVE NUMBERS.
R  INDICATES RECORD WAS SET OR TIED.
MM INDICATES DATA IS MISSING.
T  INDICATES TRACE AMOUNT.

$$
