000
CXUS51 KBOX 020450
CLMPVD


CLIMATE REPORT
NATIONAL WEATHER SERVICE TAUNTON MA
1234 AM EDT MON OCT 2 2017

...................................

...THE PROVIDENCE RI CLIMATE SUMMARY FOR THE MONTH OF SEPTEMBER 2017...

CLIMATE NORMAL PERIOD 1981 TO 2010
CLIMATE RECORD PERIOD 1904 TO 2017

WEATHER         OBSERVED          NORMAL  DEPART  LAST YEAR`S
                 VALUE   DATE(S)  VALUE   FROM    VALUE
                                          NORMAL
.............................................................
TEMPERATURE (F)
RECORD
 HIGH             100   09/11/1983
 LOW               32   09/30/1951
HIGHEST            86   09/24
LOWEST             46   09/02
AVG. MAXIMUM     77.0              74.2     2.8
AVG. MINIMUM     59.2              55.3     3.9
MEAN             68.1              64.7     3.4     68.3
DAYS MAX >= 90      0               0.6    -0.6
DAYS MAX <= 32      0               0.0     0.0
DAYS MIN <= 32      0               0.0     0.0
DAYS MIN <= 0       0               0.0     0.0

PRECIPITATION (INCHES)
RECORD
 MAXIMUM        10.99   2008
 MINIMUM         0.48   1914
TOTALS           3.85              3.92   -0.07
DAYS >= .01        10               8.7     1.3
DAYS >= .10         6               5.9     0.1
DAYS >= .50         3               2.4     0.6        2
DAYS >= 1.00        1               1.2    -0.2
GREATEST
 24 HR. TOTAL    1.71   09/30 TO 09/30

SNOWFALL (INCHES)
RECORDS
 TOTAL             MM   MM
 SNOW DEPTH        MM   MM
TOTALS            0.0               0.0     0.0
SINCE 7/1         0.0               0.0     0.0
SNOWDEPTH AVG.      0
DAYS >= 1.0         0               0.0     0.0
GREATEST
 SNOW DEPTH         0   MM
 24 HR TOTAL      0.0   09/30 TO 09/30

DEGREE_DAYS
HEATING TOTAL      32                88     -56
 SINCE 7/1         40                97     -57
COOLING TOTAL     134                80      54
 SINCE 1/1        838               736     102
..............................................................

WIND (MPH)
AVERAGE WIND SPEED              8.9
RESULTANT WIND SPEED/DIRECTION   2/340
HIGHEST WIND SPEED/DIRECTION    36/030    DATE  09/21
HIGHEST GUST SPEED/DIRECTION    45/030    DATE  09/21

SKY COVER
POSSIBLE SUNSHINE (PERCENT)   MM
AVERAGE SKY COVER           0.60
NUMBER OF DAYS FAIR           10
NUMBER OF DAYS PC             11
NUMBER OF DAYS CLOUDY          9

AVERAGE RH (PERCENT)     76

WEATHER CONDITIONS. NUMBER OF DAYS WITH
THUNDERSTORM              0     MIXED PRECIP               0
HEAVY RAIN                5     RAIN                       5
LIGHT RAIN               13     FREEZING RAIN              0
LT FREEZING RAIN          0     HAIL                       0
HEAVY SNOW                0     SNOW                       0
LIGHT SNOW                0     SLEET                      0
FOG                      16     FOG W/VIS <= 1/4 MILE      2
HAZE                      2

-  INDICATES NEGATIVE NUMBERS.
R  INDICATES RECORD WAS SET OR TIED.
MM INDICATES DATA IS MISSING.
T  INDICATES TRACE AMOUNT.

$$
