640
CXUS51 KBOX 011539 CCA
CLMPVD

CLIMATE REPORT
NATIONAL WEATHER SERVICE TAUNTON MA
1008 AM EST THU FEB 1 2018

...................................

...THE PROVIDENCE RI CLIMATE SUMMARY FOR THE MONTH OF JANUARY 2018...

CLIMATE NORMAL PERIOD 1981 TO 2010
CLIMATE RECORD PERIOD 1904 TO 2018

WEATHER         OBSERVED          NORMAL  DEPART  LAST YEAR`S
                 VALUE   DATE(S)  VALUE   FROM    VALUE
                                          NORMAL
.............................................................
TEMPERATURE (F)
RECORD
 HIGH              69   01/29/2002
                        01/14/1995
 LOW              -13   01/23/1976
HIGHEST            63   01/13
LOWEST             -3   01/07
AVG. MAXIMUM     37.4              37.4     0.0
AVG. MINIMUM     20.9              21.0    -0.1
MEAN             29.2              29.2     0.0
DAYS MAX >= 90      0               0.0     0.0
DAYS MAX <= 32     11               9.7     1.3
DAYS MIN <= 32     26              26.8    -0.8
DAYS MIN <= 0       1               0.7     0.3

PRECIPITATION (INCHES)
RECORD
 MAXIMUM        11.66   1979
 MINIMUM         0.50   1970
TOTALS           6.49              3.86    2.63
DAYS >= .01         9              10.9    -1.9
DAYS >= .10         7               6.5     0.5
DAYS >= .50         4               2.8     1.2
DAYS >= 1.00        4               1.0     3.0
GREATEST
 24 HR. TOTAL    3.34   01/12 TO 01/13

SNOWFALL (INCHES)
RECORDS
 TOTAL           37.2   1996
 SNOW DEPTH        20   01/24/2005
TOTALS           21.1               9.0    12.1
SINCE 7/1        28.2              19.2     9.0
SNOWDEPTH AVG.      3
DAYS >= 1.0         3               2.8     0.2
GREATEST
 SNOW DEPTH        11   01/07
                        01/06
                        01/05
 24 HR TOTAL     14.1   01/04 TO 01/04

DEGREE_DAYS
HEATING TOTAL    1104              1110      -6
 SINCE 7/1       2959              3137    -178
COOLING TOTAL       0                 0       0
 SINCE 1/1          0                 0       0
..............................................................

WIND (MPH)
AVERAGE WIND SPEED              10.8
RESULTANT WIND SPEED/DIRECTION   5/289
HIGHEST WIND SPEED/DIRECTION    37/190    DATE  01/13
HIGHEST GUST SPEED/DIRECTION    55/350    DATE  01/04

SKY COVER
POSSIBLE SUNSHINE (PERCENT)   MM
AVERAGE SKY COVER           0.50
NUMBER OF DAYS FAIR           11
NUMBER OF DAYS PC             10
NUMBER OF DAYS CLOUDY         10

AVERAGE RH (PERCENT)     68

WEATHER CONDITIONS. NUMBER OF DAYS WITH
THUNDERSTORM              2     MIXED PRECIP               0
HEAVY RAIN                3     RAIN                       3
LIGHT RAIN                7     FREEZING RAIN              0
LT FREEZING RAIN          0     HAIL                       0
HEAVY SNOW                1     SNOW                       2
LIGHT SNOW                8     SLEET                      0
FOG                      14     FOG W/VIS <= 1/4 MILE      4
HAZE                      3

-  INDICATES NEGATIVE NUMBERS.
R  INDICATES RECORD WAS SET OR TIED.
MM INDICATES DATA IS MISSING.
T  INDICATES TRACE AMOUNT.

$$

SIPPRELL
